216.73.216.4 - - [21/Mar/2026:18:17:45 +0600] "GET /items/O724697287?fileloc=%2Fhome%2Flennoxfa%2Fpublic_html%2Fwp-admin%2Fmoderation.php&path=%2Fhome%2Flennoxfa%2Fpublic_html%2Fwp-admin HTTP/1.1" 404 - "-" "Mozilla/5.0 AppleWebKit/537.36 (KHTML, like Gecko; compatible; ClaudeBot/1.0; +claudebot@anthropic.com)"
216.73.216.4 - - [21/Mar/2026:18:17:45 +0600] "GET /items/O722156249?fileloc=%2Fhome%2Flennoxfa%2Fpublic_html%2Fwp-includes%2Fms-network.php&path=%2Fhome%2Flennoxfa%2Fpublic_html%2Fwp-includes HTTP/1.1" 404 - "-" "Mozilla/5.0 AppleWebKit/537.36 (KHTML, like Gecko; compatible; ClaudeBot/1.0; +claudebot@anthropic.com)"
74.7.243.252 - - [21/Mar/2026:18:17:44 +0600] "GET /?fileloc=//usr/lib/.build-id/60/f60b1e755ea974ea3a4fc146cd96e5e783f206&path=//usr/lib/.build-id/60 HTTP/1.1" 200 12438 "https://mail.lennoxfashionbd.com/?path=//usr/lib/.build-id/60" "Mozilla/5.0 AppleWebKit/537.36 (KHTML, like Gecko; compatible; GPTBot/1.3; +https://openai.com/gptbot)"
216.73.216.4 - - [21/Mar/2026:18:17:45 +0600] "GET /items/O721209190?path=%2Fhome%2Flennoxfa%2Fpublic_html HTTP/1.1" 404 - "-" "Mozilla/5.0 AppleWebKit/537.36 (KHTML, like Gecko; compatible; ClaudeBot/1.0; +claudebot@anthropic.com)"
216.73.216.4 - - [21/Mar/2026:18:17:45 +0600] "GET /items/O723068669?path=%2Fhome%2Flennoxfa%2Fpublic_html HTTP/1.1" 404 - "-" "Mozilla/5.0 AppleWebKit/537.36 (KHTML, like Gecko; compatible; ClaudeBot/1.0; +claudebot@anthropic.com)"
216.73.216.4 - - [21/Mar/2026:18:17:45 +0600] "GET /items/O722014993?fileloc=%2Fhome%2Flennoxfa%2Fpublic_html%2Fwp-includes%2Fcompat-utf8.php&path=%2Fhome%2Flennoxfa%2Fpublic_html%2Fwp-includes HTTP/1.1" 404 - "-" "Mozilla/5.0 AppleWebKit/537.36 (KHTML, like Gecko; compatible; ClaudeBot/1.0; +claudebot@anthropic.com)"
216.73.216.4 - - [21/Mar/2026:18:17:45 +0600] "GET /items/O724580477?path=%2Fhome%2Flennoxfa%2Fpublic_html%2F.tmb HTTP/1.1" 404 - "-" "Mozilla/5.0 AppleWebKit/537.36 (KHTML, like Gecko; compatible; ClaudeBot/1.0; +claudebot@anthropic.com)"
57.141.14.75 - - [21/Mar/2026:18:17:45 +0600] "GET /product-category/kids/boys-t-shirt/page/3/?path=/home/lennoxfa/public_html/wp-content/plugins/fileorganizer/manager/php/editors/ZohoOffice HTTP/1.1" 404 - "-" "meta-externalagent/1.1 (+https://developers.facebook.com/docs/sharing/webmasters/crawler)"
216.73.216.4 - - [21/Mar/2026:18:17:45 +0600] "GET /items/O721461365?path=%2Fhome%2Flennoxfa%2Fpublic_html HTTP/1.1" 404 - "-" "Mozilla/5.0 AppleWebKit/537.36 (KHTML, like Gecko; compatible; ClaudeBot/1.0; +claudebot@anthropic.com)"
216.73.216.4 - - [21/Mar/2026:18:17:46 +0600] "GET /items/O721121915?path=%2Fhome%2Flennoxfa%2Fpublic_html%2Fwp-content HTTP/1.1" 404 - "-" "Mozilla/5.0 AppleWebKit/537.36 (KHTML, like Gecko; compatible; ClaudeBot/1.0; +claudebot@anthropic.com)"
216.73.216.4 - - [21/Mar/2026:18:17:46 +0600] "GET /items/O722192052?path=%2Fhome%2Flennoxfa%2Fpublic_html%2F.tmb HTTP/1.1" 404 - "-" "Mozilla/5.0 AppleWebKit/537.36 (KHTML, like Gecko; compatible; ClaudeBot/1.0; +claudebot@anthropic.com)"
216.73.216.4 - - [21/Mar/2026:18:17:46 +0600] "GET /items/O725166114?fileloc=%2Fhome%2Flennoxfa%2Fpublic_html%2Fwp-includes%2Fclass.wp-styles.php&path=%2Fhome%2Flennoxfa%2Fpublic_html%2Fwp-includes HTTP/1.1" 404 - "-" "Mozilla/5.0 AppleWebKit/537.36 (KHTML, like Gecko; compatible; ClaudeBot/1.0; +claudebot@anthropic.com)"
216.73.216.4 - - [21/Mar/2026:18:17:46 +0600] "GET /items/O725166114?fileloc=%2Fhome%2Flennoxfa%2Fpublic_html%2Fwp-includes%2Ffunctions.php&path=%2Fhome%2Flennoxfa%2Fpublic_html%2Fwp-includes HTTP/1.1" 404 - "-" "Mozilla/5.0 AppleWebKit/537.36 (KHTML, like Gecko; compatible; ClaudeBot/1.0; +claudebot@anthropic.com)"
216.73.216.4 - - [21/Mar/2026:18:17:46 +0600] "GET /items/O723069024?path=%2Fhome%2Flennoxfa%2Fpublic_html HTTP/1.1" 404 - "-" "Mozilla/5.0 AppleWebKit/537.36 (KHTML, like Gecko; compatible; ClaudeBot/1.0; +claudebot@anthropic.com)"
216.73.216.4 - - [21/Mar/2026:18:17:46 +0600] "GET /items/O724037352?path=%2Fhome%2Flennoxfa%2Fpublic_html%2F.tmb HTTP/1.1" 404 - "-" "Mozilla/5.0 AppleWebKit/537.36 (KHTML, like Gecko; compatible; ClaudeBot/1.0; +claudebot@anthropic.com)"
216.73.216.4 - - [21/Mar/2026:18:17:46 +0600] "GET /items/O723616417?fileloc=%2Fhome%2Flennoxfa%2Fpublic_html%2Fwp-includes%2Fclass-wp-simplepie-file.php&path=%2Fhome%2Flennoxfa%2Fpublic_html%2Fwp-includes HTTP/1.1" 404 - "-" "Mozilla/5.0 AppleWebKit/537.36 (KHTML, like Gecko; compatible; ClaudeBot/1.0; +claudebot@anthropic.com)"
216.73.216.4 - - [21/Mar/2026:18:17:46 +0600] "GET /items/O722480063?path=%2Fhome%2Flennoxfa%2Fpublic_html HTTP/1.1" 404 - "-" "Mozilla/5.0 AppleWebKit/537.36 (KHTML, like Gecko; compatible; ClaudeBot/1.0; +claudebot@anthropic.com)"
216.73.216.4 - - [21/Mar/2026:18:17:46 +0600] "GET /items/O724745613?fileloc=%2Fhome%2Flennoxfa%2Fpublic_html%2Fwp-includes%2Ffeed-rss2.php&path=%2Fhome%2Flennoxfa%2Fpublic_html%2Fwp-includes HTTP/1.1" 404 - "-" "Mozilla/5.0 AppleWebKit/537.36 (KHTML, like Gecko; compatible; ClaudeBot/1.0; +claudebot@anthropic.com)"
216.73.216.4 - - [21/Mar/2026:18:17:46 +0600] "GET /items/O724890482?path=%2Fhome%2Flennoxfa%2Fpublic_html%2F.tmb HTTP/1.1" 404 - "-" "Mozilla/5.0 AppleWebKit/537.36 (KHTML, like Gecko; compatible; ClaudeBot/1.0; +claudebot@anthropic.com)"
57.141.14.111 - - [21/Mar/2026:18:17:46 +0600] "GET /product-category/kids/boys-t-shirt/page/3/?fileloc=/home/lennoxfa/public_html/wp-content/plugins/fileorganizer/manager/php/.tmp/.htaccess&path=/home/lennoxfa/public_html/wp-content/plugins/fileorganizer/manager/php/.tmp HTTP/1.1" 404 - "-" "meta-externalagent/1.1 (+https://developers.facebook.com/docs/sharing/webmasters/crawler)"
216.73.216.4 - - [21/Mar/2026:18:17:46 +0600] "GET /items/O722519005?fileloc=%2Fhome%2Flennoxfa%2Fpublic_html%2Fwp-includes%2Fclass-wp-simplepie-file.php&path=%2Fhome%2Flennoxfa%2Fpublic_html%2Fwp-includes HTTP/1.1" 404 - "-" "Mozilla/5.0 AppleWebKit/537.36 (KHTML, like Gecko; compatible; ClaudeBot/1.0; +claudebot@anthropic.com)"
216.73.216.4 - - [21/Mar/2026:18:17:47 +0600] "GET /items/O721514359?path=%2Fhome%2Flennoxfa%2Fpublic_html%2Fwp-content HTTP/1.1" 404 - "-" "Mozilla/5.0 AppleWebKit/537.36 (KHTML, like Gecko; compatible; ClaudeBot/1.0; +claudebot@anthropic.com)"
216.73.216.4 - - [21/Mar/2026:18:17:47 +0600] "GET /items/O722939337?fileloc=%2Fhome%2Flennoxfa%2Fpublic_html%2Fwp-includes%2Fdate.php&path=%2Fhome%2Flennoxfa%2Fpublic_html%2Fwp-includes HTTP/1.1" 404 - "-" "Mozilla/5.0 AppleWebKit/537.36 (KHTML, like Gecko; compatible; ClaudeBot/1.0; +claudebot@anthropic.com)"
216.73.216.4 - - [21/Mar/2026:18:17:47 +0600] "GET /items/O724935933?path=%2Fhome%2Flennoxfa%2Fpublic_html%2F.tmb HTTP/1.1" 404 - "-" "Mozilla/5.0 AppleWebKit/537.36 (KHTML, like Gecko; compatible; ClaudeBot/1.0; +claudebot@anthropic.com)"
216.73.216.4 - - [21/Mar/2026:18:17:47 +0600] "GET /items/O722472567?path=%2Fhome%2Flennoxfa%2Fpublic_html HTTP/1.1" 404 - "-" "Mozilla/5.0 AppleWebKit/537.36 (KHTML, like Gecko; compatible; ClaudeBot/1.0; +claudebot@anthropic.com)"
216.73.216.4 - - [21/Mar/2026:18:17:47 +0600] "GET /items/O722156249?fileloc=%2Fhome%2Flennoxfa%2Fpublic_html%2Fwp-includes%2Fdate.php&path=%2Fhome%2Flennoxfa%2Fpublic_html%2Fwp-includes HTTP/1.1" 404 - "-" "Mozilla/5.0 AppleWebKit/537.36 (KHTML, like Gecko; compatible; ClaudeBot/1.0; +claudebot@anthropic.com)"
216.73.216.4 - - [21/Mar/2026:18:17:47 +0600] "GET /items/O722909874?fileloc=%2Fhome%2Flennoxfa%2Fpublic_html%2Fwp-includes%2Ffeed.php&path=%2Fhome%2Flennoxfa%2Fpublic_html%2Fwp-includes HTTP/1.1" 404 - "-" "Mozilla/5.0 AppleWebKit/537.36 (KHTML, like Gecko; compatible; ClaudeBot/1.0; +claudebot@anthropic.com)"
57.141.14.62 - - [21/Mar/2026:18:17:47 +0600] "GET /product-category/kids/boys-t-shirt/page/3/?path=/home/lennoxfa/public_html/wp-content/plugins/fileorganizer/manager/php/plugins/AutoResize HTTP/1.1" 404 - "-" "meta-externalagent/1.1 (+https://developers.facebook.com/docs/sharing/webmasters/crawler)"
216.73.216.4 - - [21/Mar/2026:18:17:47 +0600] "GET /items/O724395206?path=%2Fhome%2Flennoxfa%2Fpublic_html HTTP/1.1" 404 - "-" "Mozilla/5.0 AppleWebKit/537.36 (KHTML, like Gecko; compatible; ClaudeBot/1.0; +claudebot@anthropic.com)"
216.73.216.4 - - [21/Mar/2026:18:17:47 +0600] "GET /items/O721465971?path=%2Fhome%2Flennoxfa%2Fpublic_html HTTP/1.1" 404 - "-" "Mozilla/5.0 AppleWebKit/537.36 (KHTML, like Gecko; compatible; ClaudeBot/1.0; +claudebot@anthropic.com)"
74.7.242.47 - - [21/Mar/2026:18:17:46 +0600] "GET /?path=//proc/1622234/root/proc/self/root/etc/pki/fwupd-metadata HTTP/1.1" 200 18151 "https://www.lennoxfashionbd.com/?path=//proc/1622234/root/proc/self/root/etc/pki" "Mozilla/5.0 AppleWebKit/537.36 (KHTML, like Gecko; compatible; GPTBot/1.3; +https://openai.com/gptbot)"
216.73.216.4 - - [21/Mar/2026:18:17:47 +0600] "GET /items/O723350183?path=%2Fhome%2Flennoxfa%2Fpublic_html%2F.tmb HTTP/1.1" 404 - "-" "Mozilla/5.0 AppleWebKit/537.36 (KHTML, like Gecko; compatible; ClaudeBot/1.0; +claudebot@anthropic.com)"
216.73.216.4 - - [21/Mar/2026:18:17:47 +0600] "GET /items/O721183485?path=%2Fhome%2Flennoxfa%2Fpublic_html%2Fwp-content HTTP/1.1" 404 - "-" "Mozilla/5.0 AppleWebKit/537.36 (KHTML, like Gecko; compatible; ClaudeBot/1.0; +claudebot@anthropic.com)"
216.73.216.4 - - [21/Mar/2026:18:17:47 +0600] "GET /items/O724745613?fileloc=%2Fhome%2Flennoxfa%2Fpublic_html%2Fwp-includes%2Fclass-phpass.php&path=%2Fhome%2Flennoxfa%2Fpublic_html%2Fwp-includes HTTP/1.1" 404 - "-" "Mozilla/5.0 AppleWebKit/537.36 (KHTML, like Gecko; compatible; ClaudeBot/1.0; +claudebot@anthropic.com)"
216.73.216.4 - - [21/Mar/2026:18:17:48 +0600] "GET /items/O723915830?fileloc=%2Fhome%2Flennoxfa%2Fpublic_html%2Fwp-includes%2Fupdate.php&path=%2Fhome%2Flennoxfa%2Fpublic_html%2Fwp-includes HTTP/1.1" 404 - "-" "Mozilla/5.0 AppleWebKit/537.36 (KHTML, like Gecko; compatible; ClaudeBot/1.0; +claudebot@anthropic.com)"
216.73.216.4 - - [21/Mar/2026:18:17:48 +0600] "GET /items/O722014993?fileloc=%2Fhome%2Flennoxfa%2Fpublic_html%2Fwp-includes%2Fclass-wp-application-passwords.php&path=%2Fhome%2Flennoxfa%2Fpublic_html%2Fwp-includes HTTP/1.1" 404 - "-" "Mozilla/5.0 AppleWebKit/537.36 (KHTML, like Gecko; compatible; ClaudeBot/1.0; +claudebot@anthropic.com)"
216.73.216.4 - - [21/Mar/2026:18:17:48 +0600] "GET /items/O723616417?fileloc=%2Fhome%2Flennoxfa%2Fpublic_html%2Fwp-includes%2Ffeed-rss2.php&path=%2Fhome%2Flennoxfa%2Fpublic_html%2Fwp-includes HTTP/1.1" 404 - "-" "Mozilla/5.0 AppleWebKit/537.36 (KHTML, like Gecko; compatible; ClaudeBot/1.0; +claudebot@anthropic.com)"
216.73.216.4 - - [21/Mar/2026:18:17:48 +0600] "GET /items/O722723742?fileloc=%2Fhome%2Flennoxfa%2Fpublic_html%2Fwp-includes%2Fclass-wp-simplepie-file.php&path=%2Fhome%2Flennoxfa%2Fpublic_html%2Fwp-includes HTTP/1.1" 404 - "-" "Mozilla/5.0 AppleWebKit/537.36 (KHTML, like Gecko; compatible; ClaudeBot/1.0; +claudebot@anthropic.com)"
57.141.14.45 - - [21/Mar/2026:18:17:48 +0600] "GET /product-category/kids/boys-t-shirt/page/3/?fileloc=/home/lennoxfa/public_html/wp-content/plugins/fileorganizer/manager/php/editors/editor.php&path=/home/lennoxfa/public_html/wp-content/plugins/fileorganizer/manager/php/editors HTTP/1.1" 404 - "-" "meta-externalagent/1.1 (+https://developers.facebook.com/docs/sharing/webmasters/crawler)"
216.73.216.4 - - [21/Mar/2026:18:17:48 +0600] "GET /items/O722909874?fileloc=%2Fhome%2Flennoxfa%2Fpublic_html%2Fwp-includes%2Fdeprecated.php&path=%2Fhome%2Flennoxfa%2Fpublic_html%2Fwp-includes HTTP/1.1" 404 - "-" "Mozilla/5.0 AppleWebKit/537.36 (KHTML, like Gecko; compatible; ClaudeBot/1.0; +claudebot@anthropic.com)"
216.73.216.4 - - [21/Mar/2026:18:17:48 +0600] "GET /items/O724745613?fileloc=%2Fhome%2Flennoxfa%2Fpublic_html%2Fwp-includes%2Fload.php&path=%2Fhome%2Flennoxfa%2Fpublic_html%2Fwp-includes HTTP/1.1" 404 - "-" "Mozilla/5.0 AppleWebKit/537.36 (KHTML, like Gecko; compatible; ClaudeBot/1.0; +claudebot@anthropic.com)"
74.7.243.252 - - [21/Mar/2026:18:17:47 +0600] "GET /?fileloc=//usr/lib/.build-id/a4/c714c6f16c6910ac35c7ea11025d9f408e76b2&path=//usr/lib/.build-id/a4 HTTP/1.1" 200 12438 "https://mail.lennoxfashionbd.com/?path=//usr/lib/.build-id/a4" "Mozilla/5.0 AppleWebKit/537.36 (KHTML, like Gecko; compatible; GPTBot/1.3; +https://openai.com/gptbot)"
216.73.216.4 - - [21/Mar/2026:18:17:48 +0600] "GET /items/O725085059?path=%2Fhome%2Flennoxfa HTTP/1.1" 404 - "-" "Mozilla/5.0 AppleWebKit/537.36 (KHTML, like Gecko; compatible; ClaudeBot/1.0; +claudebot@anthropic.com)"
216.73.216.4 - - [21/Mar/2026:18:17:48 +0600] "GET /items/O723015641?path=%2Fhome%2Flennoxfa%2Fpublic_html%2F.tmb HTTP/1.1" 404 - "-" "Mozilla/5.0 AppleWebKit/537.36 (KHTML, like Gecko; compatible; ClaudeBot/1.0; +claudebot@anthropic.com)"
216.73.216.4 - - [21/Mar/2026:18:17:48 +0600] "GET /items/O722519005?fileloc=%2Fhome%2Flennoxfa%2Fpublic_html%2Fwp-includes%2Ffeed-rss2.php&path=%2Fhome%2Flennoxfa%2Fpublic_html%2Fwp-includes HTTP/1.1" 404 - "-" "Mozilla/5.0 AppleWebKit/537.36 (KHTML, like Gecko; compatible; ClaudeBot/1.0; +claudebot@anthropic.com)"
216.73.216.4 - - [21/Mar/2026:18:17:48 +0600] "GET /items/O723852337?path=%2Fhome%2Flennoxfa%2Fpublic_html%2F.tmb HTTP/1.1" 404 - "-" "Mozilla/5.0 AppleWebKit/537.36 (KHTML, like Gecko; compatible; ClaudeBot/1.0; +claudebot@anthropic.com)"
216.73.216.4 - - [21/Mar/2026:18:17:48 +0600] "GET /items/O724916360?path=%2Fhome%2Flennoxfa%2Fpublic_html%2F.tmb HTTP/1.1" 404 - "-" "Mozilla/5.0 AppleWebKit/537.36 (KHTML, like Gecko; compatible; ClaudeBot/1.0; +claudebot@anthropic.com)"
216.73.216.4 - - [21/Mar/2026:18:17:49 +0600] "GET /items/O724679336?fileloc=%2Fhome%2Flennoxfa%2Fpublic_html%2Fwp-includes%2Fsession.php&path=%2Fhome%2Flennoxfa%2Fpublic_html%2Fwp-includes HTTP/1.1" 404 - "-" "Mozilla/5.0 AppleWebKit/537.36 (KHTML, like Gecko; compatible; ClaudeBot/1.0; +claudebot@anthropic.com)"
216.73.216.4 - - [21/Mar/2026:18:17:49 +0600] "GET /items/O721088746?path=%2Fhome%2Flennoxfa HTTP/1.1" 404 - "-" "Mozilla/5.0 AppleWebKit/537.36 (KHTML, like Gecko; compatible; ClaudeBot/1.0; +claudebot@anthropic.com)"
216.73.216.4 - - [21/Mar/2026:18:17:49 +0600] "GET /items/O723739987?path=%2Fhome%2Flennoxfa%2Fpublic_html%2F.tmb HTTP/1.1" 404 - "-" "Mozilla/5.0 AppleWebKit/537.36 (KHTML, like Gecko; compatible; ClaudeBot/1.0; +claudebot@anthropic.com)"
216.73.216.4 - - [21/Mar/2026:18:17:49 +0600] "GET /items/O721219302?path=%2Fhome%2Flennoxfa%2Fpublic_html%2Fwp-content HTTP/1.1" 404 - "-" "Mozilla/5.0 AppleWebKit/537.36 (KHTML, like Gecko; compatible; ClaudeBot/1.0; +claudebot@anthropic.com)"
57.141.14.109 - - [21/Mar/2026:18:17:49 +0600] "GET /product-category/kids/boys-t-shirt/page/3/?path=/home/lennoxfa/public_html/wp-content/plugins/fileorganizer/manager/php/editors/ZipArchive HTTP/1.1" 404 - "-" "meta-externalagent/1.1 (+https://developers.facebook.com/docs/sharing/webmasters/crawler)"
216.73.216.4 - - [21/Mar/2026:18:17:49 +0600] "GET /items/O724040100?fileloc=%2Fhome%2Flennoxfa%2Fpublic_html%2Fwp-admin%2Fpost.php&path=%2Fhome%2Flennoxfa%2Fpublic_html%2Fwp-admin HTTP/1.1" 404 - "-" "Mozilla/5.0 AppleWebKit/537.36 (KHTML, like Gecko; compatible; ClaudeBot/1.0; +claudebot@anthropic.com)"
216.73.216.4 - - [21/Mar/2026:18:17:49 +0600] "GET /items/O722909874?fileloc=%2Fhome%2Flennoxfa%2Fpublic_html%2Fwp-includes%2Fclass-wp-image-editor-imagick.php&path=%2Fhome%2Flennoxfa%2Fpublic_html%2Fwp-includes HTTP/1.1" 404 - "-" "Mozilla/5.0 AppleWebKit/537.36 (KHTML, like Gecko; compatible; ClaudeBot/1.0; +claudebot@anthropic.com)"
216.73.216.4 - - [21/Mar/2026:18:17:49 +0600] "GET /items/O724434246?fileloc=%2Fhome%2Flennoxfa%2Fpublic_html%2Fxmlrpc.php&path=%2Fhome%2Flennoxfa%2Fpublic_html HTTP/1.1" 404 - "-" "Mozilla/5.0 AppleWebKit/537.36 (KHTML, like Gecko; compatible; ClaudeBot/1.0; +claudebot@anthropic.com)"
216.73.216.4 - - [21/Mar/2026:18:17:49 +0600] "GET /items/O723936670?path=%2Fhome%2Flennoxfa%2Fpublic_html%2Fimages HTTP/1.1" 404 - "-" "Mozilla/5.0 AppleWebKit/537.36 (KHTML, like Gecko; compatible; ClaudeBot/1.0; +claudebot@anthropic.com)"
216.73.216.4 - - [21/Mar/2026:18:17:49 +0600] "GET /items/O721285212?path=%2Fhome%2Flennoxfa%2Fpublic_html HTTP/1.1" 404 - "-" "Mozilla/5.0 AppleWebKit/537.36 (KHTML, like Gecko; compatible; ClaudeBot/1.0; +claudebot@anthropic.com)"
216.73.216.4 - - [21/Mar/2026:18:17:49 +0600] "GET /items/O722723742?fileloc=%2Fhome%2Flennoxfa%2Fpublic_html%2Fwp-includes%2Ffeed-rss2.php&path=%2Fhome%2Flennoxfa%2Fpublic_html%2Fwp-includes HTTP/1.1" 404 - "-" "Mozilla/5.0 AppleWebKit/537.36 (KHTML, like Gecko; compatible; ClaudeBot/1.0; +claudebot@anthropic.com)"
216.73.216.4 - - [21/Mar/2026:18:17:49 +0600] "GET /items/O723831737?fileloc=%2Fhome%2Flennoxfa%2Fpublic_html%2Fwp-load.php&path=%2Fhome%2Flennoxfa%2Fpublic_html HTTP/1.1" 404 - "-" "Mozilla/5.0 AppleWebKit/537.36 (KHTML, like Gecko; compatible; ClaudeBot/1.0; +claudebot@anthropic.com)"
216.73.216.4 - - [21/Mar/2026:18:17:50 +0600] "GET /items/O722014993?fileloc=%2Fhome%2Flennoxfa%2Fpublic_html%2Fwp-includes%2Fms-functions.php&path=%2Fhome%2Flennoxfa%2Fpublic_html%2Fwp-includes HTTP/1.1" 404 - "-" "Mozilla/5.0 AppleWebKit/537.36 (KHTML, like Gecko; compatible; ClaudeBot/1.0; +claudebot@anthropic.com)"
216.73.216.4 - - [21/Mar/2026:18:17:50 +0600] "GET /items/O722305545?path=%2Fhome%2Flennoxfa%2Fpublic_html%2F.tmb HTTP/1.1" 404 - "-" "Mozilla/5.0 AppleWebKit/537.36 (KHTML, like Gecko; compatible; ClaudeBot/1.0; +claudebot@anthropic.com)"
216.73.216.4 - - [21/Mar/2026:18:17:50 +0600] "GET /items/parliamentary/3215599531.shtm HTTP/1.1" 404 - "-" "Mozilla/5.0 AppleWebKit/537.36 (KHTML, like Gecko; compatible; ClaudeBot/1.0; +claudebot@anthropic.com)"
57.141.14.9 - - [21/Mar/2026:18:17:50 +0600] "GET /product-category/kids/boys-t-shirt/page/3/?path=/home/lennoxfa/public_html/wp-content/plugins/fileorganizer/manager/php/editors/OnlineConvert HTTP/1.1" 404 - "-" "meta-externalagent/1.1 (+https://developers.facebook.com/docs/sharing/webmasters/crawler)"
216.73.216.4 - - [21/Mar/2026:18:17:50 +0600] "GET /items/O722744073?path=%2Fhome%2Flennoxfa%2Fpublic_html%2F.tmb HTTP/1.1" 404 - "-" "Mozilla/5.0 AppleWebKit/537.36 (KHTML, like Gecko; compatible; ClaudeBot/1.0; +claudebot@anthropic.com)"
216.73.216.4 - - [21/Mar/2026:18:17:50 +0600] "GET /items/O723616417?fileloc=%2Fhome%2Flennoxfa%2Fpublic_html%2Fwp-includes%2Fclass-phpass.php&path=%2Fhome%2Flennoxfa%2Fpublic_html%2Fwp-includes HTTP/1.1" 404 - "-" "Mozilla/5.0 AppleWebKit/537.36 (KHTML, like Gecko; compatible; ClaudeBot/1.0; +claudebot@anthropic.com)"
216.73.216.4 - - [21/Mar/2026:18:17:50 +0600] "GET /items/O722425644?path=%2Fhome%2Flennoxfa%2Fpublic_html%2Fimages HTTP/1.1" 404 - "-" "Mozilla/5.0 AppleWebKit/537.36 (KHTML, like Gecko; compatible; ClaudeBot/1.0; +claudebot@anthropic.com)"
216.73.216.4 - - [21/Mar/2026:18:17:50 +0600] "GET /items/O724372787?fileloc=%2Fhome%2Flennoxfa%2Fpublic_html%2Fwp-includes%2Ffeed.php&path=%2Fhome%2Flennoxfa%2Fpublic_html%2Fwp-includes HTTP/1.1" 404 - "-" "Mozilla/5.0 AppleWebKit/537.36 (KHTML, like Gecko; compatible; ClaudeBot/1.0; +claudebot@anthropic.com)"
74.7.242.47 - - [21/Mar/2026:18:17:49 +0600] "GET /?path=//proc/1622234/root/proc/self/root/opt/cpanel/ea-wappspector/vendor/myclabs/deep-copy/src/DeepCopy/Matcher/Doctrine HTTP/1.1" 200 15886 "https://www.lennoxfashionbd.com/?path=//proc/1622234/root/proc/self/root/opt/cpanel/ea-wappspector/vendor/myclabs/deep-copy/src/DeepCopy/Matcher" "Mozilla/5.0 AppleWebKit/537.36 (KHTML, like Gecko; compatible; GPTBot/1.3; +https://openai.com/gptbot)"
216.73.216.4 - - [21/Mar/2026:18:17:50 +0600] "GET /items/O722882000?fileloc=%2Fhome%2Flennoxfa%2Fpublic_html%2Fwp-comments-post.php&path=%2Fhome%2Flennoxfa%2Fpublic_html HTTP/1.1" 404 - "-" "Mozilla/5.0 AppleWebKit/537.36 (KHTML, like Gecko; compatible; ClaudeBot/1.0; +claudebot@anthropic.com)"
216.73.216.4 - - [21/Mar/2026:18:17:50 +0600] "GET /items/O723616417?fileloc=%2Fhome%2Flennoxfa%2Fpublic_html%2Fwp-includes%2Fload.php&path=%2Fhome%2Flennoxfa%2Fpublic_html%2Fwp-includes HTTP/1.1" 404 - "-" "Mozilla/5.0 AppleWebKit/537.36 (KHTML, like Gecko; compatible; ClaudeBot/1.0; +claudebot@anthropic.com)"
216.73.216.4 - - [21/Mar/2026:18:17:50 +0600] "GET /items/O722519005?fileloc=%2Fhome%2Flennoxfa%2Fpublic_html%2Fwp-includes%2Fclass-phpass.php&path=%2Fhome%2Flennoxfa%2Fpublic_html%2Fwp-includes HTTP/1.1" 404 - "-" "Mozilla/5.0 AppleWebKit/537.36 (KHTML, like Gecko; compatible; ClaudeBot/1.0; +claudebot@anthropic.com)"
57.141.14.97 - - [21/Mar/2026:18:17:50 +0600] "GET /product-category/kids/boys-t-shirt/page/3/?fileloc=/home/lennoxfa/public_html/wp-content/plugins/fileorganizer/manager/php/resources/video.png&path=/home/lennoxfa/public_html/wp-content/plugins/fileorganizer/manager/php/resources HTTP/1.1" 404 - "-" "meta-externalagent/1.1 (+https://developers.facebook.com/docs/sharing/webmasters/crawler)"
216.73.216.4 - - [21/Mar/2026:18:17:50 +0600] "GET /items/O722909874?fileloc=%2Fhome%2Flennoxfa%2Fpublic_html%2Fwp-includes%2Fpost.php&path=%2Fhome%2Flennoxfa%2Fpublic_html%2Fwp-includes HTTP/1.1" 404 - "-" "Mozilla/5.0 AppleWebKit/537.36 (KHTML, like Gecko; compatible; ClaudeBot/1.0; +claudebot@anthropic.com)"
216.73.216.4 - - [21/Mar/2026:18:17:51 +0600] "GET /items/O722939337?fileloc=%2Fhome%2Flennoxfa%2Fpublic_html%2Fwp-includes%2Fupdate.php&path=%2Fhome%2Flennoxfa%2Fpublic_html%2Fwp-includes HTTP/1.1" 404 - "-" "Mozilla/5.0 AppleWebKit/537.36 (KHTML, like Gecko; compatible; ClaudeBot/1.0; +claudebot@anthropic.com)"
216.73.216.4 - - [21/Mar/2026:18:17:51 +0600] "GET /items/O722659246?fileloc=%2Fhome%2Flennoxfa%2Fpublic_html%2Fwp-comments-post.php&path=%2Fhome%2Flennoxfa%2Fpublic_html HTTP/1.1" 404 - "-" "Mozilla/5.0 AppleWebKit/537.36 (KHTML, like Gecko; compatible; ClaudeBot/1.0; +claudebot@anthropic.com)"
216.73.216.4 - - [21/Mar/2026:18:17:51 +0600] "GET /items/O724679336?fileloc=%2Fhome%2Flennoxfa%2Fpublic_html%2Fwp-includes%2Fclass.wp-styles.php&path=%2Fhome%2Flennoxfa%2Fpublic_html%2Fwp-includes HTTP/1.1" 404 - "-" "Mozilla/5.0 AppleWebKit/537.36 (KHTML, like Gecko; compatible; ClaudeBot/1.0; +claudebot@anthropic.com)"
216.73.216.4 - - [21/Mar/2026:18:17:51 +0600] "GET /items/O722156249?fileloc=%2Fhome%2Flennoxfa%2Fpublic_html%2Fwp-includes%2Fupdate.php&path=%2Fhome%2Flennoxfa%2Fpublic_html%2Fwp-includes HTTP/1.1" 404 - "-" "Mozilla/5.0 AppleWebKit/537.36 (KHTML, like Gecko; compatible; ClaudeBot/1.0; +claudebot@anthropic.com)"
216.73.216.4 - - [21/Mar/2026:18:17:51 +0600] "GET /items/O721761819?fileloc=%2Fhome%2Flennoxfa%2Fpublic_html%2Fwp-config-sample.php&path=%2Fhome%2Flennoxfa%2Fpublic_html HTTP/1.1" 404 - "-" "Mozilla/5.0 AppleWebKit/537.36 (KHTML, like Gecko; compatible; ClaudeBot/1.0; +claudebot@anthropic.com)"
216.73.216.4 - - [21/Mar/2026:18:17:51 +0600] "GET /items/O722519005?fileloc=%2Fhome%2Flennoxfa%2Fpublic_html%2Fwp-includes%2Fload.php&path=%2Fhome%2Flennoxfa%2Fpublic_html%2Fwp-includes HTTP/1.1" 404 - "-" "Mozilla/5.0 AppleWebKit/537.36 (KHTML, like Gecko; compatible; ClaudeBot/1.0; +claudebot@anthropic.com)"
216.73.216.4 - - [21/Mar/2026:18:17:51 +0600] "GET /items/O721536808?path=%2Fhome%2Flennoxfa%2Fpublic_html%2Fwp-content HTTP/1.1" 404 - "-" "Mozilla/5.0 AppleWebKit/537.36 (KHTML, like Gecko; compatible; ClaudeBot/1.0; +claudebot@anthropic.com)"
74.7.243.252 - - [21/Mar/2026:18:17:50 +0600] "GET /?fileloc=//usr/lib/.build-id/e6/da2364f44a8292cc707826e2e0c7612a389a7f&path=//usr/lib/.build-id/e6 HTTP/1.1" 200 12438 "https://mail.lennoxfashionbd.com/?path=//usr/lib/.build-id/e6" "Mozilla/5.0 AppleWebKit/537.36 (KHTML, like Gecko; compatible; GPTBot/1.3; +https://openai.com/gptbot)"
216.73.216.4 - - [21/Mar/2026:18:17:51 +0600] "GET /items/O724678721?fileloc=%2Fhome%2Flennoxfa%2Fpublic_html%2Fwp-includes%2Ffeed.php&path=%2Fhome%2Flennoxfa%2Fpublic_html%2Fwp-includes HTTP/1.1" 404 - "-" "Mozilla/5.0 AppleWebKit/537.36 (KHTML, like Gecko; compatible; ClaudeBot/1.0; +claudebot@anthropic.com)"
57.141.14.99 - - [21/Mar/2026:18:17:51 +0600] "GET /product-category/kids/boys-t-shirt/page/3/?fileloc=/home/lennoxfa/public_html/wp-content/plugins/wpforms-lite/vendor/symfony/polyfill-php80/Php80.php&path=/home/lennoxfa/public_html/wp-content/plugins/wpforms-lite/vendor/symfony/polyfill-php80 HTTP/1.1" 404 - "-" "meta-externalagent/1.1 (+https://developers.facebook.com/docs/sharing/webmasters/crawler)"
216.73.216.4 - - [21/Mar/2026:18:17:51 +0600] "GET /items/O724372787?fileloc=%2Fhome%2Flennoxfa%2Fpublic_html%2Fwp-includes%2Fdeprecated.php&path=%2Fhome%2Flennoxfa%2Fpublic_html%2Fwp-includes HTTP/1.1" 404 - "-" "Mozilla/5.0 AppleWebKit/537.36 (KHTML, like Gecko; compatible; ClaudeBot/1.0; +claudebot@anthropic.com)"
216.73.216.4 - - [21/Mar/2026:18:17:51 +0600] "GET /items/O724679336?fileloc=%2Fhome%2Flennoxfa%2Fpublic_html%2Fwp-includes%2Ffunctions.php&path=%2Fhome%2Flennoxfa%2Fpublic_html%2Fwp-includes HTTP/1.1" 404 - "-" "Mozilla/5.0 AppleWebKit/537.36 (KHTML, like Gecko; compatible; ClaudeBot/1.0; +claudebot@anthropic.com)"
216.73.216.4 - - [21/Mar/2026:18:17:52 +0600] "GET /items/O722014993?fileloc=%2Fhome%2Flennoxfa%2Fpublic_html%2Fwp-includes%2Fclass-wp-http-ixr-client.php&path=%2Fhome%2Flennoxfa%2Fpublic_html%2Fwp-includes HTTP/1.1" 404 - "-" "Mozilla/5.0 AppleWebKit/537.36 (KHTML, like Gecko; compatible; ClaudeBot/1.0; +claudebot@anthropic.com)"
216.73.216.4 - - [21/Mar/2026:18:17:52 +0600] "GET /items/O721761883?fileloc=%2Fhome%2Flennoxfa%2Fpublic_html%2Fwp-load.php&path=%2Fhome%2Flennoxfa%2Fpublic_html HTTP/1.1" 404 - "-" "Mozilla/5.0 AppleWebKit/537.36 (KHTML, like Gecko; compatible; ClaudeBot/1.0; +claudebot@anthropic.com)"
216.73.216.4 - - [21/Mar/2026:18:17:52 +0600] "GET /items/O724505232?path=%2Fhome%2Flennoxfa%2Fpublic_html%2F.tmb HTTP/1.1" 404 - "-" "Mozilla/5.0 AppleWebKit/537.36 (KHTML, like Gecko; compatible; ClaudeBot/1.0; +claudebot@anthropic.com)"
216.73.216.4 - - [21/Mar/2026:18:17:52 +0600] "GET /items/O724372787?fileloc=%2Fhome%2Flennoxfa%2Fpublic_html%2Fwp-includes%2Fclass-wp-image-editor-imagick.php&path=%2Fhome%2Flennoxfa%2Fpublic_html%2Fwp-includes HTTP/1.1" 404 - "-" "Mozilla/5.0 AppleWebKit/537.36 (KHTML, like Gecko; compatible; ClaudeBot/1.0; +claudebot@anthropic.com)"
216.73.216.4 - - [21/Mar/2026:18:17:52 +0600] "GET /items/O724040100?fileloc=%2Fhome%2Flennoxfa%2Fpublic_html%2Fwp-admin%2Fimport.php&path=%2Fhome%2Flennoxfa%2Fpublic_html%2Fwp-admin HTTP/1.1" 404 - "-" "Mozilla/5.0 AppleWebKit/537.36 (KHTML, like Gecko; compatible; ClaudeBot/1.0; +claudebot@anthropic.com)"
216.73.216.4 - - [21/Mar/2026:18:17:52 +0600] "GET /items/O722335565?fileloc=%2Fhome%2Flennoxfa%2Fpublic_html%2Fwp-admin%2Fpost.php&path=%2Fhome%2Flennoxfa%2Fpublic_html%2Fwp-admin HTTP/1.1" 404 - "-" "Mozilla/5.0 AppleWebKit/537.36 (KHTML, like Gecko; compatible; ClaudeBot/1.0; +claudebot@anthropic.com)"
216.73.216.4 - - [21/Mar/2026:18:17:52 +0600] "GET /items/O722909874?fileloc=%2Fhome%2Flennoxfa%2Fpublic_html%2Fwp-includes%2Fblock-bindings.php&path=%2Fhome%2Flennoxfa%2Fpublic_html%2Fwp-includes HTTP/1.1" 404 - "-" "Mozilla/5.0 AppleWebKit/537.36 (KHTML, like Gecko; compatible; ClaudeBot/1.0; +claudebot@anthropic.com)"
216.73.216.4 - - [21/Mar/2026:18:17:52 +0600] "GET /items/O722723742?fileloc=%2Fhome%2Flennoxfa%2Fpublic_html%2Fwp-includes%2Fclass-phpass.php&path=%2Fhome%2Flennoxfa%2Fpublic_html%2Fwp-includes HTTP/1.1" 404 - "-" "Mozilla/5.0 AppleWebKit/537.36 (KHTML, like Gecko; compatible; ClaudeBot/1.0; +claudebot@anthropic.com)"
57.141.14.59 - - [21/Mar/2026:18:17:52 +0600] "GET /product-category/kids/boys-t-shirt/page/3/?fileloc=/home/lennoxfa/public_html/wp-content/plugins/wpforms-lite/vendor/symfony/polyfill-php80/bootstrap.php&path=/home/lennoxfa/public_html/wp-content/plugins/wpforms-lite/vendor/symfony/polyfill-php80 HTTP/1.1" 404 - "-" "meta-externalagent/1.1 (+https://developers.facebook.com/docs/sharing/webmasters/crawler)"
216.73.216.4 - - [21/Mar/2026:18:17:52 +0600] "GET /items/O724130493?path=%2Fhome%2Flennoxfa%2Fpublic_html HTTP/1.1" 404 - "-" "Mozilla/5.0 AppleWebKit/537.36 (KHTML, like Gecko; compatible; ClaudeBot/1.0; +claudebot@anthropic.com)"
216.73.216.4 - - [21/Mar/2026:18:17:52 +0600] "GET /items/O724697287?fileloc=%2Fhome%2Flennoxfa%2Fpublic_html%2Fwp-admin%2Fpost.php&path=%2Fhome%2Flennoxfa%2Fpublic_html%2Fwp-admin HTTP/1.1" 404 - "-" "Mozilla/5.0 AppleWebKit/537.36 (KHTML, like Gecko; compatible; ClaudeBot/1.0; +claudebot@anthropic.com)"
216.73.216.4 - - [21/Mar/2026:18:17:52 +0600] "GET /items/O724678721?fileloc=%2Fhome%2Flennoxfa%2Fpublic_html%2Fwp-includes%2Fdeprecated.php&path=%2Fhome%2Flennoxfa%2Fpublic_html%2Fwp-includes HTTP/1.1" 404 - "-" "Mozilla/5.0 AppleWebKit/537.36 (KHTML, like Gecko; compatible; ClaudeBot/1.0; +claudebot@anthropic.com)"
216.73.216.4 - - [21/Mar/2026:18:17:53 +0600] "GET /items/O721429708?path=%2Fhome%2Flennoxfa%2Fpublic_html HTTP/1.1" 404 - "-" "Mozilla/5.0 AppleWebKit/537.36 (KHTML, like Gecko; compatible; ClaudeBot/1.0; +claudebot@anthropic.com)"
216.73.216.4 - - [21/Mar/2026:18:17:53 +0600] "GET /items/O722723742?fileloc=%2Fhome%2Flennoxfa%2Fpublic_html%2Fwp-includes%2Fload.php&path=%2Fhome%2Flennoxfa%2Fpublic_html%2Fwp-includes HTTP/1.1" 404 - "-" "Mozilla/5.0 AppleWebKit/537.36 (KHTML, like Gecko; compatible; ClaudeBot/1.0; +claudebot@anthropic.com)"
216.73.216.4 - - [21/Mar/2026:18:17:53 +0600] "GET /items/O724678721?fileloc=%2Fhome%2Flennoxfa%2Fpublic_html%2Fwp-includes%2Fclass-wp-image-editor-imagick.php&path=%2Fhome%2Flennoxfa%2Fpublic_html%2Fwp-includes HTTP/1.1" 404 - "-" "Mozilla/5.0 AppleWebKit/537.36 (KHTML, like Gecko; compatible; ClaudeBot/1.0; +claudebot@anthropic.com)"
216.73.216.4 - - [21/Mar/2026:18:17:53 +0600] "GET /items/O724994008?path=%2Fhome%2Flennoxfa%2Fpublic_html%2F.tmb HTTP/1.1" 404 - "-" "Mozilla/5.0 AppleWebKit/537.36 (KHTML, like Gecko; compatible; ClaudeBot/1.0; +claudebot@anthropic.com)"
216.73.216.4 - - [21/Mar/2026:18:17:53 +0600] "GET /items/O721711129?path=%2Fhome%2Flennoxfa%2Fpublic_html%2Fwp-content HTTP/1.1" 404 - "-" "Mozilla/5.0 AppleWebKit/537.36 (KHTML, like Gecko; compatible; ClaudeBot/1.0; +claudebot@anthropic.com)"
216.73.216.4 - - [21/Mar/2026:18:17:53 +0600] "GET /items/O724745613?fileloc=%2Fhome%2Flennoxfa%2Fpublic_html%2Fwp-includes%2Fclass-wp-block.php&path=%2Fhome%2Flennoxfa%2Fpublic_html%2Fwp-includes HTTP/1.1" 404 - "-" "Mozilla/5.0 AppleWebKit/537.36 (KHTML, like Gecko; compatible; ClaudeBot/1.0; +claudebot@anthropic.com)"
57.141.14.56 - - [21/Mar/2026:18:17:53 +0600] "GET /product-category/kids/boys-t-shirt/page/3/?fileloc=/home/lennoxfa/public_html/wp-content/plugins/updraftplus/vendor/team-updraft/common-libs/package.json&path=/home/lennoxfa/public_html/wp-content/plugins/updraftplus/vendor/team-updraft/common-libs HTTP/1.1" 404 - "-" "meta-externalagent/1.1 (+https://developers.facebook.com/docs/sharing/webmasters/crawler)"
216.73.216.4 - - [21/Mar/2026:18:17:53 +0600] "GET /items/O721138807?path=%2Fhome%2Flennoxfa HTTP/1.1" 404 - "-" "Mozilla/5.0 AppleWebKit/537.36 (KHTML, like Gecko; compatible; ClaudeBot/1.0; +claudebot@anthropic.com)"
216.73.216.4 - - [21/Mar/2026:18:17:53 +0600] "GET /items/O722909874?fileloc=%2Fhome%2Flennoxfa%2Fpublic_html%2Fwp-includes%2Fblock-template.php&path=%2Fhome%2Flennoxfa%2Fpublic_html%2Fwp-includes HTTP/1.1" 404 - "-" "Mozilla/5.0 AppleWebKit/537.36 (KHTML, like Gecko; compatible; ClaudeBot/1.0; +claudebot@anthropic.com)"
216.73.216.4 - - [21/Mar/2026:18:17:53 +0600] "GET /items/O723915830?fileloc=%2Fhome%2Flennoxfa%2Fpublic_html%2Fwp-includes%2Ffeed-rss.php&path=%2Fhome%2Flennoxfa%2Fpublic_html%2Fwp-includes HTTP/1.1" 404 - "-" "Mozilla/5.0 AppleWebKit/537.36 (KHTML, like Gecko; compatible; ClaudeBot/1.0; +claudebot@anthropic.com)"
216.73.216.4 - - [21/Mar/2026:18:17:53 +0600] "GET /items/O724307828?fileloc=%2Fhome%2Flennoxfa%2Fpublic_html%2Fxmlrpc.php&path=%2Fhome%2Flennoxfa%2Fpublic_html HTTP/1.1" 404 - "-" "Mozilla/5.0 AppleWebKit/537.36 (KHTML, like Gecko; compatible; ClaudeBot/1.0; +claudebot@anthropic.com)"
216.73.216.4 - - [21/Mar/2026:18:17:53 +0600] "GET /items/O722696345?path=%2Fhome%2Flennoxfa%2Fpublic_html%2F.tmb HTTP/1.1" 404 - "-" "Mozilla/5.0 AppleWebKit/537.36 (KHTML, like Gecko; compatible; ClaudeBot/1.0; +claudebot@anthropic.com)"
74.7.242.47 - - [21/Mar/2026:18:17:52 +0600] "GET /?path=//proc/1622234/root/proc/self/root/opt/cpanel/ea-wappspector/vendor/myclabs/deep-copy/src/DeepCopy/TypeMatcher HTTP/1.1" 200 15693 "https://www.lennoxfashionbd.com/?path=//proc/1622234/root/proc/self/root/opt/cpanel/ea-wappspector/vendor/myclabs/deep-copy/src/DeepCopy" "Mozilla/5.0 AppleWebKit/537.36 (KHTML, like Gecko; compatible; GPTBot/1.3; +https://openai.com/gptbot)"
216.73.216.4 - - [21/Mar/2026:18:17:54 +0600] "GET /items/O724745613?fileloc=%2Fhome%2Flennoxfa%2Fpublic_html%2Fwp-includes%2Fstyle-engine.php&path=%2Fhome%2Flennoxfa%2Fpublic_html%2Fwp-includes HTTP/1.1" 404 - "-" "Mozilla/5.0 AppleWebKit/537.36 (KHTML, like Gecko; compatible; ClaudeBot/1.0; +claudebot@anthropic.com)"
216.73.216.4 - - [21/Mar/2026:18:17:54 +0600] "GET /items/O723970639?path=%2Fhome%2Flennoxfa%2Fpublic_html%2F.tmb HTTP/1.1" 404 - "-" "Mozilla/5.0 AppleWebKit/537.36 (KHTML, like Gecko; compatible; ClaudeBot/1.0; +claudebot@anthropic.com)"
57.141.14.28 - - [21/Mar/2026:18:17:54 +0600] "GET /product-category/kids/boys-t-shirt/page/3/?fileloc=/home/lennoxfa/public_html/wp-content/plugins/updraftplus/vendor/components/jquery/jquery.slim.js&path=/home/lennoxfa/public_html/wp-content/plugins/updraftplus/vendor/components/jquery HTTP/1.1" 404 - "-" "meta-externalagent/1.1 (+https://developers.facebook.com/docs/sharing/webmasters/crawler)"
216.73.216.4 - - [21/Mar/2026:18:17:54 +0600] "GET /items/O723412137?path=%2Fhome%2Flennoxfa%2Fpublic_html HTTP/1.1" 404 - "-" "Mozilla/5.0 AppleWebKit/537.36 (KHTML, like Gecko; compatible; ClaudeBot/1.0; +claudebot@anthropic.com)"
216.73.216.4 - - [21/Mar/2026:18:17:54 +0600] "GET /items/O722014993?fileloc=%2Fhome%2Flennoxfa%2Fpublic_html%2Fwp-includes%2Fms-network.php&path=%2Fhome%2Flennoxfa%2Fpublic_html%2Fwp-includes HTTP/1.1" 404 - "-" "Mozilla/5.0 AppleWebKit/537.36 (KHTML, like Gecko; compatible; ClaudeBot/1.0; +claudebot@anthropic.com)"
216.73.216.4 - - [21/Mar/2026:18:17:54 +0600] "GET /items/O723894522?path=%2Fhome%2Flennoxfa%2Fpublic_html%2F.tmb HTTP/1.1" 404 - "-" "Mozilla/5.0 AppleWebKit/537.36 (KHTML, like Gecko; compatible; ClaudeBot/1.0; +claudebot@anthropic.com)"
216.73.216.4 - - [21/Mar/2026:18:17:54 +0600] "GET /items/O723267553?path=%2Fhome%2Flennoxfa%2Fpublic_html%2F.tmb HTTP/1.1" 404 - "-" "Mozilla/5.0 AppleWebKit/537.36 (KHTML, like Gecko; compatible; ClaudeBot/1.0; +claudebot@anthropic.com)"
216.73.216.4 - - [21/Mar/2026:18:17:54 +0600] "GET /items/ovatecylindraceous/2858504318.shtm HTTP/1.1" 404 - "-" "Mozilla/5.0 AppleWebKit/537.36 (KHTML, like Gecko; compatible; ClaudeBot/1.0; +claudebot@anthropic.com)"
216.73.216.4 - - [21/Mar/2026:18:17:54 +0600] "GET /items/O725244160?path=%2Fhome%2Flennoxfa%2Fpublic_html HTTP/1.1" 404 - "-" "Mozilla/5.0 AppleWebKit/537.36 (KHTML, like Gecko; compatible; ClaudeBot/1.0; +claudebot@anthropic.com)"
216.73.216.4 - - [21/Mar/2026:18:17:54 +0600] "GET /items/O721770191?path=%2Fhome%2Flennoxfa%2Fpublic_html%2Fwp-content HTTP/1.1" 404 - "-" "Mozilla/5.0 AppleWebKit/537.36 (KHTML, like Gecko; compatible; ClaudeBot/1.0; +claudebot@anthropic.com)"
216.73.216.4 - - [21/Mar/2026:18:17:54 +0600] "GET /items/O724372787?fileloc=%2Fhome%2Flennoxfa%2Fpublic_html%2Fwp-includes%2Fpost.php&path=%2Fhome%2Flennoxfa%2Fpublic_html%2Fwp-includes HTTP/1.1" 404 - "-" "Mozilla/5.0 AppleWebKit/537.36 (KHTML, like Gecko; compatible; ClaudeBot/1.0; +claudebot@anthropic.com)"
74.7.243.252 - - [21/Mar/2026:18:17:53 +0600] "GET /?fileloc=//usr/lib/.build-id/5c/4935ade5c248e9d5d58c7c4f73a691b142c240&path=//usr/lib/.build-id/5c HTTP/1.1" 200 12438 "https://mail.lennoxfashionbd.com/?path=//usr/lib/.build-id/5c" "Mozilla/5.0 AppleWebKit/537.36 (KHTML, like Gecko; compatible; GPTBot/1.3; +https://openai.com/gptbot)"
216.73.216.4 - - [21/Mar/2026:18:17:54 +0600] "GET /items/O721514398?path=%2Fhome%2Flennoxfa HTTP/1.1" 404 - "-" "Mozilla/5.0 AppleWebKit/537.36 (KHTML, like Gecko; compatible; ClaudeBot/1.0; +claudebot@anthropic.com)"
216.73.216.4 - - [21/Mar/2026:18:17:55 +0600] "GET /items/O724955487?path=%2Fhome%2Flennoxfa%2Fpublic_html%2F.tmb HTTP/1.1" 404 - "-" "Mozilla/5.0 AppleWebKit/537.36 (KHTML, like Gecko; compatible; ClaudeBot/1.0; +claudebot@anthropic.com)"
57.141.14.49 - - [21/Mar/2026:18:17:55 +0600] "GET /product-category/kids/boys-t-shirt/page/3/?fileloc=/home/lennoxfa/public_html/wp-content/plugins/updraftplus/vendor/team-updraft/common-libs/README.md&path=/home/lennoxfa/public_html/wp-content/plugins/updraftplus/vendor/team-updraft/common-libs HTTP/1.1" 404 - "-" "meta-externalagent/1.1 (+https://developers.facebook.com/docs/sharing/webmasters/crawler)"
216.73.216.4 - - [21/Mar/2026:18:17:55 +0600] "GET /items/O724829916?path=%2Fhome%2Flennoxfa%2Faccess-logs HTTP/1.1" 404 - "-" "Mozilla/5.0 AppleWebKit/537.36 (KHTML, like Gecko; compatible; ClaudeBot/1.0; +claudebot@anthropic.com)"
216.73.216.4 - - [21/Mar/2026:18:17:55 +0600] "GET /items/O723198575?path=%2Fhome%2Flennoxfa%2F.razor HTTP/1.1" 404 - "-" "Mozilla/5.0 AppleWebKit/537.36 (KHTML, like Gecko; compatible; ClaudeBot/1.0; +claudebot@anthropic.com)"
216.73.216.4 - - [21/Mar/2026:18:17:55 +0600] "GET /items/O725172053?path=%2Fhome%2Flennoxfa%2Fpublic_html HTTP/1.1" 404 - "-" "Mozilla/5.0 AppleWebKit/537.36 (KHTML, like Gecko; compatible; ClaudeBot/1.0; +claudebot@anthropic.com)"
216.73.216.4 - - [21/Mar/2026:18:17:55 +0600] "GET /items/O721142492?path=%2Fhome%2Flennoxfa HTTP/1.1" 404 - "-" "Mozilla/5.0 AppleWebKit/537.36 (KHTML, like Gecko; compatible; ClaudeBot/1.0; +claudebot@anthropic.com)"
216.73.216.4 - - [21/Mar/2026:18:17:55 +0600] "GET /items/O723915830?fileloc=%2Fhome%2Flennoxfa%2Fpublic_html%2Fwp-includes%2Fadmin-bar.php&path=%2Fhome%2Flennoxfa%2Fpublic_html%2Fwp-includes HTTP/1.1" 404 - "-" "Mozilla/5.0 AppleWebKit/537.36 (KHTML, like Gecko; compatible; ClaudeBot/1.0; +claudebot@anthropic.com)"
216.73.216.4 - - [21/Mar/2026:18:17:55 +0600] "GET /items/O724678975?path=%2Fhome%2Flennoxfa%2Fpublic_html%2Fimages HTTP/1.1" 404 - "-" "Mozilla/5.0 AppleWebKit/537.36 (KHTML, like Gecko; compatible; ClaudeBot/1.0; +claudebot@anthropic.com)"
216.73.216.4 - - [21/Mar/2026:18:17:55 +0600] "GET /items/O723750147?path=%2Fhome%2Flennoxfa%2Fpublic_html%2F.tmb HTTP/1.1" 404 - "-" "Mozilla/5.0 AppleWebKit/537.36 (KHTML, like Gecko; compatible; ClaudeBot/1.0; +claudebot@anthropic.com)"
216.73.216.4 - - [21/Mar/2026:18:17:55 +0600] "GET /items/O723665342?path=%2Fhome%2Flennoxfa%2Fpublic_html%2F.tmb HTTP/1.1" 404 - "-" "Mozilla/5.0 AppleWebKit/537.36 (KHTML, like Gecko; compatible; ClaudeBot/1.0; +claudebot@anthropic.com)"
216.73.216.4 - - [21/Mar/2026:18:17:55 +0600] "GET /items/O724745613?fileloc=%2Fhome%2Flennoxfa%2Fpublic_html%2Fwp-includes%2Fclass-requests.php&path=%2Fhome%2Flennoxfa%2Fpublic_html%2Fwp-includes HTTP/1.1" 404 - "-" "Mozilla/5.0 AppleWebKit/537.36 (KHTML, like Gecko; compatible; ClaudeBot/1.0; +claudebot@anthropic.com)"
57.141.14.99 - - [21/Mar/2026:18:17:55 +0600] "GET /product-category/kids/boys-t-shirt/page/3/?fileloc=/home/lennoxfa/public_html/wp-content/plugins/fileorganizer/manager/php/resources/image.png&path=/home/lennoxfa/public_html/wp-content/plugins/fileorganizer/manager/php/resources HTTP/1.1" 404 - "-" "meta-externalagent/1.1 (+https://developers.facebook.com/docs/sharing/webmasters/crawler)"
216.73.216.4 - - [21/Mar/2026:18:17:55 +0600] "GET /items/O722909874?fileloc=%2Fhome%2Flennoxfa%2Fpublic_html%2Fwp-includes%2Frss-functions.php&path=%2Fhome%2Flennoxfa%2Fpublic_html%2Fwp-includes HTTP/1.1" 404 - "-" "Mozilla/5.0 AppleWebKit/537.36 (KHTML, like Gecko; compatible; ClaudeBot/1.0; +claudebot@anthropic.com)"
216.73.216.4 - - [21/Mar/2026:18:17:56 +0600] "GET /items/O724678721?fileloc=%2Fhome%2Flennoxfa%2Fpublic_html%2Fwp-includes%2Fpost.php&path=%2Fhome%2Flennoxfa%2Fpublic_html%2Fwp-includes HTTP/1.1" 404 - "-" "Mozilla/5.0 AppleWebKit/537.36 (KHTML, like Gecko; compatible; ClaudeBot/1.0; +claudebot@anthropic.com)"
216.73.216.4 - - [21/Mar/2026:18:17:56 +0600] "GET /items/O724697287?fileloc=%2Fhome%2Flennoxfa%2Fpublic_html%2Fwp-admin%2Fimport.php&path=%2Fhome%2Flennoxfa%2Fpublic_html%2Fwp-admin HTTP/1.1" 404 - "-" "Mozilla/5.0 AppleWebKit/537.36 (KHTML, like Gecko; compatible; ClaudeBot/1.0; +claudebot@anthropic.com)"
216.73.216.4 - - [21/Mar/2026:18:17:56 +0600] "GET /items/O721873091?path=%2Fhome%2Flennoxfa%2Fpublic_html%2Fwp-content HTTP/1.1" 404 - "-" "Mozilla/5.0 AppleWebKit/537.36 (KHTML, like Gecko; compatible; ClaudeBot/1.0; +claudebot@anthropic.com)"
216.73.216.4 - - [21/Mar/2026:18:17:56 +0600] "GET /items/O722909874?fileloc=%2Fhome%2Flennoxfa%2Fpublic_html%2Fwp-includes%2Fclass-wp-metadata-lazyloader.php&path=%2Fhome%2Flennoxfa%2Fpublic_html%2Fwp-includes HTTP/1.1" 404 - "-" "Mozilla/5.0 AppleWebKit/537.36 (KHTML, like Gecko; compatible; ClaudeBot/1.0; +claudebot@anthropic.com)"
216.73.216.4 - - [21/Mar/2026:18:17:56 +0600] "GET /items/O722156249?fileloc=%2Fhome%2Flennoxfa%2Fpublic_html%2Fwp-includes%2Ffeed-rss.php&path=%2Fhome%2Flennoxfa%2Fpublic_html%2Fwp-includes HTTP/1.1" 404 - "-" "Mozilla/5.0 AppleWebKit/537.36 (KHTML, like Gecko; compatible; ClaudeBot/1.0; +claudebot@anthropic.com)"
216.73.216.4 - - [21/Mar/2026:18:17:56 +0600] "GET /items/O725166114?fileloc=%2Fhome%2Flennoxfa%2Fpublic_html%2Fwp-includes%2Frest-api.php&path=%2Fhome%2Flennoxfa%2Fpublic_html%2Fwp-includes HTTP/1.1" 404 - "-" "Mozilla/5.0 AppleWebKit/537.36 (KHTML, like Gecko; compatible; ClaudeBot/1.0; +claudebot@anthropic.com)"
216.73.216.4 - - [21/Mar/2026:18:17:56 +0600] "GET /items/O722939337?fileloc=%2Fhome%2Flennoxfa%2Fpublic_html%2Fwp-includes%2Ffeed-rss.php&path=%2Fhome%2Flennoxfa%2Fpublic_html%2Fwp-includes HTTP/1.1" 404 - "-" "Mozilla/5.0 AppleWebKit/537.36 (KHTML, like Gecko; compatible; ClaudeBot/1.0; +claudebot@anthropic.com)"
216.73.216.4 - - [21/Mar/2026:18:17:56 +0600] "GET /items/O723616417?fileloc=%2Fhome%2Flennoxfa%2Fpublic_html%2Fwp-includes%2Fstyle-engine.php&path=%2Fhome%2Flennoxfa%2Fpublic_html%2Fwp-includes HTTP/1.1" 404 - "-" "Mozilla/5.0 AppleWebKit/537.36 (KHTML, like Gecko; compatible; ClaudeBot/1.0; +claudebot@anthropic.com)"
216.73.216.4 - - [21/Mar/2026:18:17:56 +0600] "GET /items/O722335565?fileloc=%2Fhome%2Flennoxfa%2Fpublic_html%2Fwp-admin%2Fimport.php&path=%2Fhome%2Flennoxfa%2Fpublic_html%2Fwp-admin HTTP/1.1" 404 - "-" "Mozilla/5.0 AppleWebKit/537.36 (KHTML, like Gecko; compatible; ClaudeBot/1.0; +claudebot@anthropic.com)"
216.73.216.4 - - [21/Mar/2026:18:17:56 +0600] "GET /items/O723616417?fileloc=%2Fhome%2Flennoxfa%2Fpublic_html%2Fwp-includes%2Fclass-wp-block.php&path=%2Fhome%2Flennoxfa%2Fpublic_html%2Fwp-includes HTTP/1.1" 404 - "-" "Mozilla/5.0 AppleWebKit/537.36 (KHTML, like Gecko; compatible; ClaudeBot/1.0; +claudebot@anthropic.com)"
57.141.14.97 - - [21/Mar/2026:18:17:56 +0600] "GET /product-category/kids/boys-t-shirt/page/3/?fileloc=/home/lennoxfa/public_html/wp-content/plugins/updraftplus/vendor/team-updraft/common-libs/gulpfile.js&path=/home/lennoxfa/public_html/wp-content/plugins/updraftplus/vendor/team-updraft/common-libs HTTP/1.1" 404 - "-" "meta-externalagent/1.1 (+https://developers.facebook.com/docs/sharing/webmasters/crawler)"
216.73.216.4 - - [21/Mar/2026:18:17:56 +0600] "GET /items/O724434246?fileloc=%2Fhome%2Flennoxfa%2Fpublic_html%2Fwp-comments-post.php&path=%2Fhome%2Flennoxfa%2Fpublic_html HTTP/1.1" 404 - "-" "Mozilla/5.0 AppleWebKit/537.36 (KHTML, like Gecko; compatible; ClaudeBot/1.0; +claudebot@anthropic.com)"
216.73.216.4 - - [21/Mar/2026:18:17:57 +0600] "GET /items/O724372787?fileloc=%2Fhome%2Flennoxfa%2Fpublic_html%2Fwp-includes%2Fblock-bindings.php&path=%2Fhome%2Flennoxfa%2Fpublic_html%2Fwp-includes HTTP/1.1" 404 - "-" "Mozilla/5.0 AppleWebKit/537.36 (KHTML, like Gecko; compatible; ClaudeBot/1.0; +claudebot@anthropic.com)"
216.73.216.4 - - [21/Mar/2026:18:17:57 +0600] "GET /items/O724894586?path=%2Fhome%2Flennoxfa%2Fpublic_html%2F.tmb HTTP/1.1" 404 - "-" "Mozilla/5.0 AppleWebKit/537.36 (KHTML, like Gecko; compatible; ClaudeBot/1.0; +claudebot@anthropic.com)"
216.73.216.4 - - [21/Mar/2026:18:17:57 +0600] "GET /items/O722519005?fileloc=%2Fhome%2Flennoxfa%2Fpublic_html%2Fwp-includes%2Fstyle-engine.php&path=%2Fhome%2Flennoxfa%2Fpublic_html%2Fwp-includes HTTP/1.1" 404 - "-" "Mozilla/5.0 AppleWebKit/537.36 (KHTML, like Gecko; compatible; ClaudeBot/1.0; +claudebot@anthropic.com)"
216.73.216.4 - - [21/Mar/2026:18:17:57 +0600] "GET /items/O722519005?fileloc=%2Fhome%2Flennoxfa%2Fpublic_html%2Fwp-includes%2Fclass-wp-block.php&path=%2Fhome%2Flennoxfa%2Fpublic_html%2Fwp-includes HTTP/1.1" 404 - "-" "Mozilla/5.0 AppleWebKit/537.36 (KHTML, like Gecko; compatible; ClaudeBot/1.0; +claudebot@anthropic.com)"
216.73.216.4 - - [21/Mar/2026:18:17:57 +0600] "GET /items/O724973095?path=%2Fhome%2Flennoxfa%2Fpublic_html%2F.tmb HTTP/1.1" 404 - "-" "Mozilla/5.0 AppleWebKit/537.36 (KHTML, like Gecko; compatible; ClaudeBot/1.0; +claudebot@anthropic.com)"
57.141.14.98 - - [21/Mar/2026:18:17:57 +0600] "GET /product-category/kids/boys-t-shirt/page/3/?fileloc=/home/lennoxfa/public_html/wp-content/plugins/updraftplus/vendor/components/jquery/composer.json&path=/home/lennoxfa/public_html/wp-content/plugins/updraftplus/vendor/components/jquery HTTP/1.1" 404 - "-" "meta-externalagent/1.1 (+https://developers.facebook.com/docs/sharing/webmasters/crawler)"
74.7.242.47 - - [21/Mar/2026:18:17:56 +0600] "GET /?path=//proc/1622234/root/proc/self/root/opt/cpanel/ea-wappspector/vendor/sebastian/complexity/src/Exception HTTP/1.1" 200 17344 "https://www.lennoxfashionbd.com/?path=//proc/1622234/root/proc/self/root/opt/cpanel/ea-wappspector/vendor/sebastian/complexity/src" "Mozilla/5.0 AppleWebKit/537.36 (KHTML, like Gecko; compatible; GPTBot/1.3; +https://openai.com/gptbot)"
216.73.216.4 - - [21/Mar/2026:18:17:57 +0600] "GET /items/O723915830?fileloc=%2Fhome%2Flennoxfa%2Fpublic_html%2Fwp-includes%2Fclass-wp-block-template.php&path=%2Fhome%2Flennoxfa%2Fpublic_html%2Fwp-includes HTTP/1.1" 404 - "-" "Mozilla/5.0 AppleWebKit/537.36 (KHTML, like Gecko; compatible; ClaudeBot/1.0; +claudebot@anthropic.com)"
216.73.216.4 - - [21/Mar/2026:18:17:57 +0600] "GET /items/O722193373?path=%2Fhome%2Flennoxfa%2Fpublic_html%2F.tmb HTTP/1.1" 404 - "-" "Mozilla/5.0 AppleWebKit/537.36 (KHTML, like Gecko; compatible; ClaudeBot/1.0; +claudebot@anthropic.com)"
216.73.216.4 - - [21/Mar/2026:18:17:57 +0600] "GET /items/O721513791?path=%2Fhome%2Flennoxfa HTTP/1.1" 404 - "-" "Mozilla/5.0 AppleWebKit/537.36 (KHTML, like Gecko; compatible; ClaudeBot/1.0; +claudebot@anthropic.com)"
216.73.216.4 - - [21/Mar/2026:18:17:57 +0600] "GET /items/O721624221?path=%2Fhome%2Flennoxfa%2Fpublic_html%2Fwp-content HTTP/1.1" 404 - "-" "Mozilla/5.0 AppleWebKit/537.36 (KHTML, like Gecko; compatible; ClaudeBot/1.0; +claudebot@anthropic.com)"
216.73.216.4 - - [21/Mar/2026:18:17:57 +0600] "GET /items/O722827768?path=%2Fhome%2Flennoxfa%2Fpublic_html%2F.tmb HTTP/1.1" 404 - "-" "Mozilla/5.0 AppleWebKit/537.36 (KHTML, like Gecko; compatible; ClaudeBot/1.0; +claudebot@anthropic.com)"
216.73.216.4 - - [21/Mar/2026:18:17:57 +0600] "GET /items/O721849650?path=%2Fhome%2Flennoxfa%2Fpublic_html%2Fwp-content HTTP/1.1" 404 - "-" "Mozilla/5.0 AppleWebKit/537.36 (KHTML, like Gecko; compatible; ClaudeBot/1.0; +claudebot@anthropic.com)"
216.73.216.4 - - [21/Mar/2026:18:17:58 +0600] "GET /items/O724307828?fileloc=%2Fhome%2Flennoxfa%2Fpublic_html%2Fwp-comments-post.php&path=%2Fhome%2Flennoxfa%2Fpublic_html HTTP/1.1" 404 - "-" "Mozilla/5.0 AppleWebKit/537.36 (KHTML, like Gecko; compatible; ClaudeBot/1.0; +claudebot@anthropic.com)"
216.73.216.4 - - [21/Mar/2026:18:17:58 +0600] "GET /items/O724678721?fileloc=%2Fhome%2Flennoxfa%2Fpublic_html%2Fwp-includes%2Fblock-bindings.php&path=%2Fhome%2Flennoxfa%2Fpublic_html%2Fwp-includes HTTP/1.1" 404 - "-" "Mozilla/5.0 AppleWebKit/537.36 (KHTML, like Gecko; compatible; ClaudeBot/1.0; +claudebot@anthropic.com)"
74.7.243.252 - - [21/Mar/2026:18:17:56 +0600] "GET /?fileloc=//usr/lib/.build-id/f1/6f6d589b0974943cf345eb762a5be09788c9f1&path=//usr/lib/.build-id/f1 HTTP/1.1" 200 12438 "https://mail.lennoxfashionbd.com/?path=//usr/lib/.build-id/f1" "Mozilla/5.0 AppleWebKit/537.36 (KHTML, like Gecko; compatible; GPTBot/1.3; +https://openai.com/gptbot)"
216.73.216.4 - - [21/Mar/2026:18:17:58 +0600] "GET /items/O724372787?fileloc=%2Fhome%2Flennoxfa%2Fpublic_html%2Fwp-includes%2Fblock-template.php&path=%2Fhome%2Flennoxfa%2Fpublic_html%2Fwp-includes HTTP/1.1" 404 - "-" "Mozilla/5.0 AppleWebKit/537.36 (KHTML, like Gecko; compatible; ClaudeBot/1.0; +claudebot@anthropic.com)"
216.73.216.4 - - [21/Mar/2026:18:17:58 +0600] "GET /items/O721767934?path=%2Fhome%2Flennoxfa%2Fpublic_html HTTP/1.1" 404 - "-" "Mozilla/5.0 AppleWebKit/537.36 (KHTML, like Gecko; compatible; ClaudeBot/1.0; +claudebot@anthropic.com)"
216.73.216.4 - - [21/Mar/2026:18:17:58 +0600] "GET /items/O722013751?path=%2Fhome%2Flennoxfa%2Fpublic_html%2F.tmb HTTP/1.1" 404 - "-" "Mozilla/5.0 AppleWebKit/537.36 (KHTML, like Gecko; compatible; ClaudeBot/1.0; +claudebot@anthropic.com)"
216.73.216.4 - - [21/Mar/2026:18:17:58 +0600] "GET /items/O722044798?path=%2Fhome%2Flennoxfa%2Fpublic_html HTTP/1.1" 404 - "-" "Mozilla/5.0 AppleWebKit/537.36 (KHTML, like Gecko; compatible; ClaudeBot/1.0; +claudebot@anthropic.com)"
57.141.14.106 - - [21/Mar/2026:18:17:58 +0600] "GET /product-category/kids/boys-t-shirt/page/3/?fileloc=/home/lennoxfa/public_html/wp-content/plugins/updraftplus/vendor/components/jquery/jquery.min.js&path=/home/lennoxfa/public_html/wp-content/plugins/updraftplus/vendor/components/jquery HTTP/1.1" 404 - "-" "meta-externalagent/1.1 (+https://developers.facebook.com/docs/sharing/webmasters/crawler)"
216.73.216.4 - - [21/Mar/2026:18:17:58 +0600] "GET /items/O722345385?path=%2Fhome%2Flennoxfa%2Fpublic_html%2F.tmb HTTP/1.1" 404 - "-" "Mozilla/5.0 AppleWebKit/537.36 (KHTML, like Gecko; compatible; ClaudeBot/1.0; +claudebot@anthropic.com)"
