216.73.216.4 - - [21/Mar/2026:18:16:34 +0600] "GET /items/O724372787?fileloc=%2Fhome%2Flennoxfa%2Fpublic_html%2Fwp-includes%2Fquery.php&path=%2Fhome%2Flennoxfa%2Fpublic_html%2Fwp-includes HTTP/1.1" 404 - "-" "Mozilla/5.0 AppleWebKit/537.36 (KHTML, like Gecko; compatible; ClaudeBot/1.0; +claudebot@anthropic.com)"
216.73.216.4 - - [21/Mar/2026:18:16:34 +0600] "GET /items/O722696921?path=%2Fhome%2Flennoxfa%2Fpublic_html%2Fwp-content HTTP/1.1" 404 - "-" "Mozilla/5.0 AppleWebKit/537.36 (KHTML, like Gecko; compatible; ClaudeBot/1.0; +claudebot@anthropic.com)"
216.73.216.4 - - [21/Mar/2026:18:16:35 +0600] "GET /items/O724697287?fileloc=%2Fhome%2Flennoxfa%2Fpublic_html%2Fwp-admin%2Fexport-personal-data.php&path=%2Fhome%2Flennoxfa%2Fpublic_html%2Fwp-admin HTTP/1.1" 404 - "-" "Mozilla/5.0 AppleWebKit/537.36 (KHTML, like Gecko; compatible; ClaudeBot/1.0; +claudebot@anthropic.com)"
216.73.216.4 - - [21/Mar/2026:18:16:35 +0600] "GET /items/O724019755?path=%2Fhome%2Flennoxfa%2Fpublic_html HTTP/1.1" 404 - "-" "Mozilla/5.0 AppleWebKit/537.36 (KHTML, like Gecko; compatible; ClaudeBot/1.0; +claudebot@anthropic.com)"
216.73.216.4 - - [21/Mar/2026:18:16:35 +0600] "GET /items/O722723742?fileloc=%2Fhome%2Flennoxfa%2Fpublic_html%2Fwp-includes%2Fclass-wp-http-response.php&path=%2Fhome%2Flennoxfa%2Fpublic_html%2Fwp-includes HTTP/1.1" 404 - "-" "Mozilla/5.0 AppleWebKit/537.36 (KHTML, like Gecko; compatible; ClaudeBot/1.0; +claudebot@anthropic.com)"
216.73.216.4 - - [21/Mar/2026:18:16:35 +0600] "GET /items/O724949918?path=%2Fhome%2Flennoxfa%2Fpublic_html%2Fwp-content HTTP/1.1" 404 - "-" "Mozilla/5.0 AppleWebKit/537.36 (KHTML, like Gecko; compatible; ClaudeBot/1.0; +claudebot@anthropic.com)"
57.141.14.27 - - [21/Mar/2026:18:16:35 +0600] "GET /product-category/kids/boys-t-shirt/page/3/?path=/home/lennoxfa/public_html/wp-content/plugins/updraftplus/vendor/guzzle/guzzle/src HTTP/1.1" 404 - "-" "meta-externalagent/1.1 (+https://developers.facebook.com/docs/sharing/webmasters/crawler)"
216.73.216.4 - - [21/Mar/2026:18:16:35 +0600] "GET /items/O722509446?path=%2Fhome%2Flennoxfa%2Fpublic_html%2Fwp-content HTTP/1.1" 404 - "-" "Mozilla/5.0 AppleWebKit/537.36 (KHTML, like Gecko; compatible; ClaudeBot/1.0; +claudebot@anthropic.com)"
216.73.216.4 - - [21/Mar/2026:18:16:35 +0600] "GET /items/O724635213?path=%2Fhome%2Flennoxfa%2Fpublic_html%2Fwp-content HTTP/1.1" 404 - "-" "Mozilla/5.0 AppleWebKit/537.36 (KHTML, like Gecko; compatible; ClaudeBot/1.0; +claudebot@anthropic.com)"
216.73.216.4 - - [21/Mar/2026:18:16:35 +0600] "GET /items/O721355554?path=%2Fhome%2Flennoxfa%2Fpublic_html%2Fwp-content HTTP/1.1" 404 - "-" "Mozilla/5.0 AppleWebKit/537.36 (KHTML, like Gecko; compatible; ClaudeBot/1.0; +claudebot@anthropic.com)"
216.73.216.4 - - [21/Mar/2026:18:16:35 +0600] "GET /items/O724488594?path=%2Fhome%2Flennoxfa%2Fpublic_html%2Fwp-content HTTP/1.1" 404 - "-" "Mozilla/5.0 AppleWebKit/537.36 (KHTML, like Gecko; compatible; ClaudeBot/1.0; +claudebot@anthropic.com)"
74.7.243.252 - - [21/Mar/2026:18:16:33 +0600] "GET /?fileloc=//usr/lib/.build-id/be/9a84ec227b8371c40e4ca65b15c211248b6083&path=//usr/lib/.build-id/be HTTP/1.1" 500 14806 "https://mail.lennoxfashionbd.com/?path=//usr/lib/.build-id/be" "Mozilla/5.0 AppleWebKit/537.36 (KHTML, like Gecko; compatible; GPTBot/1.3; +https://openai.com/gptbot)"
216.73.216.4 - - [21/Mar/2026:18:16:35 +0600] "GET /items/O722909874?fileloc=%2Fhome%2Flennoxfa%2Fpublic_html%2Fwp-includes%2Fclass-json.php&path=%2Fhome%2Flennoxfa%2Fpublic_html%2Fwp-includes HTTP/1.1" 404 - "-" "Mozilla/5.0 AppleWebKit/537.36 (KHTML, like Gecko; compatible; ClaudeBot/1.0; +claudebot@anthropic.com)"
216.73.216.4 - - [21/Mar/2026:18:16:35 +0600] "GET /items/O724372787?fileloc=%2Fhome%2Flennoxfa%2Fpublic_html%2Fwp-includes%2Fclass-wp-oembed.php&path=%2Fhome%2Flennoxfa%2Fpublic_html%2Fwp-includes HTTP/1.1" 404 - "-" "Mozilla/5.0 AppleWebKit/537.36 (KHTML, like Gecko; compatible; ClaudeBot/1.0; +claudebot@anthropic.com)"
216.73.216.4 - - [21/Mar/2026:18:16:35 +0600] "GET /items/O724626746?path=%2Fhome%2Flennoxfa%2Fpublic_html HTTP/1.1" 404 - "-" "Mozilla/5.0 AppleWebKit/537.36 (KHTML, like Gecko; compatible; ClaudeBot/1.0; +claudebot@anthropic.com)"
216.73.216.4 - - [21/Mar/2026:18:16:36 +0600] "GET /items/O722013705?path=%2Fhome%2Flennoxfa%2Fpublic_html HTTP/1.1" 404 - "-" "Mozilla/5.0 AppleWebKit/537.36 (KHTML, like Gecko; compatible; ClaudeBot/1.0; +claudebot@anthropic.com)"
57.141.14.103 - - [21/Mar/2026:18:16:36 +0600] "GET /product-category/kids/boys-t-shirt/page/3/?path=/home/lennoxfa/public_html/wp-content/plugins/updraftplus/vendor/mikemccabe/json-patch-php/src HTTP/1.1" 404 - "-" "meta-externalagent/1.1 (+https://developers.facebook.com/docs/sharing/webmasters/crawler)"
74.7.242.47 - - [21/Mar/2026:18:16:34 +0600] "GET /?path=//proc/1622234/root/proc/self/root/usr/lib/rpm/platform/ppc-linux HTTP/1.1" 200 14927 "https://www.lennoxfashionbd.com/?path=//proc/1622234/root/proc/self/root/usr/lib/rpm/platform" "Mozilla/5.0 AppleWebKit/537.36 (KHTML, like Gecko; compatible; GPTBot/1.3; +https://openai.com/gptbot)"
216.73.216.4 - - [21/Mar/2026:18:16:36 +0600] "GET /items/O722723742?fileloc=%2Fhome%2Flennoxfa%2Fpublic_html%2Fwp-includes%2Fclass-wp-feed-cache.php&path=%2Fhome%2Flennoxfa%2Fpublic_html%2Fwp-includes HTTP/1.1" 404 - "-" "Mozilla/5.0 AppleWebKit/537.36 (KHTML, like Gecko; compatible; ClaudeBot/1.0; +claudebot@anthropic.com)"
216.73.216.4 - - [21/Mar/2026:18:16:36 +0600] "GET /items/O721396327?path=%2Fhome%2Flennoxfa HTTP/1.1" 404 - "-" "Mozilla/5.0 AppleWebKit/537.36 (KHTML, like Gecko; compatible; ClaudeBot/1.0; +claudebot@anthropic.com)"
57.141.14.20 - - [21/Mar/2026:18:16:36 +0600] "GET /product-category/kids/boys-t-shirt/page/3/?fileloc=/home/lennoxfa/public_html/wp-content/plugins/updraftplus/vendor/mikemccabe/json-patch-php/run_tests.php&path=/home/lennoxfa/public_html/wp-content/plugins/updraftplus/vendor/mikemccabe/json-patch-php HTTP/1.1" 404 - "-" "meta-externalagent/1.1 (+https://developers.facebook.com/docs/sharing/webmasters/crawler)"
57.141.14.36 - - [21/Mar/2026:18:16:37 +0600] "GET /product-category/kids/boys-t-shirt/page/3/?fileloc=/home/lennoxfa/public_html/wp-content/plugins/updraftplus/vendor/ralouphie/getallheaders/README.md&path=/home/lennoxfa/public_html/wp-content/plugins/updraftplus/vendor/ralouphie/getallheaders HTTP/1.1" 404 - "-" "meta-externalagent/1.1 (+https://developers.facebook.com/docs/sharing/webmasters/crawler)"
57.141.14.67 - - [21/Mar/2026:18:16:38 +0600] "GET /product-category/kids/boys-t-shirt/page/3/?path=/home/lennoxfa/public_html/wp-content/plugins/updraftplus/vendor/ralouphie/getallheaders/tests HTTP/1.1" 404 - "-" "meta-externalagent/1.1 (+https://developers.facebook.com/docs/sharing/webmasters/crawler)"
74.7.243.252 - - [21/Mar/2026:18:16:37 +0600] "GET /?fileloc=//usr/lib/.build-id/53/79a79d0efb97d08c64d5aab366b097c31f1815&path=//usr/lib/.build-id/53 HTTP/1.1" 200 12438 "https://mail.lennoxfashionbd.com/?path=//usr/lib/.build-id/53" "Mozilla/5.0 AppleWebKit/537.36 (KHTML, like Gecko; compatible; GPTBot/1.3; +https://openai.com/gptbot)"
74.7.242.47 - - [21/Mar/2026:18:16:37 +0600] "GET /?path=//proc/1622234/root/proc/self/root/usr/lib/rpm/platform/geode-linux HTTP/1.1" 200 14939 "https://www.lennoxfashionbd.com/?path=//proc/1622234/root/proc/self/root/usr/lib/rpm/platform" "Mozilla/5.0 AppleWebKit/537.36 (KHTML, like Gecko; compatible; GPTBot/1.3; +https://openai.com/gptbot)"
57.141.14.15 - - [21/Mar/2026:18:16:39 +0600] "GET /product-category/kids/boys-t-shirt/page/3/?fileloc=/home/lennoxfa/public_html/wp-content/plugins/fileorganizer/manager/js/i18n/elfinder.nl.js&path=/home/lennoxfa/public_html/wp-content/plugins/fileorganizer/manager/js/i18n HTTP/1.1" 404 - "-" "meta-externalagent/1.1 (+https://developers.facebook.com/docs/sharing/webmasters/crawler)"
57.141.14.63 - - [21/Mar/2026:18:16:40 +0600] "GET /product-category/kids/boys-t-shirt/page/3/?fileloc=/home/lennoxfa/public_html/wp-content/plugins/updraftplus/vendor/mikemccabe/json-patch-php/simplexml_tests.json&path=/home/lennoxfa/public_html/wp-content/plugins/updraftplus/vendor/mikemccabe/json-patch-php HTTP/1.1" 404 - "-" "meta-externalagent/1.1 (+https://developers.facebook.com/docs/sharing/webmasters/crawler)"
57.141.14.60 - - [21/Mar/2026:18:16:41 +0600] "GET /product-category/kids/boys-t-shirt/page/3/?fileloc=/home/lennoxfa/public_html/wp-content/plugins/updraftplus/vendor/mikemccabe/json-patch-php/README.md&path=/home/lennoxfa/public_html/wp-content/plugins/updraftplus/vendor/mikemccabe/json-patch-php HTTP/1.1" 404 - "-" "meta-externalagent/1.1 (+https://developers.facebook.com/docs/sharing/webmasters/crawler)"
57.141.14.44 - - [21/Mar/2026:18:16:41 +0600] "GET /product-category/kids/boys-t-shirt/page/3/?fileloc=/home/lennoxfa/public_html/wp-content/plugins/fileorganizer/manager/js/i18n/elfinder.uk.js&path=/home/lennoxfa/public_html/wp-content/plugins/fileorganizer/manager/js/i18n HTTP/1.1" 404 - "-" "meta-externalagent/1.1 (+https://developers.facebook.com/docs/sharing/webmasters/crawler)"
74.7.242.47 - - [21/Mar/2026:18:16:40 +0600] "GET /?fileloc=//proc/1622234/root/proc/self/root/usr/lib/.build-id/22/08f4defa295a2dad557db2a4464a694eeb8947&path=//proc/1622234/root/proc/self/root/usr/lib/.build-id/22 HTTP/1.1" 200 12888 "https://www.lennoxfashionbd.com/?path=//proc/1622234/root/proc/self/root/usr/lib/.build-id/22" "Mozilla/5.0 AppleWebKit/537.36 (KHTML, like Gecko; compatible; GPTBot/1.3; +https://openai.com/gptbot)"
57.141.14.8 - - [21/Mar/2026:18:16:42 +0600] "GET /product-category/kids/boys-t-shirt/page/3/?fileloc=/home/lennoxfa/public_html/wp-content/plugins/updraftplus/vendor/paragonie/random_compat/LICENSE&path=/home/lennoxfa/public_html/wp-content/plugins/updraftplus/vendor/paragonie/random_compat HTTP/1.1" 404 - "-" "meta-externalagent/1.1 (+https://developers.facebook.com/docs/sharing/webmasters/crawler)"
57.141.14.90 - - [21/Mar/2026:18:16:43 +0600] "GET /product-category/kids/boys-t-shirt/page/3/?fileloc=/home/lennoxfa/public_html/wp-content/plugins/updraftplus/vendor/ralouphie/getallheaders/LICENSE&path=/home/lennoxfa/public_html/wp-content/plugins/updraftplus/vendor/ralouphie/getallheaders HTTP/1.1" 404 - "-" "meta-externalagent/1.1 (+https://developers.facebook.com/docs/sharing/webmasters/crawler)"
57.141.14.33 - - [21/Mar/2026:18:16:44 +0600] "GET /product-category/kids/boys-t-shirt/page/3/?fileloc=/home/lennoxfa/public_html/wp-content/plugins/fileorganizer/manager/js/i18n/elfinder.sl.js&path=/home/lennoxfa/public_html/wp-content/plugins/fileorganizer/manager/js/i18n HTTP/1.1" 404 - "-" "meta-externalagent/1.1 (+https://developers.facebook.com/docs/sharing/webmasters/crawler)"
57.141.14.108 - - [21/Mar/2026:18:16:45 +0600] "GET /product-category/kids/boys-t-shirt/page/3/?fileloc=/home/lennoxfa/public_html/wp-content/plugins/updraftplus/vendor/guzzle/guzzle/build.xml&path=/home/lennoxfa/public_html/wp-content/plugins/updraftplus/vendor/guzzle/guzzle HTTP/1.1" 404 - "-" "meta-externalagent/1.1 (+https://developers.facebook.com/docs/sharing/webmasters/crawler)"
74.7.242.47 - - [21/Mar/2026:18:16:43 +0600] "GET /?fileloc=//proc/1622234/root/proc/self/root/usr/include/mysql/server/private/wqueue.h&path=//proc/1622234/root/proc/self/root/usr/include/mysql/server/private HTTP/1.1" 200 14549 "https://www.lennoxfashionbd.com/?path=//proc/1622234/root/proc/self/root/usr/include/mysql/server/private" "Mozilla/5.0 AppleWebKit/537.36 (KHTML, like Gecko; compatible; GPTBot/1.3; +https://openai.com/gptbot)"
57.141.14.102 - - [21/Mar/2026:18:16:46 +0600] "GET /product-category/kids/boys-t-shirt/page/3/?fileloc=/home/lennoxfa/public_html/wp-content/plugins/updraftplus/vendor/ralouphie/getallheaders/composer.json&path=/home/lennoxfa/public_html/wp-content/plugins/updraftplus/vendor/ralouphie/getallheaders HTTP/1.1" 404 - "-" "meta-externalagent/1.1 (+https://developers.facebook.com/docs/sharing/webmasters/crawler)"
57.141.14.72 - - [21/Mar/2026:18:16:46 +0600] "GET /product-category/kids/boys-t-shirt/page/3/?fileloc=/home/lennoxfa/public_html/wp-content/plugins/fileorganizer/manager/js/i18n/elfinder.ca.js&path=/home/lennoxfa/public_html/wp-content/plugins/fileorganizer/manager/js/i18n HTTP/1.1" 404 - "-" "meta-externalagent/1.1 (+https://developers.facebook.com/docs/sharing/webmasters/crawler)"
57.141.14.73 - - [21/Mar/2026:18:16:47 +0600] "GET /product-category/kids/boys-t-shirt/page/3/?fileloc=/home/lennoxfa/public_html/wp-content/plugins/fileorganizer/manager/js/i18n/elfinder.fo.js&path=/home/lennoxfa/public_html/wp-content/plugins/fileorganizer/manager/js/i18n HTTP/1.1" 404 - "-" "meta-externalagent/1.1 (+https://developers.facebook.com/docs/sharing/webmasters/crawler)"
57.141.14.75 - - [21/Mar/2026:18:16:48 +0600] "GET /product-category/kids/boys-t-shirt/page/3/?fileloc=/home/lennoxfa/public_html/wp-content/plugins/fileorganizer/manager/js/i18n/elfinder.zh_CN.js&path=/home/lennoxfa/public_html/wp-content/plugins/fileorganizer/manager/js/i18n HTTP/1.1" 404 - "-" "meta-externalagent/1.1 (+https://developers.facebook.com/docs/sharing/webmasters/crawler)"
74.7.243.252 - - [21/Mar/2026:18:16:46 +0600] "GET /?fileloc=//usr/lib/.build-id/16/3eaf77b0dc1c1e8944586caa1dd90128512d3c&path=//usr/lib/.build-id/16 HTTP/1.1" 200 12438 "https://mail.lennoxfashionbd.com/?path=//usr/lib/.build-id/16" "Mozilla/5.0 AppleWebKit/537.36 (KHTML, like Gecko; compatible; GPTBot/1.3; +https://openai.com/gptbot)"
74.7.242.47 - - [21/Mar/2026:18:16:46 +0600] "GET /?path=//proc/1622234/root/proc/self/root/usr/include/mysql/server/private/providers HTTP/1.1" 200 21598 "https://www.lennoxfashionbd.com/?path=//proc/1622234/root/proc/self/root/usr/include/mysql/server/private" "Mozilla/5.0 AppleWebKit/537.36 (KHTML, like Gecko; compatible; GPTBot/1.3; +https://openai.com/gptbot)"
57.141.14.53 - - [21/Mar/2026:18:16:49 +0600] "GET /product-category/kids/boys-t-shirt/page/3/?fileloc=/home/lennoxfa/public_html/wp-content/plugins/fileorganizer/manager/js/i18n/elfinder.sk.js&path=/home/lennoxfa/public_html/wp-content/plugins/fileorganizer/manager/js/i18n HTTP/1.1" 404 - "-" "meta-externalagent/1.1 (+https://developers.facebook.com/docs/sharing/webmasters/crawler)"
57.141.14.102 - - [21/Mar/2026:18:16:50 +0600] "GET /product-category/kids/boys-t-shirt/page/3/?fileloc=/home/lennoxfa/public_html/wp-content/plugins/fileorganizer/manager/js/i18n/elfinder.it.js&path=/home/lennoxfa/public_html/wp-content/plugins/fileorganizer/manager/js/i18n HTTP/1.1" 404 - "-" "meta-externalagent/1.1 (+https://developers.facebook.com/docs/sharing/webmasters/crawler)"
57.141.14.112 - - [21/Mar/2026:18:16:51 +0600] "GET /product-category/kids/boys-t-shirt/page/3/?fileloc=/home/lennoxfa/public_html/wp-content/plugins/fileorganizer/manager/js/i18n/elfinder.sv.js&path=/home/lennoxfa/public_html/wp-content/plugins/fileorganizer/manager/js/i18n HTTP/1.1" 404 - "-" "meta-externalagent/1.1 (+https://developers.facebook.com/docs/sharing/webmasters/crawler)"
74.7.242.47 - - [21/Mar/2026:18:16:49 +0600] "GET /?fileloc=//proc/1622234/root/proc/self/root/usr/include/mysql/server/private/my_libwrap.h&path=//proc/1622234/root/proc/self/root/usr/include/mysql/server/private HTTP/1.1" 200 14183 "https://www.lennoxfashionbd.com/?path=//proc/1622234/root/proc/self/root/usr/include/mysql/server/private" "Mozilla/5.0 AppleWebKit/537.36 (KHTML, like Gecko; compatible; GPTBot/1.3; +https://openai.com/gptbot)"
57.141.14.88 - - [21/Mar/2026:18:16:51 +0600] "GET /product-category/kids/boys-t-shirt/page/3/?fileloc=/home/lennoxfa/public_html/wp-content/plugins/fileorganizer/manager/js/worker/quicklook.unzip.js&path=/home/lennoxfa/public_html/wp-content/plugins/fileorganizer/manager/js/worker HTTP/1.1" 404 - "-" "meta-externalagent/1.1 (+https://developers.facebook.com/docs/sharing/webmasters/crawler)"
57.141.14.20 - - [21/Mar/2026:18:16:52 +0600] "GET /product-category/kids/boys-t-shirt/page/3/?fileloc=/home/lennoxfa/public_html/wp-content/plugins/fileorganizer/manager/js/i18n/elfinder.hr.js&path=/home/lennoxfa/public_html/wp-content/plugins/fileorganizer/manager/js/i18n HTTP/1.1" 404 - "-" "meta-externalagent/1.1 (+https://developers.facebook.com/docs/sharing/webmasters/crawler)"
57.141.14.31 - - [21/Mar/2026:18:16:53 +0600] "GET /product-category/kids/boys-t-shirt/page/3/?fileloc=/home/lennoxfa/public_html/wp-content/plugins/fileorganizer/manager/js/i18n/elfinder.fr.js&path=/home/lennoxfa/public_html/wp-content/plugins/fileorganizer/manager/js/i18n HTTP/1.1" 404 - "-" "meta-externalagent/1.1 (+https://developers.facebook.com/docs/sharing/webmasters/crawler)"
57.141.14.78 - - [21/Mar/2026:18:16:54 +0600] "GET /product-category/kids/boys-t-shirt/page/3/?fileloc=/home/lennoxfa/public_html/wp-content/plugins/fileorganizer/manager/js/i18n/elfinder.pl.js&path=/home/lennoxfa/public_html/wp-content/plugins/fileorganizer/manager/js/i18n HTTP/1.1" 404 - "-" "meta-externalagent/1.1 (+https://developers.facebook.com/docs/sharing/webmasters/crawler)"
74.7.242.47 - - [21/Mar/2026:18:16:53 +0600] "GET /?fileloc=//proc/1622234/root/proc/self/root/usr/include/mysql/server/private/sql_debug.h&path=//proc/1622234/root/proc/self/root/usr/include/mysql/server/private HTTP/1.1" 200 19270 "https://www.lennoxfashionbd.com/?path=//proc/1622234/root/proc/self/root/usr/include/mysql/server/private" "Mozilla/5.0 AppleWebKit/537.36 (KHTML, like Gecko; compatible; GPTBot/1.3; +https://openai.com/gptbot)"
57.141.14.49 - - [21/Mar/2026:18:16:55 +0600] "GET /product-category/kids/boys-t-shirt/page/3/?fileloc=/home/lennoxfa/public_html/wp-content/plugins/fileorganizer/manager/js/i18n/elfinder.ar.js&path=/home/lennoxfa/public_html/wp-content/plugins/fileorganizer/manager/js/i18n HTTP/1.1" 404 - "-" "meta-externalagent/1.1 (+https://developers.facebook.com/docs/sharing/webmasters/crawler)"
57.141.14.37 - - [21/Mar/2026:18:16:56 +0600] "GET /product-category/kids/boys-t-shirt/page/3/?fileloc=/home/lennoxfa/public_html/wp-content/plugins/fileorganizer/manager/js/i18n/elfinder.pt_BR.js&path=/home/lennoxfa/public_html/wp-content/plugins/fileorganizer/manager/js/i18n HTTP/1.1" 404 - "-" "meta-externalagent/1.1 (+https://developers.facebook.com/docs/sharing/webmasters/crawler)"
216.73.216.4 - - [21/Mar/2026:18:16:56 +0600] "GET /items/O725210654?path=%2Fhome%2Flennoxfa%2Fpublic_html HTTP/1.1" 404 - "-" "Mozilla/5.0 AppleWebKit/537.36 (KHTML, like Gecko; compatible; ClaudeBot/1.0; +claudebot@anthropic.com)"
74.7.243.252 - - [21/Mar/2026:18:16:55 +0600] "GET /?fileloc=//usr/lib/.build-id/fe/c109aa75954c4582cffd6e4831415951b438a6&path=//usr/lib/.build-id/fe HTTP/1.1" 200 12438 "https://mail.lennoxfashionbd.com/?path=//usr/lib/.build-id/fe" "Mozilla/5.0 AppleWebKit/537.36 (KHTML, like Gecko; compatible; GPTBot/1.3; +https://openai.com/gptbot)"
216.73.216.4 - - [21/Mar/2026:18:16:56 +0600] "GET /items/O724745613?fileloc=%2Fhome%2Flennoxfa%2Fpublic_html%2Fwp-includes%2Fclass-wp-user.php&path=%2Fhome%2Flennoxfa%2Fpublic_html%2Fwp-includes HTTP/1.1" 404 - "-" "Mozilla/5.0 AppleWebKit/537.36 (KHTML, like Gecko; compatible; ClaudeBot/1.0; +claudebot@anthropic.com)"
216.73.216.4 - - [21/Mar/2026:18:16:56 +0600] "GET /items/O722939337?fileloc=%2Fhome%2Flennoxfa%2Fpublic_html%2Fwp-includes%2Fclass.wp-styles.php&path=%2Fhome%2Flennoxfa%2Fpublic_html%2Fwp-includes HTTP/1.1" 404 - "-" "Mozilla/5.0 AppleWebKit/537.36 (KHTML, like Gecko; compatible; ClaudeBot/1.0; +claudebot@anthropic.com)"
216.73.216.4 - - [21/Mar/2026:18:16:56 +0600] "GET /items/O722909874?fileloc=%2Fhome%2Flennoxfa%2Fpublic_html%2Fwp-includes%2Fms-functions.php&path=%2Fhome%2Flennoxfa%2Fpublic_html%2Fwp-includes HTTP/1.1" 404 - "-" "Mozilla/5.0 AppleWebKit/537.36 (KHTML, like Gecko; compatible; ClaudeBot/1.0; +claudebot@anthropic.com)"
216.73.216.4 - - [21/Mar/2026:18:16:56 +0600] "GET /items/O722156249?fileloc=%2Fhome%2Flennoxfa%2Fpublic_html%2Fwp-includes%2Fclass.wp-styles.php&path=%2Fhome%2Flennoxfa%2Fpublic_html%2Fwp-includes HTTP/1.1" 404 - "-" "Mozilla/5.0 AppleWebKit/537.36 (KHTML, like Gecko; compatible; ClaudeBot/1.0; +claudebot@anthropic.com)"
216.73.216.4 - - [21/Mar/2026:18:16:56 +0600] "GET /items/O721025239?path=%2Fhome%2Flennoxfa%2Fpublic_html HTTP/1.1" 404 - "-" "Mozilla/5.0 AppleWebKit/537.36 (KHTML, like Gecko; compatible; ClaudeBot/1.0; +claudebot@anthropic.com)"
216.73.216.4 - - [21/Mar/2026:18:16:56 +0600] "GET /items/O721711129?path=%2Fhome%2Flennoxfa HTTP/1.1" 404 - "-" "Mozilla/5.0 AppleWebKit/537.36 (KHTML, like Gecko; compatible; ClaudeBot/1.0; +claudebot@anthropic.com)"
216.73.216.4 - - [21/Mar/2026:18:16:56 +0600] "GET /items/O721125040?path=%2Fhome%2Flennoxfa%2Fpublic_html HTTP/1.1" 404 - "-" "Mozilla/5.0 AppleWebKit/537.36 (KHTML, like Gecko; compatible; ClaudeBot/1.0; +claudebot@anthropic.com)"
216.73.216.4 - - [21/Mar/2026:18:16:56 +0600] "GET /items/O721412940?path=%2Fhome%2Flennoxfa%2Fpublic_html HTTP/1.1" 404 - "-" "Mozilla/5.0 AppleWebKit/537.36 (KHTML, like Gecko; compatible; ClaudeBot/1.0; +claudebot@anthropic.com)"
216.73.216.4 - - [21/Mar/2026:18:16:56 +0600] "GET /items/O724255846?fileloc=%2Fhome%2Flennoxfa%2Fpublic_html%2Fxmlrpc.php&path=%2Fhome%2Flennoxfa%2Fpublic_html HTTP/1.1" 404 - "-" "Mozilla/5.0 AppleWebKit/537.36 (KHTML, like Gecko; compatible; ClaudeBot/1.0; +claudebot@anthropic.com)"
216.73.216.4 - - [21/Mar/2026:18:16:56 +0600] "GET /items/O722014993?path=%2Fhome%2Flennoxfa%2Fpublic_html%2Fwp-includes%2Fimages HTTP/1.1" 404 - "-" "Mozilla/5.0 AppleWebKit/537.36 (KHTML, like Gecko; compatible; ClaudeBot/1.0; +claudebot@anthropic.com)"
216.73.216.4 - - [21/Mar/2026:18:16:56 +0600] "GET /items/O722156249?fileloc=%2Fhome%2Flennoxfa%2Fpublic_html%2Fwp-includes%2Ffunctions.php&path=%2Fhome%2Flennoxfa%2Fpublic_html%2Fwp-includes HTTP/1.1" 404 - "-" "Mozilla/5.0 AppleWebKit/537.36 (KHTML, like Gecko; compatible; ClaudeBot/1.0; +claudebot@anthropic.com)"
216.73.216.4 - - [21/Mar/2026:18:16:56 +0600] "GET /items/O722939337?fileloc=%2Fhome%2Flennoxfa%2Fpublic_html%2Fwp-includes%2Ffunctions.php&path=%2Fhome%2Flennoxfa%2Fpublic_html%2Fwp-includes HTTP/1.1" 404 - "-" "Mozilla/5.0 AppleWebKit/537.36 (KHTML, like Gecko; compatible; ClaudeBot/1.0; +claudebot@anthropic.com)"
216.73.216.4 - - [21/Mar/2026:18:16:56 +0600] "GET /items/O723616417?fileloc=%2Fhome%2Flennoxfa%2Fpublic_html%2Fwp-includes%2Fclass-wp-admin-bar.php&path=%2Fhome%2Flennoxfa%2Fpublic_html%2Fwp-includes HTTP/1.1" 404 - "-" "Mozilla/5.0 AppleWebKit/537.36 (KHTML, like Gecko; compatible; ClaudeBot/1.0; +claudebot@anthropic.com)"
216.73.216.4 - - [21/Mar/2026:18:16:56 +0600] "GET /items/O722014993?fileloc=%2Fhome%2Flennoxfa%2Fpublic_html%2Fwp-includes%2Fclass-simplepie.php&path=%2Fhome%2Flennoxfa%2Fpublic_html%2Fwp-includes HTTP/1.1" 404 - "-" "Mozilla/5.0 AppleWebKit/537.36 (KHTML, like Gecko; compatible; ClaudeBot/1.0; +claudebot@anthropic.com)"
216.73.216.4 - - [21/Mar/2026:18:16:56 +0600] "GET /items/O722094950?path=%2Fhome%2Flennoxfa%2Fpublic_html%2Fwp-content HTTP/1.1" 404 - "-" "Mozilla/5.0 AppleWebKit/537.36 (KHTML, like Gecko; compatible; ClaudeBot/1.0; +claudebot@anthropic.com)"
216.73.216.4 - - [21/Mar/2026:18:16:56 +0600] "GET /items/O721753669?fileloc=%2Fhome%2Flennoxfa%2Fpublic_html%2Fwp-includes%2Fclass-wp-block-styles-registry.php&path=%2Fhome%2Flennoxfa%2Fpublic_html%2Fwp-includes HTTP/1.1" 404 - "-" "Mozilla/5.0 AppleWebKit/537.36 (KHTML, like Gecko; compatible; ClaudeBot/1.0; +claudebot@anthropic.com)"
216.73.216.4 - - [21/Mar/2026:18:16:57 +0600] "GET /items/O721829469?path=%2Fhome%2Flennoxfa%2Fpublic_html HTTP/1.1" 404 - "-" "Mozilla/5.0 AppleWebKit/537.36 (KHTML, like Gecko; compatible; ClaudeBot/1.0; +claudebot@anthropic.com)"
216.73.216.4 - - [21/Mar/2026:18:16:57 +0600] "GET /items/O725166114?fileloc=%2Fhome%2Flennoxfa%2Fpublic_html%2Fwp-includes%2Fclass-wp-feed-cache-transient.php&path=%2Fhome%2Flennoxfa%2Fpublic_html%2Fwp-includes HTTP/1.1" 404 - "-" "Mozilla/5.0 AppleWebKit/537.36 (KHTML, like Gecko; compatible; ClaudeBot/1.0; +claudebot@anthropic.com)"
216.73.216.4 - - [21/Mar/2026:18:16:57 +0600] "GET /items/O722939337?fileloc=%2Fhome%2Flennoxfa%2Fpublic_html%2Fwp-includes%2Fsession.php&path=%2Fhome%2Flennoxfa%2Fpublic_html%2Fwp-includes HTTP/1.1" 404 - "-" "Mozilla/5.0 AppleWebKit/537.36 (KHTML, like Gecko; compatible; ClaudeBot/1.0; +claudebot@anthropic.com)"
216.73.216.4 - - [21/Mar/2026:18:16:57 +0600] "GET /items/O722519005?fileloc=%2Fhome%2Flennoxfa%2Fpublic_html%2Fwp-includes%2Fclass-wp-admin-bar.php&path=%2Fhome%2Flennoxfa%2Fpublic_html%2Fwp-includes HTTP/1.1" 404 - "-" "Mozilla/5.0 AppleWebKit/537.36 (KHTML, like Gecko; compatible; ClaudeBot/1.0; +claudebot@anthropic.com)"
216.73.216.4 - - [21/Mar/2026:18:16:57 +0600] "GET /items/O724697287?fileloc=%2Fhome%2Flennoxfa%2Fpublic_html%2Fwp-admin%2Fmenu.php&path=%2Fhome%2Flennoxfa%2Fpublic_html%2Fwp-admin HTTP/1.1" 404 - "-" "Mozilla/5.0 AppleWebKit/537.36 (KHTML, like Gecko; compatible; ClaudeBot/1.0; +claudebot@anthropic.com)"
216.73.216.4 - - [21/Mar/2026:18:16:57 +0600] "GET /items/O724697604?path=%2Fhome%2Flennoxfa%2Fpublic_html%2F.tmb HTTP/1.1" 404 - "-" "Mozilla/5.0 AppleWebKit/537.36 (KHTML, like Gecko; compatible; ClaudeBot/1.0; +claudebot@anthropic.com)"
216.73.216.4 - - [21/Mar/2026:18:16:57 +0600] "GET /items/O722156249?fileloc=%2Fhome%2Flennoxfa%2Fpublic_html%2Fwp-includes%2Fsession.php&path=%2Fhome%2Flennoxfa%2Fpublic_html%2Fwp-includes HTTP/1.1" 404 - "-" "Mozilla/5.0 AppleWebKit/537.36 (KHTML, like Gecko; compatible; ClaudeBot/1.0; +claudebot@anthropic.com)"
216.73.216.4 - - [21/Mar/2026:18:16:57 +0600] "GET /items/O724251083?fileloc=%2Fhome%2Flennoxfa%2Fpublic_html%2Fxmlrpc.php&path=%2Fhome%2Flennoxfa%2Fpublic_html HTTP/1.1" 404 - "-" "Mozilla/5.0 AppleWebKit/537.36 (KHTML, like Gecko; compatible; ClaudeBot/1.0; +claudebot@anthropic.com)"
216.73.216.4 - - [21/Mar/2026:18:16:57 +0600] "GET /items/O724298588?path=%2Fhome%2Flennoxfa%2Fpublic_html%2Fwp-content HTTP/1.1" 404 - "-" "Mozilla/5.0 AppleWebKit/537.36 (KHTML, like Gecko; compatible; ClaudeBot/1.0; +claudebot@anthropic.com)"
57.141.14.39 - - [21/Mar/2026:18:16:57 +0600] "GET /product-category/kids/boys-t-shirt/page/3/?fileloc=/home/lennoxfa/public_html/wp-content/plugins/fileorganizer/manager/js/i18n/elfinder.ru.js&path=/home/lennoxfa/public_html/wp-content/plugins/fileorganizer/manager/js/i18n HTTP/1.1" 404 - "-" "meta-externalagent/1.1 (+https://developers.facebook.com/docs/sharing/webmasters/crawler)"
216.73.216.4 - - [21/Mar/2026:18:16:57 +0600] "GET /items/O724254600?fileloc=%2Fhome%2Flennoxfa%2Fpublic_html%2Fxmlrpc.php&path=%2Fhome%2Flennoxfa%2Fpublic_html HTTP/1.1" 404 - "-" "Mozilla/5.0 AppleWebKit/537.36 (KHTML, like Gecko; compatible; ClaudeBot/1.0; +claudebot@anthropic.com)"
216.73.216.4 - - [21/Mar/2026:18:16:57 +0600] "GET /items/O721396327?path=%2Fhome%2Flennoxfa%2Fpublic_html HTTP/1.1" 404 - "-" "Mozilla/5.0 AppleWebKit/537.36 (KHTML, like Gecko; compatible; ClaudeBot/1.0; +claudebot@anthropic.com)"
74.7.242.47 - - [21/Mar/2026:18:16:56 +0600] "GET /?path=//proc/1622234/root/proc/self/root/usr/lib/rpm/platform/ppciseries-linux HTTP/1.1" 200 14969 "https://www.lennoxfashionbd.com/?path=//proc/1622234/root/proc/self/root/usr/lib/rpm/platform" "Mozilla/5.0 AppleWebKit/537.36 (KHTML, like Gecko; compatible; GPTBot/1.3; +https://openai.com/gptbot)"
216.73.216.4 - - [21/Mar/2026:18:16:58 +0600] "GET /items/O723616417?fileloc=%2Fhome%2Flennoxfa%2Fpublic_html%2Fwp-includes%2Fclass-wp-user.php&path=%2Fhome%2Flennoxfa%2Fpublic_html%2Fwp-includes HTTP/1.1" 404 - "-" "Mozilla/5.0 AppleWebKit/537.36 (KHTML, like Gecko; compatible; ClaudeBot/1.0; +claudebot@anthropic.com)"
216.73.216.4 - - [21/Mar/2026:18:16:58 +0600] "GET /items/O724256028?fileloc=%2Fhome%2Flennoxfa%2Fpublic_html%2Fxmlrpc.php&path=%2Fhome%2Flennoxfa%2Fpublic_html HTTP/1.1" 404 - "-" "Mozilla/5.0 AppleWebKit/537.36 (KHTML, like Gecko; compatible; ClaudeBot/1.0; +claudebot@anthropic.com)"
216.73.216.4 - - [21/Mar/2026:18:16:58 +0600] "GET /items/O722335565?fileloc=%2Fhome%2Flennoxfa%2Fpublic_html%2Fwp-admin%2Fmenu.php&path=%2Fhome%2Flennoxfa%2Fpublic_html%2Fwp-admin HTTP/1.1" 404 - "-" "Mozilla/5.0 AppleWebKit/537.36 (KHTML, like Gecko; compatible; ClaudeBot/1.0; +claudebot@anthropic.com)"
216.73.216.4 - - [21/Mar/2026:18:16:58 +0600] "GET /items/O722382452?path=%2Fhome%2Flennoxfa%2Fpublic_html%2F.tmb HTTP/1.1" 404 - "-" "Mozilla/5.0 AppleWebKit/537.36 (KHTML, like Gecko; compatible; ClaudeBot/1.0; +claudebot@anthropic.com)"
216.73.216.4 - - [21/Mar/2026:18:16:58 +0600] "GET /items/O721753669?fileloc=%2Fhome%2Flennoxfa%2Fpublic_html%2Fwp-includes%2Fclass-wp-duotone.php&path=%2Fhome%2Flennoxfa%2Fpublic_html%2Fwp-includes HTTP/1.1" 404 - "-" "Mozilla/5.0 AppleWebKit/537.36 (KHTML, like Gecko; compatible; ClaudeBot/1.0; +claudebot@anthropic.com)"
216.73.216.4 - - [21/Mar/2026:18:16:58 +0600] "GET /items/O721336006?path=%2Fhome%2Flennoxfa%2Fpublic_html%2Fwp-content HTTP/1.1" 404 - "-" "Mozilla/5.0 AppleWebKit/537.36 (KHTML, like Gecko; compatible; ClaudeBot/1.0; +claudebot@anthropic.com)"
216.73.216.4 - - [21/Mar/2026:18:16:58 +0600] "GET /items/O724745613?path=%2Fhome%2Flennoxfa%2Fpublic_html%2Fwp-includes%2Fblock-supports HTTP/1.1" 404 - "-" "Mozilla/5.0 AppleWebKit/537.36 (KHTML, like Gecko; compatible; ClaudeBot/1.0; +claudebot@anthropic.com)"
216.73.216.4 - - [21/Mar/2026:18:16:58 +0600] "GET /items/O722519005?fileloc=%2Fhome%2Flennoxfa%2Fpublic_html%2Fwp-includes%2Fclass-wp-user.php&path=%2Fhome%2Flennoxfa%2Fpublic_html%2Fwp-includes HTTP/1.1" 404 - "-" "Mozilla/5.0 AppleWebKit/537.36 (KHTML, like Gecko; compatible; ClaudeBot/1.0; +claudebot@anthropic.com)"
216.73.216.4 - - [21/Mar/2026:18:16:58 +0600] "GET /items/O724896830?fileloc=%2Fhome%2Flennoxfa%2Fpublic_html%2Fxmlrpc.php&path=%2Fhome%2Flennoxfa%2Fpublic_html HTTP/1.1" 404 - "-" "Mozilla/5.0 AppleWebKit/537.36 (KHTML, like Gecko; compatible; ClaudeBot/1.0; +claudebot@anthropic.com)"
57.141.14.49 - - [21/Mar/2026:18:16:58 +0600] "GET /product-category/kids/boys-t-shirt/page/3/?fileloc=/home/lennoxfa/public_html/wp-content/plugins/fileorganizer/manager/js/i18n/elfinder.es.js&path=/home/lennoxfa/public_html/wp-content/plugins/fileorganizer/manager/js/i18n HTTP/1.1" 404 - "-" "meta-externalagent/1.1 (+https://developers.facebook.com/docs/sharing/webmasters/crawler)"
216.73.216.4 - - [21/Mar/2026:18:16:58 +0600] "GET /items/O721770191?path=%2Fhome%2Flennoxfa HTTP/1.1" 404 - "-" "Mozilla/5.0 AppleWebKit/537.36 (KHTML, like Gecko; compatible; ClaudeBot/1.0; +claudebot@anthropic.com)"
216.73.216.4 - - [21/Mar/2026:18:16:58 +0600] "GET /items/O723789651?path=%2Fhome%2Flennoxfa%2Fpublic_html%2Fwp-content HTTP/1.1" 404 - "-" "Mozilla/5.0 AppleWebKit/537.36 (KHTML, like Gecko; compatible; ClaudeBot/1.0; +claudebot@anthropic.com)"
216.73.216.4 - - [21/Mar/2026:18:16:59 +0600] "GET /items/O724040100?fileloc=%2Fhome%2Flennoxfa%2Fpublic_html%2Fwp-admin%2Fterm.php&path=%2Fhome%2Flennoxfa%2Fpublic_html%2Fwp-admin HTTP/1.1" 404 - "-" "Mozilla/5.0 AppleWebKit/537.36 (KHTML, like Gecko; compatible; ClaudeBot/1.0; +claudebot@anthropic.com)"
216.73.216.4 - - [21/Mar/2026:18:16:59 +0600] "GET /items/O722723742?fileloc=%2Fhome%2Flennoxfa%2Fpublic_html%2Fwp-includes%2Fclass-wp-admin-bar.php&path=%2Fhome%2Flennoxfa%2Fpublic_html%2Fwp-includes HTTP/1.1" 404 - "-" "Mozilla/5.0 AppleWebKit/537.36 (KHTML, like Gecko; compatible; ClaudeBot/1.0; +claudebot@anthropic.com)"
216.73.216.4 - - [21/Mar/2026:18:16:59 +0600] "GET /items/O724372787?fileloc=%2Fhome%2Flennoxfa%2Fpublic_html%2Fwp-includes%2Fms-functions.php&path=%2Fhome%2Flennoxfa%2Fpublic_html%2Fwp-includes HTTP/1.1" 404 - "-" "Mozilla/5.0 AppleWebKit/537.36 (KHTML, like Gecko; compatible; ClaudeBot/1.0; +claudebot@anthropic.com)"
216.73.216.4 - - [21/Mar/2026:18:16:59 +0600] "GET /items/O724395141?path=%2Fhome%2Flennoxfa%2Fpublic_html HTTP/1.1" 404 - "-" "Mozilla/5.0 AppleWebKit/537.36 (KHTML, like Gecko; compatible; ClaudeBot/1.0; +claudebot@anthropic.com)"
216.73.216.4 - - [21/Mar/2026:18:16:59 +0600] "GET /items/O724351973?path=%2Fhome%2Flennoxfa%2F.cpanel HTTP/1.1" 404 - "-" "Mozilla/5.0 AppleWebKit/537.36 (KHTML, like Gecko; compatible; ClaudeBot/1.0; +claudebot@anthropic.com)"
216.73.216.4 - - [21/Mar/2026:18:16:59 +0600] "GET /items/O724976220?path=%2Fhome%2Flennoxfa%2F.cpanel HTTP/1.1" 404 - "-" "Mozilla/5.0 AppleWebKit/537.36 (KHTML, like Gecko; compatible; ClaudeBot/1.0; +claudebot@anthropic.com)"
216.73.216.4 - - [21/Mar/2026:18:16:59 +0600] "GET /items/O722723742?fileloc=%2Fhome%2Flennoxfa%2Fpublic_html%2Fwp-includes%2Fclass-wp-user.php&path=%2Fhome%2Flennoxfa%2Fpublic_html%2Fwp-includes HTTP/1.1" 404 - "-" "Mozilla/5.0 AppleWebKit/537.36 (KHTML, like Gecko; compatible; ClaudeBot/1.0; +claudebot@anthropic.com)"
216.73.216.4 - - [21/Mar/2026:18:16:59 +0600] "GET /items/O721875907?path=%2Fhome%2Flennoxfa%2Fpublic_html HTTP/1.1" 404 - "-" "Mozilla/5.0 AppleWebKit/537.36 (KHTML, like Gecko; compatible; ClaudeBot/1.0; +claudebot@anthropic.com)"
57.141.14.17 - - [21/Mar/2026:18:16:59 +0600] "GET /product-category/kids/boys-t-shirt/page/3/?fileloc=/home/lennoxfa/public_html/wp-content/plugins/updraftplus/vendor/mikemccabe/json-patch-php/composer.json&path=/home/lennoxfa/public_html/wp-content/plugins/updraftplus/vendor/mikemccabe/json-patch-php HTTP/1.1" 404 - "-" "meta-externalagent/1.1 (+https://developers.facebook.com/docs/sharing/webmasters/crawler)"
216.73.216.4 - - [21/Mar/2026:18:16:59 +0600] "GET /items/O721404887?path=%2Fhome%2Flennoxfa%2Fpublic_html%2Fwp-content HTTP/1.1" 404 - "-" "Mozilla/5.0 AppleWebKit/537.36 (KHTML, like Gecko; compatible; ClaudeBot/1.0; +claudebot@anthropic.com)"
216.73.216.4 - - [21/Mar/2026:18:16:59 +0600] "GET /items/O724678721?fileloc=%2Fhome%2Flennoxfa%2Fpublic_html%2Fwp-includes%2Fms-functions.php&path=%2Fhome%2Flennoxfa%2Fpublic_html%2Fwp-includes HTTP/1.1" 404 - "-" "Mozilla/5.0 AppleWebKit/537.36 (KHTML, like Gecko; compatible; ClaudeBot/1.0; +claudebot@anthropic.com)"
57.141.14.52 - - [21/Mar/2026:18:16:59 +0600] "GET /product-category/kids/boys-t-shirt/page/3/?fileloc=/home/lennoxfa/public_html/wp-content/plugins/fileorganizer/manager/js/i18n/elfinder.sr.js&path=/home/lennoxfa/public_html/wp-content/plugins/fileorganizer/manager/js/i18n HTTP/1.1" 404 - "-" "meta-externalagent/1.1 (+https://developers.facebook.com/docs/sharing/webmasters/crawler)"
216.73.216.4 - - [21/Mar/2026:18:16:59 +0600] "GET /items/O721849650?path=%2Fhome%2Flennoxfa HTTP/1.1" 404 - "-" "Mozilla/5.0 AppleWebKit/537.36 (KHTML, like Gecko; compatible; ClaudeBot/1.0; +claudebot@anthropic.com)"
74.7.230.31 - - [21/Mar/2026:18:16:59 +0600] "GET /robots.txt HTTP/1.1" 404 - "-" "Mozilla/5.0 (Macintosh; Intel Mac OS X 10_15_7) AppleWebKit/537.36 (KHTML, like Gecko) Chrome/131.0.0.0 Safari/537.36; compatible; OAI-SearchBot/1.3; robots.txt; +https://openai.com/searchbot"
216.73.216.4 - - [21/Mar/2026:18:17:00 +0600] "GET /items/O721753669?fileloc=%2Fhome%2Flennoxfa%2Fpublic_html%2Fwp-includes%2Fclass-wp-simplepie-sanitize-kses.php&path=%2Fhome%2Flennoxfa%2Fpublic_html%2Fwp-includes HTTP/1.1" 404 - "-" "Mozilla/5.0 AppleWebKit/537.36 (KHTML, like Gecko; compatible; ClaudeBot/1.0; +claudebot@anthropic.com)"
216.73.216.4 - - [21/Mar/2026:18:17:00 +0600] "GET /items/O722961237?fileloc=%2Fhome%2Flennoxfa%2Fpublic_html%2Fwp-config-sample.php&path=%2Fhome%2Flennoxfa%2Fpublic_html HTTP/1.1" 404 - "-" "Mozilla/5.0 AppleWebKit/537.36 (KHTML, like Gecko; compatible; ClaudeBot/1.0; +claudebot@anthropic.com)"
216.73.216.4 - - [21/Mar/2026:18:17:00 +0600] "GET /items/O725245606?path=%2Fhome%2Flennoxfa%2Fpublic_html%2Fwp-content HTTP/1.1" 404 - "-" "Mozilla/5.0 AppleWebKit/537.36 (KHTML, like Gecko; compatible; ClaudeBot/1.0; +claudebot@anthropic.com)"
216.73.216.4 - - [21/Mar/2026:18:17:00 +0600] "GET /items/O724255034?fileloc=%2Fhome%2Flennoxfa%2Fpublic_html%2Fwp-comments-post.php&path=%2Fhome%2Flennoxfa%2Fpublic_html HTTP/1.1" 404 - "-" "Mozilla/5.0 AppleWebKit/537.36 (KHTML, like Gecko; compatible; ClaudeBot/1.0; +claudebot@anthropic.com)"
216.73.216.4 - - [21/Mar/2026:18:17:00 +0600] "GET /items/O725200367?fileloc=%2Fhome%2Flennoxfa%2Fpublic_html%2Fwp-comments-post.php&path=%2Fhome%2Flennoxfa%2Fpublic_html HTTP/1.1" 404 - "-" "Mozilla/5.0 AppleWebKit/537.36 (KHTML, like Gecko; compatible; ClaudeBot/1.0; +claudebot@anthropic.com)"
216.73.216.4 - - [21/Mar/2026:18:17:00 +0600] "GET /items/O722909874?fileloc=%2Fhome%2Flennoxfa%2Fpublic_html%2Fwp-includes%2Fms-network.php&path=%2Fhome%2Flennoxfa%2Fpublic_html%2Fwp-includes HTTP/1.1" 404 - "-" "Mozilla/5.0 AppleWebKit/537.36 (KHTML, like Gecko; compatible; ClaudeBot/1.0; +claudebot@anthropic.com)"
216.73.216.4 - - [21/Mar/2026:18:17:00 +0600] "GET /items/O722411531?path=%2Fhome%2Flennoxfa%2Fpublic_html HTTP/1.1" 404 - "-" "Mozilla/5.0 AppleWebKit/537.36 (KHTML, like Gecko; compatible; ClaudeBot/1.0; +claudebot@anthropic.com)"
216.73.216.4 - - [21/Mar/2026:18:17:00 +0600] "GET /items/O721753041?path=%2Fhome%2Flennoxfa%2Fpublic_html HTTP/1.1" 404 - "-" "Mozilla/5.0 AppleWebKit/537.36 (KHTML, like Gecko; compatible; ClaudeBot/1.0; +claudebot@anthropic.com)"
216.73.216.4 - - [21/Mar/2026:18:17:00 +0600] "GET /items/O721873091?path=%2Fhome%2Flennoxfa HTTP/1.1" 404 - "-" "Mozilla/5.0 AppleWebKit/537.36 (KHTML, like Gecko; compatible; ClaudeBot/1.0; +claudebot@anthropic.com)"
216.73.216.4 - - [21/Mar/2026:18:17:00 +0600] "GET /items/O725219097?path=%2Fhome%2Flennoxfa%2Fpublic_html%2F.tmb HTTP/1.1" 404 - "-" "Mozilla/5.0 AppleWebKit/537.36 (KHTML, like Gecko; compatible; ClaudeBot/1.0; +claudebot@anthropic.com)"
216.73.216.4 - - [21/Mar/2026:18:17:00 +0600] "GET /items/O721590282?path=%2Fhome%2Flennoxfa%2Fpublic_html%2Fwp-content HTTP/1.1" 404 - "-" "Mozilla/5.0 AppleWebKit/537.36 (KHTML, like Gecko; compatible; ClaudeBot/1.0; +claudebot@anthropic.com)"
216.73.216.4 - - [21/Mar/2026:18:17:01 +0600] "GET /items/O724258320?fileloc=%2Fhome%2Flennoxfa%2Fpublic_html%2Fxmlrpc.php&path=%2Fhome%2Flennoxfa%2Fpublic_html HTTP/1.1" 404 - "-" "Mozilla/5.0 AppleWebKit/537.36 (KHTML, like Gecko; compatible; ClaudeBot/1.0; +claudebot@anthropic.com)"
74.7.242.47 - - [21/Mar/2026:18:16:59 +0600] "GET /?path=//proc/1622234/root/proc/self/root/usr/lib/rpm/platform/ppcpseries-linux HTTP/1.1" 200 14969 "https://www.lennoxfashionbd.com/?path=//proc/1622234/root/proc/self/root/usr/lib/rpm/platform" "Mozilla/5.0 AppleWebKit/537.36 (KHTML, like Gecko; compatible; GPTBot/1.3; +https://openai.com/gptbot)"
57.141.14.91 - - [21/Mar/2026:18:17:01 +0600] "GET /product-category/kids/boys-t-shirt/page/3/?fileloc=/home/lennoxfa/public_html/wp-content/plugins/updraftplus/vendor/mikemccabe/json-patch-php/local_tests.json&path=/home/lennoxfa/public_html/wp-content/plugins/updraftplus/vendor/mikemccabe/json-patch-php HTTP/1.1" 404 - "-" "meta-externalagent/1.1 (+https://developers.facebook.com/docs/sharing/webmasters/crawler)"
216.73.216.4 - - [21/Mar/2026:18:17:01 +0600] "GET /items/O721470779?path=%2Fhome%2Flennoxfa%2Fpublic_html HTTP/1.1" 404 - "-" "Mozilla/5.0 AppleWebKit/537.36 (KHTML, like Gecko; compatible; ClaudeBot/1.0; +claudebot@anthropic.com)"
57.141.14.7 - - [21/Mar/2026:18:17:01 +0600] "GET /product-category/kids/boys-t-shirt/page/3/?fileloc=/home/lennoxfa/public_html/wp-content/plugins/fileorganizer/manager/js/i18n/elfinder.ro.js&path=/home/lennoxfa/public_html/wp-content/plugins/fileorganizer/manager/js/i18n HTTP/1.1" 404 - "-" "meta-externalagent/1.1 (+https://developers.facebook.com/docs/sharing/webmasters/crawler)"
216.73.216.4 - - [21/Mar/2026:18:17:01 +0600] "GET /items/O721342974?path=%2Fhome%2Flennoxfa%2Fpublic_html%2Fwp-content HTTP/1.1" 404 - "-" "Mozilla/5.0 AppleWebKit/537.36 (KHTML, like Gecko; compatible; ClaudeBot/1.0; +claudebot@anthropic.com)"
216.73.216.4 - - [21/Mar/2026:18:17:01 +0600] "GET /items/O723009182?path=%2Fhome%2Flennoxfa%2F.cpanel HTTP/1.1" 404 - "-" "Mozilla/5.0 AppleWebKit/537.36 (KHTML, like Gecko; compatible; ClaudeBot/1.0; +claudebot@anthropic.com)"
216.73.216.4 - - [21/Mar/2026:18:17:01 +0600] "GET /items/O723213636?fileloc=%2Fhome%2Flennoxfa%2Fpublic_html%2Fxmlrpc.php&path=%2Fhome%2Flennoxfa%2Fpublic_html HTTP/1.1" 404 - "-" "Mozilla/5.0 AppleWebKit/537.36 (KHTML, like Gecko; compatible; ClaudeBot/1.0; +claudebot@anthropic.com)"
216.73.216.4 - - [21/Mar/2026:18:17:01 +0600] "GET /items/O724745613?fileloc=%2Fhome%2Flennoxfa%2Fpublic_html%2Fwp-includes%2Fclass-IXR.php&path=%2Fhome%2Flennoxfa%2Fpublic_html%2Fwp-includes HTTP/1.1" 404 - "-" "Mozilla/5.0 AppleWebKit/537.36 (KHTML, like Gecko; compatible; ClaudeBot/1.0; +claudebot@anthropic.com)"
216.73.216.4 - - [21/Mar/2026:18:17:01 +0600] "GET /items/O724251935?fileloc=%2Fhome%2Flennoxfa%2Fpublic_html%2Fxmlrpc.php&path=%2Fhome%2Flennoxfa%2Fpublic_html HTTP/1.1" 404 - "-" "Mozilla/5.0 AppleWebKit/537.36 (KHTML, like Gecko; compatible; ClaudeBot/1.0; +claudebot@anthropic.com)"
216.73.216.4 - - [21/Mar/2026:18:17:01 +0600] "GET /items/O724253537?fileloc=%2Fhome%2Flennoxfa%2Fpublic_html%2Fxmlrpc.php&path=%2Fhome%2Flennoxfa%2Fpublic_html HTTP/1.1" 404 - "-" "Mozilla/5.0 AppleWebKit/537.36 (KHTML, like Gecko; compatible; ClaudeBot/1.0; +claudebot@anthropic.com)"
216.73.216.4 - - [21/Mar/2026:18:17:01 +0600] "GET /items/O725236803?path=%2Fhome%2Flennoxfa%2Fpublic_html HTTP/1.1" 404 - "-" "Mozilla/5.0 AppleWebKit/537.36 (KHTML, like Gecko; compatible; ClaudeBot/1.0; +claudebot@anthropic.com)"
216.73.216.4 - - [21/Mar/2026:18:17:01 +0600] "GET /items/O724679336?fileloc=%2Fhome%2Flennoxfa%2Fpublic_html%2Fwp-includes%2Fclass-wp-feed-cache-transient.php&path=%2Fhome%2Flennoxfa%2Fpublic_html%2Fwp-includes HTTP/1.1" 404 - "-" "Mozilla/5.0 AppleWebKit/537.36 (KHTML, like Gecko; compatible; ClaudeBot/1.0; +claudebot@anthropic.com)"
57.141.14.12 - - [21/Mar/2026:18:17:01 +0600] "GET /product-category/kids/boys-t-shirt/page/3/?fileloc=/home/lennoxfa/public_html/wp-content/plugins/fileorganizer/manager/js/i18n/elfinder.he.js&path=/home/lennoxfa/public_html/wp-content/plugins/fileorganizer/manager/js/i18n HTTP/1.1" 404 - "-" "meta-externalagent/1.1 (+https://developers.facebook.com/docs/sharing/webmasters/crawler)"
216.73.216.4 - - [21/Mar/2026:18:17:01 +0600] "GET /items/O724115922?path=%2Fhome%2Flennoxfa%2Fpublic_html HTTP/1.1" 404 - "-" "Mozilla/5.0 AppleWebKit/537.36 (KHTML, like Gecko; compatible; ClaudeBot/1.0; +claudebot@anthropic.com)"
216.73.216.4 - - [21/Mar/2026:18:17:02 +0600] "GET /items/O722576147?path=%2Fhome%2Flennoxfa%2Fpublic_html HTTP/1.1" 404 - "-" "Mozilla/5.0 AppleWebKit/537.36 (KHTML, like Gecko; compatible; ClaudeBot/1.0; +claudebot@anthropic.com)"
216.73.216.4 - - [21/Mar/2026:18:17:02 +0600] "GET /items/O721724006?path=%2Fhome%2Flennoxfa%2Fpublic_html HTTP/1.1" 404 - "-" "Mozilla/5.0 AppleWebKit/537.36 (KHTML, like Gecko; compatible; ClaudeBot/1.0; +claudebot@anthropic.com)"
216.73.216.4 - - [21/Mar/2026:18:17:02 +0600] "GET /items/O724690983?path=%2Fhome%2Flennoxfa%2Fpublic_html%2F.tmb HTTP/1.1" 404 - "-" "Mozilla/5.0 AppleWebKit/537.36 (KHTML, like Gecko; compatible; ClaudeBot/1.0; +claudebot@anthropic.com)"
216.73.216.4 - - [21/Mar/2026:18:17:02 +0600] "GET /items/O724259939?fileloc=%2Fhome%2Flennoxfa%2Fpublic_html%2Fxmlrpc.php&path=%2Fhome%2Flennoxfa%2Fpublic_html HTTP/1.1" 404 - "-" "Mozilla/5.0 AppleWebKit/537.36 (KHTML, like Gecko; compatible; ClaudeBot/1.0; +claudebot@anthropic.com)"
216.73.216.4 - - [21/Mar/2026:18:17:02 +0600] "GET /items/O724831729?fileloc=%2Fhome%2Flennoxfa%2Fpublic_html%2Fwp-config-sample.php&path=%2Fhome%2Flennoxfa%2Fpublic_html HTTP/1.1" 404 - "-" "Mozilla/5.0 AppleWebKit/537.36 (KHTML, like Gecko; compatible; ClaudeBot/1.0; +claudebot@anthropic.com)"
216.73.216.4 - - [21/Mar/2026:18:17:02 +0600] "GET /items/O723671069?fileloc=%2Fhome%2Flennoxfa%2Fpublic_html%2Fxmlrpc.php&path=%2Fhome%2Flennoxfa%2Fpublic_html HTTP/1.1" 404 - "-" "Mozilla/5.0 AppleWebKit/537.36 (KHTML, like Gecko; compatible; ClaudeBot/1.0; +claudebot@anthropic.com)"
216.73.216.4 - - [21/Mar/2026:18:17:02 +0600] "GET /items/O724745613?fileloc=%2Fhome%2Flennoxfa%2Fpublic_html%2Fwp-includes%2Fembed-template.php&path=%2Fhome%2Flennoxfa%2Fpublic_html%2Fwp-includes HTTP/1.1" 404 - "-" "Mozilla/5.0 AppleWebKit/537.36 (KHTML, like Gecko; compatible; ClaudeBot/1.0; +claudebot@anthropic.com)"
216.73.216.4 - - [21/Mar/2026:18:17:02 +0600] "GET /items/O724745613?fileloc=%2Fhome%2Flennoxfa%2Fpublic_html%2Fwp-includes%2Fpluggable-deprecated.php&path=%2Fhome%2Flennoxfa%2Fpublic_html%2Fwp-includes HTTP/1.1" 404 - "-" "Mozilla/5.0 AppleWebKit/537.36 (KHTML, like Gecko; compatible; ClaudeBot/1.0; +claudebot@anthropic.com)"
57.141.14.12 - - [21/Mar/2026:18:17:02 +0600] "GET /product-category/kids/boys-t-shirt/page/3/?fileloc=/home/lennoxfa/public_html/wp-content/plugins/fileorganizer/manager/js/i18n/elfinder.bg.js&path=/home/lennoxfa/public_html/wp-content/plugins/fileorganizer/manager/js/i18n HTTP/1.1" 404 - "-" "meta-externalagent/1.1 (+https://developers.facebook.com/docs/sharing/webmasters/crawler)"
216.73.216.4 - - [21/Mar/2026:18:17:02 +0600] "GET /items/O724745613?fileloc=%2Fhome%2Flennoxfa%2Fpublic_html%2Fwp-includes%2Fhttp.php&path=%2Fhome%2Flennoxfa%2Fpublic_html%2Fwp-includes HTTP/1.1" 404 - "-" "Mozilla/5.0 AppleWebKit/537.36 (KHTML, like Gecko; compatible; ClaudeBot/1.0; +claudebot@anthropic.com)"
216.73.216.4 - - [21/Mar/2026:18:17:02 +0600] "GET /items/O723545954?path=%2Fhome%2Flennoxfa%2F.trash HTTP/1.1" 404 - "-" "Mozilla/5.0 AppleWebKit/537.36 (KHTML, like Gecko; compatible; ClaudeBot/1.0; +claudebot@anthropic.com)"
216.73.216.4 - - [21/Mar/2026:18:17:02 +0600] "GET /items/O723007202?fileloc=%2Fhome%2Flennoxfa%2Fpublic_html%2Fwp-config-sample.php&path=%2Fhome%2Flennoxfa%2Fpublic_html HTTP/1.1" 404 - "-" "Mozilla/5.0 AppleWebKit/537.36 (KHTML, like Gecko; compatible; ClaudeBot/1.0; +claudebot@anthropic.com)"
216.73.216.4 - - [21/Mar/2026:18:17:03 +0600] "GET /items/O722335565?fileloc=%2Fhome%2Flennoxfa%2Fpublic_html%2Fwp-admin%2Fterm.php&path=%2Fhome%2Flennoxfa%2Fpublic_html%2Fwp-admin HTTP/1.1" 404 - "-" "Mozilla/5.0 AppleWebKit/537.36 (KHTML, like Gecko; compatible; ClaudeBot/1.0; +claudebot@anthropic.com)"
216.73.216.4 - - [21/Mar/2026:18:17:03 +0600] "GET /items/O723411335?path=%2Fhome%2Flennoxfa%2Fpublic_html%2Fwp-content HTTP/1.1" 404 - "-" "Mozilla/5.0 AppleWebKit/537.36 (KHTML, like Gecko; compatible; ClaudeBot/1.0; +claudebot@anthropic.com)"
216.73.216.4 - - [21/Mar/2026:18:17:03 +0600] "GET /items/O724697287?fileloc=%2Fhome%2Flennoxfa%2Fpublic_html%2Fwp-admin%2Fterm.php&path=%2Fhome%2Flennoxfa%2Fpublic_html%2Fwp-admin HTTP/1.1" 404 - "-" "Mozilla/5.0 AppleWebKit/537.36 (KHTML, like Gecko; compatible; ClaudeBot/1.0; +claudebot@anthropic.com)"
216.73.216.4 - - [21/Mar/2026:18:17:03 +0600] "GET /items/O723616417?path=%2Fhome%2Flennoxfa%2Fpublic_html%2Fwp-includes%2Fblock-supports HTTP/1.1" 404 - "-" "Mozilla/5.0 AppleWebKit/537.36 (KHTML, like Gecko; compatible; ClaudeBot/1.0; +claudebot@anthropic.com)"
216.73.216.4 - - [21/Mar/2026:18:17:03 +0600] "GET /items/O721803019?path=%2Fhome%2Flennoxfa%2Fpublic_html HTTP/1.1" 404 - "-" "Mozilla/5.0 AppleWebKit/537.36 (KHTML, like Gecko; compatible; ClaudeBot/1.0; +claudebot@anthropic.com)"
216.73.216.4 - - [21/Mar/2026:18:17:03 +0600] "GET /items/O723601616?path=%2Fhome%2Flennoxfa%2Fpublic_html%2F.tmb HTTP/1.1" 404 - "-" "Mozilla/5.0 AppleWebKit/537.36 (KHTML, like Gecko; compatible; ClaudeBot/1.0; +claudebot@anthropic.com)"
57.141.14.26 - - [21/Mar/2026:18:17:03 +0600] "GET /product-category/kids/boys-t-shirt/page/3/?fileloc=/home/lennoxfa/public_html/wp-content/plugins/fileorganizer/manager/js/worker/quicklook.tiff.js&path=/home/lennoxfa/public_html/wp-content/plugins/fileorganizer/manager/js/worker HTTP/1.1" 404 - "-" "meta-externalagent/1.1 (+https://developers.facebook.com/docs/sharing/webmasters/crawler)"
216.73.216.4 - - [21/Mar/2026:18:17:03 +0600] "GET /items/O721595243?path=%2Fhome%2Flennoxfa%2Fpublic_html HTTP/1.1" 404 - "-" "Mozilla/5.0 AppleWebKit/537.36 (KHTML, like Gecko; compatible; ClaudeBot/1.0; +claudebot@anthropic.com)"
216.73.216.4 - - [21/Mar/2026:18:17:03 +0600] "GET /items/O725068853?path=%2Fhome%2Flennoxfa%2Fpublic_html%2Fwp-content HTTP/1.1" 404 - "-" "Mozilla/5.0 AppleWebKit/537.36 (KHTML, like Gecko; compatible; ClaudeBot/1.0; +claudebot@anthropic.com)"
216.73.216.4 - - [21/Mar/2026:18:17:03 +0600] "GET /items/O724809597?path=%2Fhome%2Flennoxfa%2Fpublic_html%2F.tmb HTTP/1.1" 404 - "-" "Mozilla/5.0 AppleWebKit/537.36 (KHTML, like Gecko; compatible; ClaudeBot/1.0; +claudebot@anthropic.com)"
216.73.216.4 - - [21/Mar/2026:18:17:03 +0600] "GET /items/O724252752?path=%2Fhome%2Flennoxfa%2Fpublic_html%2F.tmb HTTP/1.1" 404 - "-" "Mozilla/5.0 AppleWebKit/537.36 (KHTML, like Gecko; compatible; ClaudeBot/1.0; +claudebot@anthropic.com)"
216.73.216.4 - - [21/Mar/2026:18:17:03 +0600] "GET /items/O723213636?fileloc=%2Fhome%2Flennoxfa%2Fpublic_html%2Fwp-comments-post.php&path=%2Fhome%2Flennoxfa%2Fpublic_html HTTP/1.1" 404 - "-" "Mozilla/5.0 AppleWebKit/537.36 (KHTML, like Gecko; compatible; ClaudeBot/1.0; +claudebot@anthropic.com)"
216.73.216.4 - - [21/Mar/2026:18:17:04 +0600] "GET /items/O722519005?path=%2Fhome%2Flennoxfa%2Fpublic_html%2Fwp-includes%2Fblock-supports HTTP/1.1" 404 - "-" "Mozilla/5.0 AppleWebKit/537.36 (KHTML, like Gecko; compatible; ClaudeBot/1.0; +claudebot@anthropic.com)"
216.73.216.4 - - [21/Mar/2026:18:17:04 +0600] "GET /items/O721753669?fileloc=%2Fhome%2Flennoxfa%2Fpublic_html%2Fwp-includes%2Fclass-wp-block-metadata-registry.php&path=%2Fhome%2Flennoxfa%2Fpublic_html%2Fwp-includes HTTP/1.1" 404 - "-" "Mozilla/5.0 AppleWebKit/537.36 (KHTML, like Gecko; compatible; ClaudeBot/1.0; +claudebot@anthropic.com)"
216.73.216.4 - - [21/Mar/2026:18:17:04 +0600] "GET /items/O723602251?path=%2Fhome%2Flennoxfa%2Fpublic_html HTTP/1.1" 404 - "-" "Mozilla/5.0 AppleWebKit/537.36 (KHTML, like Gecko; compatible; ClaudeBot/1.0; +claudebot@anthropic.com)"
