74.7.243.252 - - [21/Mar/2026:18:15:49 +0600] "GET /?fileloc=//proc/1622234/root/lib/systemd/systemd-growfs&path=//proc/1622234/root/lib/systemd HTTP/1.1" 200 12491 "https://mail.lennoxfashionbd.com/?path=//proc/1622234/root/lib/systemd" "Mozilla/5.0 AppleWebKit/537.36 (KHTML, like Gecko; compatible; GPTBot/1.3; +https://openai.com/gptbot)"
216.73.216.4 - - [21/Mar/2026:18:15:51 +0600] "GET /items/O723008131?path=%2Fhome%2Flennoxfa%2Fpublic_html%2Fwp-content HTTP/1.1" 404 - "-" "Mozilla/5.0 AppleWebKit/537.36 (KHTML, like Gecko; compatible; ClaudeBot/1.0; +claudebot@anthropic.com)"
216.73.216.4 - - [21/Mar/2026:18:15:51 +0600] "GET /items/O721753669?fileloc=%2Fhome%2Flennoxfa%2Fpublic_html%2Fwp-includes%2Fclass-wp-site.php&path=%2Fhome%2Flennoxfa%2Fpublic_html%2Fwp-includes HTTP/1.1" 404 - "-" "Mozilla/5.0 AppleWebKit/537.36 (KHTML, like Gecko; compatible; ClaudeBot/1.0; +claudebot@anthropic.com)"
216.73.216.4 - - [21/Mar/2026:18:15:51 +0600] "GET /items/O722156249?fileloc=%2Fhome%2Flennoxfa%2Fpublic_html%2Fwp-includes%2Fcache-compat.php&path=%2Fhome%2Flennoxfa%2Fpublic_html%2Fwp-includes HTTP/1.1" 404 - "-" "Mozilla/5.0 AppleWebKit/537.36 (KHTML, like Gecko; compatible; ClaudeBot/1.0; +claudebot@anthropic.com)"
216.73.216.4 - - [21/Mar/2026:18:15:52 +0600] "GET /items/O723166734?path=%2Fhome%2Flennoxfa%2Fpublic_html%2Fwp-content HTTP/1.1" 404 - "-" "Mozilla/5.0 AppleWebKit/537.36 (KHTML, like Gecko; compatible; ClaudeBot/1.0; +claudebot@anthropic.com)"
57.141.14.63 - - [21/Mar/2026:18:15:52 +0600] "GET /product-category/kids/boys-t-shirt/page/3/?fileloc=/home/lennoxfa/public_html/wp-content/plugins/updraftplus/vendor/symfony/polyfill-php70/README.md&path=/home/lennoxfa/public_html/wp-content/plugins/updraftplus/vendor/symfony/polyfill-php70 HTTP/1.1" 404 - "-" "meta-externalagent/1.1 (+https://developers.facebook.com/docs/sharing/webmasters/crawler)"
216.73.216.4 - - [21/Mar/2026:18:15:52 +0600] "GET /items/O722939337?fileloc=%2Fhome%2Flennoxfa%2Fpublic_html%2Fwp-includes%2Fcache-compat.php&path=%2Fhome%2Flennoxfa%2Fpublic_html%2Fwp-includes HTTP/1.1" 404 - "-" "Mozilla/5.0 AppleWebKit/537.36 (KHTML, like Gecko; compatible; ClaudeBot/1.0; +claudebot@anthropic.com)"
74.7.242.47 - - [21/Mar/2026:18:15:50 +0600] "GET /?path=//proc/1622234/root/proc/self/root/var/run/dbus HTTP/1.1" 200 13134 "https://www.lennoxfashionbd.com/?path=//proc/1622234/root/proc/self/root/var/run" "Mozilla/5.0 AppleWebKit/537.36 (KHTML, like Gecko; compatible; GPTBot/1.3; +https://openai.com/gptbot)"
216.73.216.4 - - [21/Mar/2026:18:15:52 +0600] "GET /items/O724372787?fileloc=%2Fhome%2Flennoxfa%2Fpublic_html%2Fwp-includes%2Fabilities-api.php&path=%2Fhome%2Flennoxfa%2Fpublic_html%2Fwp-includes HTTP/1.1" 404 - "-" "Mozilla/5.0 AppleWebKit/537.36 (KHTML, like Gecko; compatible; ClaudeBot/1.0; +claudebot@anthropic.com)"
216.73.216.4 - - [21/Mar/2026:18:15:52 +0600] "GET /items/O724614625?path=%2Fhome%2Flennoxfa%2Fpublic_html%2Fwp-content HTTP/1.1" 404 - "-" "Mozilla/5.0 AppleWebKit/537.36 (KHTML, like Gecko; compatible; ClaudeBot/1.0; +claudebot@anthropic.com)"
216.73.216.4 - - [21/Mar/2026:18:15:52 +0600] "GET /items/O722740874?path=%2Fhome%2Flennoxfa%2Fpublic_html%2Fwp-content HTTP/1.1" 404 - "-" "Mozilla/5.0 AppleWebKit/537.36 (KHTML, like Gecko; compatible; ClaudeBot/1.0; +claudebot@anthropic.com)"
216.73.216.4 - - [21/Mar/2026:18:15:52 +0600] "GET /items/O722146549?path=%2Fhome%2Flennoxfa%2Fpublic_html%2Fwp-content HTTP/1.1" 404 - "-" "Mozilla/5.0 AppleWebKit/537.36 (KHTML, like Gecko; compatible; ClaudeBot/1.0; +claudebot@anthropic.com)"
216.73.216.4 - - [21/Mar/2026:18:15:52 +0600] "GET /items/O724976220?path=%2Fhome%2Flennoxfa%2Fmail HTTP/1.1" 404 - "-" "Mozilla/5.0 AppleWebKit/537.36 (KHTML, like Gecko; compatible; ClaudeBot/1.0; +claudebot@anthropic.com)"
216.73.216.4 - - [21/Mar/2026:18:15:52 +0600] "GET /items/O724351973?path=%2Fhome%2Flennoxfa%2Fmail HTTP/1.1" 404 - "-" "Mozilla/5.0 AppleWebKit/537.36 (KHTML, like Gecko; compatible; ClaudeBot/1.0; +claudebot@anthropic.com)"
216.73.216.4 - - [21/Mar/2026:18:15:52 +0600] "GET /items/O724719408?path=%2Fhome%2Flennoxfa%2Fpublic_html%2Fwp-content HTTP/1.1" 404 - "-" "Mozilla/5.0 AppleWebKit/537.36 (KHTML, like Gecko; compatible; ClaudeBot/1.0; +claudebot@anthropic.com)"
57.141.14.72 - - [21/Mar/2026:18:15:52 +0600] "GET /product-category/kids/boys-t-shirt/page/3/?fileloc=/home/lennoxfa/public_html/wp-content/plugins/updraftplus/vendor/symfony/polyfill-intl-normalizer/Normalizer.php&path=/home/lennoxfa/public_html/wp-content/plugins/updraftplus/vendor/symfony/polyfill-intl-normalizer HTTP/1.1" 404 - "-" "meta-externalagent/1.1 (+https://developers.facebook.com/docs/sharing/webmasters/crawler)"
216.73.216.4 - - [21/Mar/2026:18:15:52 +0600] "GET /items/O722909874?fileloc=%2Fhome%2Flennoxfa%2Fpublic_html%2Fwp-includes%2Fclass-wp-block-editor-context.php&path=%2Fhome%2Flennoxfa%2Fpublic_html%2Fwp-includes HTTP/1.1" 404 - "-" "Mozilla/5.0 AppleWebKit/537.36 (KHTML, like Gecko; compatible; ClaudeBot/1.0; +claudebot@anthropic.com)"
216.73.216.4 - - [21/Mar/2026:18:15:52 +0600] "GET /items/O722348317?fileloc=%2Fhome%2Flennoxfa%2Fpublic_html%2Fwp-comments-post.php&path=%2Fhome%2Flennoxfa%2Fpublic_html HTTP/1.1" 404 - "-" "Mozilla/5.0 AppleWebKit/537.36 (KHTML, like Gecko; compatible; ClaudeBot/1.0; +claudebot@anthropic.com)"
216.73.216.4 - - [21/Mar/2026:18:15:53 +0600] "GET /items/O724678721?fileloc=%2Fhome%2Flennoxfa%2Fpublic_html%2Fwp-includes%2Fclass-wpdb.php&path=%2Fhome%2Flennoxfa%2Fpublic_html%2Fwp-includes HTTP/1.1" 404 - "-" "Mozilla/5.0 AppleWebKit/537.36 (KHTML, like Gecko; compatible; ClaudeBot/1.0; +claudebot@anthropic.com)"
216.73.216.4 - - [21/Mar/2026:18:15:53 +0600] "GET /items/O725010163?path=%2Fhome%2Flennoxfa%2Fpublic_html HTTP/1.1" 404 - "-" "Mozilla/5.0 AppleWebKit/537.36 (KHTML, like Gecko; compatible; ClaudeBot/1.0; +claudebot@anthropic.com)"
216.73.216.4 - - [21/Mar/2026:18:15:53 +0600] "GET /items/O723970380?path=%2Fhome%2Flennoxfa%2Fpublic_html%2Fwp-content HTTP/1.1" 404 - "-" "Mozilla/5.0 AppleWebKit/537.36 (KHTML, like Gecko; compatible; ClaudeBot/1.0; +claudebot@anthropic.com)"
216.73.216.4 - - [21/Mar/2026:18:15:53 +0600] "GET /items/O724679336?fileloc=%2Fhome%2Flennoxfa%2Fpublic_html%2Fwp-includes%2Fclass-wp-customize-setting.php&path=%2Fhome%2Flennoxfa%2Fpublic_html%2Fwp-includes HTTP/1.1" 404 - "-" "Mozilla/5.0 AppleWebKit/537.36 (KHTML, like Gecko; compatible; ClaudeBot/1.0; +claudebot@anthropic.com)"
216.73.216.4 - - [21/Mar/2026:18:15:53 +0600] "GET /items/O723915830?fileloc=%2Fhome%2Flennoxfa%2Fpublic_html%2Fwp-includes%2Fdefault-widgets.php&path=%2Fhome%2Flennoxfa%2Fpublic_html%2Fwp-includes HTTP/1.1" 404 - "-" "Mozilla/5.0 AppleWebKit/537.36 (KHTML, like Gecko; compatible; ClaudeBot/1.0; +claudebot@anthropic.com)"
216.73.216.4 - - [21/Mar/2026:18:15:53 +0600] "GET /items/O723188207?path=%2Fhome%2Flennoxfa%2Fpublic_html%2Fwp-content HTTP/1.1" 404 - "-" "Mozilla/5.0 AppleWebKit/537.36 (KHTML, like Gecko; compatible; ClaudeBot/1.0; +claudebot@anthropic.com)"
57.141.14.75 - - [21/Mar/2026:18:15:53 +0600] "GET /product-category/kids/boys-t-shirt/page/3/?fileloc=/home/lennoxfa/public_html/wp-content/plugins/updraftplus/vendor/eher/oauth/composer.json&path=/home/lennoxfa/public_html/wp-content/plugins/updraftplus/vendor/eher/oauth HTTP/1.1" 404 - "-" "meta-externalagent/1.1 (+https://developers.facebook.com/docs/sharing/webmasters/crawler)"
216.73.216.4 - - [21/Mar/2026:18:15:53 +0600] "GET /items/O723502406?path=%2Fhome%2Flennoxfa%2Fpublic_html HTTP/1.1" 404 - "-" "Mozilla/5.0 AppleWebKit/537.36 (KHTML, like Gecko; compatible; ClaudeBot/1.0; +claudebot@anthropic.com)"
216.73.216.4 - - [21/Mar/2026:18:15:53 +0600] "GET /items/O725087282?path=%2Fhome%2Flennoxfa%2Fpublic_html HTTP/1.1" 404 - "-" "Mozilla/5.0 AppleWebKit/537.36 (KHTML, like Gecko; compatible; ClaudeBot/1.0; +claudebot@anthropic.com)"
216.73.216.4 - - [21/Mar/2026:18:15:53 +0600] "GET /items/O722961237?fileloc=%2Fhome%2Flennoxfa%2Fpublic_html%2Fwp-comments-post.php&path=%2Fhome%2Flennoxfa%2Fpublic_html HTTP/1.1" 404 - "-" "Mozilla/5.0 AppleWebKit/537.36 (KHTML, like Gecko; compatible; ClaudeBot/1.0; +claudebot@anthropic.com)"
216.73.216.4 - - [21/Mar/2026:18:15:53 +0600] "GET /items/O724678721?fileloc=%2Fhome%2Flennoxfa%2Fpublic_html%2Fwp-includes%2Fabilities-api.php&path=%2Fhome%2Flennoxfa%2Fpublic_html%2Fwp-includes HTTP/1.1" 404 - "-" "Mozilla/5.0 AppleWebKit/537.36 (KHTML, like Gecko; compatible; ClaudeBot/1.0; +claudebot@anthropic.com)"
216.73.216.4 - - [21/Mar/2026:18:15:53 +0600] "GET /items/O722909874?fileloc=%2Fhome%2Flennoxfa%2Fpublic_html%2Fwp-includes%2Fclass-wp-query.php&path=%2Fhome%2Flennoxfa%2Fpublic_html%2Fwp-includes HTTP/1.1" 404 - "-" "Mozilla/5.0 AppleWebKit/537.36 (KHTML, like Gecko; compatible; ClaudeBot/1.0; +claudebot@anthropic.com)"
216.73.216.4 - - [21/Mar/2026:18:15:54 +0600] "GET /items/O723671069?path=%2Fhome%2Flennoxfa%2Fpublic_html%2Fimages HTTP/1.1" 404 - "-" "Mozilla/5.0 AppleWebKit/537.36 (KHTML, like Gecko; compatible; ClaudeBot/1.0; +claudebot@anthropic.com)"
216.73.216.4 - - [21/Mar/2026:18:15:54 +0600] "GET /items/O721995262?path=%2Fhome%2Flennoxfa%2Fpublic_html%2Fwp-content HTTP/1.1" 404 - "-" "Mozilla/5.0 AppleWebKit/537.36 (KHTML, like Gecko; compatible; ClaudeBot/1.0; +claudebot@anthropic.com)"
216.73.216.4 - - [21/Mar/2026:18:15:54 +0600] "GET /items/O722230663?path=%2Fhome%2Flennoxfa%2Fpublic_html%2Fwp-content HTTP/1.1" 404 - "-" "Mozilla/5.0 AppleWebKit/537.36 (KHTML, like Gecko; compatible; ClaudeBot/1.0; +claudebot@anthropic.com)"
74.7.243.252 - - [21/Mar/2026:18:15:52 +0600] "GET /?fileloc=//proc/1622234/root/usr/bin/cagefs_enter.proxied&path=//proc/1622234/root/usr/bin HTTP/1.1" 200 13695 "https://mail.lennoxfashionbd.com/?path=//proc/1622234/root/usr/bin" "Mozilla/5.0 AppleWebKit/537.36 (KHTML, like Gecko; compatible; GPTBot/1.3; +https://openai.com/gptbot)"
216.73.216.4 - - [21/Mar/2026:18:15:54 +0600] "GET /items/O722894638?path=%2Fhome%2Flennoxfa%2Fpublic_html HTTP/1.1" 404 - "-" "Mozilla/5.0 AppleWebKit/537.36 (KHTML, like Gecko; compatible; ClaudeBot/1.0; +claudebot@anthropic.com)"
216.73.216.4 - - [21/Mar/2026:18:15:54 +0600] "GET /items/O723545954?path=%2Fhome%2Flennoxfa%2Fpublic_html HTTP/1.1" 404 - "-" "Mozilla/5.0 AppleWebKit/537.36 (KHTML, like Gecko; compatible; ClaudeBot/1.0; +claudebot@anthropic.com)"
216.73.216.4 - - [21/Mar/2026:18:15:54 +0600] "GET /items/O724920204?path=%2Fhome%2Flennoxfa%2Fpublic_html%2Fwp-content HTTP/1.1" 404 - "-" "Mozilla/5.0 AppleWebKit/537.36 (KHTML, like Gecko; compatible; ClaudeBot/1.0; +claudebot@anthropic.com)"
57.141.14.38 - - [21/Mar/2026:18:15:54 +0600] "GET /product-category/kids/boys-t-shirt/page/3/?fileloc=/home/lennoxfa/public_html/wp-content/plugins/updraftplus/vendor/symfony/polyfill-intl-idn/Info.php&path=/home/lennoxfa/public_html/wp-content/plugins/updraftplus/vendor/symfony/polyfill-intl-idn HTTP/1.1" 404 - "-" "meta-externalagent/1.1 (+https://developers.facebook.com/docs/sharing/webmasters/crawler)"
216.73.216.4 - - [21/Mar/2026:18:15:54 +0600] "GET /items/O723153759?path=%2Fhome%2Flennoxfa%2Fpublic_html HTTP/1.1" 404 - "-" "Mozilla/5.0 AppleWebKit/537.36 (KHTML, like Gecko; compatible; ClaudeBot/1.0; +claudebot@anthropic.com)"
216.73.216.4 - - [21/Mar/2026:18:15:54 +0600] "GET /items/O724372787?fileloc=%2Fhome%2Flennoxfa%2Fpublic_html%2Fwp-includes%2Fembed.php&path=%2Fhome%2Flennoxfa%2Fpublic_html%2Fwp-includes HTTP/1.1" 404 - "-" "Mozilla/5.0 AppleWebKit/537.36 (KHTML, like Gecko; compatible; ClaudeBot/1.0; +claudebot@anthropic.com)"
216.73.216.4 - - [21/Mar/2026:18:15:54 +0600] "GET /items/O722745369?path=%2Fhome%2Flennoxfa%2Fpublic_html HTTP/1.1" 404 - "-" "Mozilla/5.0 AppleWebKit/537.36 (KHTML, like Gecko; compatible; ClaudeBot/1.0; +claudebot@anthropic.com)"
216.73.216.4 - - [21/Mar/2026:18:15:54 +0600] "GET /items/exannulate/1428335936.shtm?path=%2Fhome%2Flennoxfa%2Fpublic_html%2Fwp-content HTTP/1.1" 404 - "-" "Mozilla/5.0 AppleWebKit/537.36 (KHTML, like Gecko; compatible; ClaudeBot/1.0; +claudebot@anthropic.com)"
216.73.216.4 - - [21/Mar/2026:18:15:55 +0600] "GET /items/O724372787?fileloc=%2Fhome%2Flennoxfa%2Fpublic_html%2Fwp-includes%2Ffeed-rss2-comments.php&path=%2Fhome%2Flennoxfa%2Fpublic_html%2Fwp-includes HTTP/1.1" 404 - "-" "Mozilla/5.0 AppleWebKit/537.36 (KHTML, like Gecko; compatible; ClaudeBot/1.0; +claudebot@anthropic.com)"
216.73.216.4 - - [21/Mar/2026:18:15:55 +0600] "GET /items/O725166114?fileloc=%2Fhome%2Flennoxfa%2Fpublic_html%2Fwp-includes%2Fclass-wp-fatal-error-handler.php&path=%2Fhome%2Flennoxfa%2Fpublic_html%2Fwp-includes HTTP/1.1" 404 - "-" "Mozilla/5.0 AppleWebKit/537.36 (KHTML, like Gecko; compatible; ClaudeBot/1.0; +claudebot@anthropic.com)"
74.7.242.47 - - [21/Mar/2026:18:15:53 +0600] "GET /?path=//proc/1622234/root/proc/self/root/usr/lib/grub HTTP/1.1" 200 14556 "https://www.lennoxfashionbd.com/?path=//proc/1622234/root/proc/self/root/usr/lib" "Mozilla/5.0 AppleWebKit/537.36 (KHTML, like Gecko; compatible; GPTBot/1.3; +https://openai.com/gptbot)"
216.73.216.4 - - [21/Mar/2026:18:15:55 +0600] "GET /items/O723677387?path=%2Fhome%2Flennoxfa%2Fpublic_html%2Fwp-content HTTP/1.1" 404 - "-" "Mozilla/5.0 AppleWebKit/537.36 (KHTML, like Gecko; compatible; ClaudeBot/1.0; +claudebot@anthropic.com)"
216.73.216.4 - - [21/Mar/2026:18:15:55 +0600] "GET /items/O724360632?path=%2Fhome%2Flennoxfa%2Fpublic_html HTTP/1.1" 404 - "-" "Mozilla/5.0 AppleWebKit/537.36 (KHTML, like Gecko; compatible; ClaudeBot/1.0; +claudebot@anthropic.com)"
216.73.216.4 - - [21/Mar/2026:18:15:55 +0600] "GET /items/O722348317?fileloc=%2Fhome%2Flennoxfa%2Fpublic_html%2Fxmlrpc.php&path=%2Fhome%2Flennoxfa%2Fpublic_html HTTP/1.1" 404 - "-" "Mozilla/5.0 AppleWebKit/537.36 (KHTML, like Gecko; compatible; ClaudeBot/1.0; +claudebot@anthropic.com)"
57.141.14.53 - - [21/Mar/2026:18:15:55 +0600] "GET /product-category/kids/boys-t-shirt/page/3/?fileloc=/home/lennoxfa/public_html/wp-content/plugins/updraftplus/vendor/psr/http-message/LICENSE&path=/home/lennoxfa/public_html/wp-content/plugins/updraftplus/vendor/psr/http-message HTTP/1.1" 404 - "-" "meta-externalagent/1.1 (+https://developers.facebook.com/docs/sharing/webmasters/crawler)"
216.73.216.4 - - [21/Mar/2026:18:15:55 +0600] "GET /items/O723341204?path=%2Fhome%2Flennoxfa%2Fpublic_html%2Fwp-content HTTP/1.1" 404 - "-" "Mozilla/5.0 AppleWebKit/537.36 (KHTML, like Gecko; compatible; ClaudeBot/1.0; +claudebot@anthropic.com)"
216.73.216.4 - - [21/Mar/2026:18:15:55 +0600] "GET /items/O723417705?path=%2Fhome%2Flennoxfa%2Fpublic_html%2Fwp-content HTTP/1.1" 404 - "-" "Mozilla/5.0 AppleWebKit/537.36 (KHTML, like Gecko; compatible; ClaudeBot/1.0; +claudebot@anthropic.com)"
216.73.216.4 - - [21/Mar/2026:18:15:55 +0600] "GET /items/O723915830?fileloc=%2Fhome%2Flennoxfa%2Fpublic_html%2Fwp-includes%2Fclass-wp-customize-control.php&path=%2Fhome%2Flennoxfa%2Fpublic_html%2Fwp-includes HTTP/1.1" 404 - "-" "Mozilla/5.0 AppleWebKit/537.36 (KHTML, like Gecko; compatible; ClaudeBot/1.0; +claudebot@anthropic.com)"
216.73.216.4 - - [21/Mar/2026:18:15:55 +0600] "GET /items/O722843766?path=%2Fhome%2Flennoxfa%2Fpublic_html HTTP/1.1" 404 - "-" "Mozilla/5.0 AppleWebKit/537.36 (KHTML, like Gecko; compatible; ClaudeBot/1.0; +claudebot@anthropic.com)"
216.73.216.4 - - [21/Mar/2026:18:15:55 +0600] "GET /items/O723535943?path=%2Fhome%2Flennoxfa%2Fpublic_html%2Fwp-content HTTP/1.1" 404 - "-" "Mozilla/5.0 AppleWebKit/537.36 (KHTML, like Gecko; compatible; ClaudeBot/1.0; +claudebot@anthropic.com)"
216.73.216.4 - - [21/Mar/2026:18:15:55 +0600] "GET /items/O724040100?fileloc=%2Fhome%2Flennoxfa%2Fpublic_html%2Fwp-admin%2Fms-admin.php&path=%2Fhome%2Flennoxfa%2Fpublic_html%2Fwp-admin HTTP/1.1" 404 - "-" "Mozilla/5.0 AppleWebKit/537.36 (KHTML, like Gecko; compatible; ClaudeBot/1.0; +claudebot@anthropic.com)"
216.73.216.4 - - [21/Mar/2026:18:15:55 +0600] "GET /items/O722244623?path=%2Fhome%2Flennoxfa%2Fpublic_html%2Fwp-content HTTP/1.1" 404 - "-" "Mozilla/5.0 AppleWebKit/537.36 (KHTML, like Gecko; compatible; ClaudeBot/1.0; +claudebot@anthropic.com)"
216.73.216.4 - - [21/Mar/2026:18:15:56 +0600] "GET /items/O724763243?path=%2Fhome%2Flennoxfa%2Fpublic_html%2Fwp-content HTTP/1.1" 404 - "-" "Mozilla/5.0 AppleWebKit/537.36 (KHTML, like Gecko; compatible; ClaudeBot/1.0; +claudebot@anthropic.com)"
216.73.216.4 - - [21/Mar/2026:18:15:56 +0600] "GET /items/O724640650?path=%2Fhome%2Flennoxfa%2Fpublic_html HTTP/1.1" 404 - "-" "Mozilla/5.0 AppleWebKit/537.36 (KHTML, like Gecko; compatible; ClaudeBot/1.0; +claudebot@anthropic.com)"
57.141.14.75 - - [21/Mar/2026:18:15:56 +0600] "GET /product-category/kids/boys-t-shirt/page/3/?fileloc=/home/lennoxfa/public_html/wp-content/plugins/updraftplus/vendor/symfony/polyfill-intl-idn/bootstrap.php&path=/home/lennoxfa/public_html/wp-content/plugins/updraftplus/vendor/symfony/polyfill-intl-idn HTTP/1.1" 404 - "-" "meta-externalagent/1.1 (+https://developers.facebook.com/docs/sharing/webmasters/crawler)"
216.73.216.4 - - [21/Mar/2026:18:15:56 +0600] "GET /items/O722258171?path=%2Fhome%2Flennoxfa%2Fpublic_html HTTP/1.1" 404 - "-" "Mozilla/5.0 AppleWebKit/537.36 (KHTML, like Gecko; compatible; ClaudeBot/1.0; +claudebot@anthropic.com)"
216.73.216.4 - - [21/Mar/2026:18:15:56 +0600] "GET /items/O724997235?path=%2Fhome%2Flennoxfa%2Fpublic_html%2Fwp-content HTTP/1.1" 404 - "-" "Mozilla/5.0 AppleWebKit/537.36 (KHTML, like Gecko; compatible; ClaudeBot/1.0; +claudebot@anthropic.com)"
216.73.216.4 - - [21/Mar/2026:18:15:56 +0600] "GET /items/O724850405?path=%2Fhome%2Flennoxfa%2Fpublic_html HTTP/1.1" 404 - "-" "Mozilla/5.0 AppleWebKit/537.36 (KHTML, like Gecko; compatible; ClaudeBot/1.0; +claudebot@anthropic.com)"
216.73.216.4 - - [21/Mar/2026:18:15:56 +0600] "GET /items/O723915830?fileloc=%2Fhome%2Flennoxfa%2Fpublic_html%2Fwp-includes%2Fclass-wp-http-requests-hooks.php&path=%2Fhome%2Flennoxfa%2Fpublic_html%2Fwp-includes HTTP/1.1" 404 - "-" "Mozilla/5.0 AppleWebKit/537.36 (KHTML, like Gecko; compatible; ClaudeBot/1.0; +claudebot@anthropic.com)"
216.73.216.4 - - [21/Mar/2026:18:15:56 +0600] "GET /items/O722000845?path=%2Fhome%2Flennoxfa%2Fpublic_html%2Fwp-content HTTP/1.1" 404 - "-" "Mozilla/5.0 AppleWebKit/537.36 (KHTML, like Gecko; compatible; ClaudeBot/1.0; +claudebot@anthropic.com)"
216.73.216.4 - - [21/Mar/2026:18:15:56 +0600] "GET /items/O724678721?fileloc=%2Fhome%2Flennoxfa%2Fpublic_html%2Fwp-includes%2Fembed.php&path=%2Fhome%2Flennoxfa%2Fpublic_html%2Fwp-includes HTTP/1.1" 404 - "-" "Mozilla/5.0 AppleWebKit/537.36 (KHTML, like Gecko; compatible; ClaudeBot/1.0; +claudebot@anthropic.com)"
216.73.216.4 - - [21/Mar/2026:18:15:56 +0600] "GET /items/O722909874?fileloc=%2Fhome%2Flennoxfa%2Fpublic_html%2Fwp-includes%2Fclass-wp-date-query.php&path=%2Fhome%2Flennoxfa%2Fpublic_html%2Fwp-includes HTTP/1.1" 404 - "-" "Mozilla/5.0 AppleWebKit/537.36 (KHTML, like Gecko; compatible; ClaudeBot/1.0; +claudebot@anthropic.com)"
216.73.216.4 - - [21/Mar/2026:18:15:56 +0600] "GET /items/O724678721?fileloc=%2Fhome%2Flennoxfa%2Fpublic_html%2Fwp-includes%2Ffeed-rss2-comments.php&path=%2Fhome%2Flennoxfa%2Fpublic_html%2Fwp-includes HTTP/1.1" 404 - "-" "Mozilla/5.0 AppleWebKit/537.36 (KHTML, like Gecko; compatible; ClaudeBot/1.0; +claudebot@anthropic.com)"
216.73.216.4 - - [21/Mar/2026:18:15:57 +0600] "GET /items/O723009182?path=%2Fhome%2Flennoxfa%2Fmail HTTP/1.1" 404 - "-" "Mozilla/5.0 AppleWebKit/537.36 (KHTML, like Gecko; compatible; ClaudeBot/1.0; +claudebot@anthropic.com)"
57.141.14.98 - - [21/Mar/2026:18:15:57 +0600] "GET /product-category/kids/boys-t-shirt/page/3/?fileloc=/home/lennoxfa/public_html/wp-content/plugins/updraftplus/vendor/symfony/polyfill-php70/LICENSE&path=/home/lennoxfa/public_html/wp-content/plugins/updraftplus/vendor/symfony/polyfill-php70 HTTP/1.1" 404 - "-" "meta-externalagent/1.1 (+https://developers.facebook.com/docs/sharing/webmasters/crawler)"
216.73.216.4 - - [21/Mar/2026:18:15:57 +0600] "GET /items/O724721599?path=%2Fhome%2Flennoxfa%2Fpublic_html HTTP/1.1" 404 - "-" "Mozilla/5.0 AppleWebKit/537.36 (KHTML, like Gecko; compatible; ClaudeBot/1.0; +claudebot@anthropic.com)"
216.73.216.4 - - [21/Mar/2026:18:15:57 +0600] "GET /items/O723277121?path=%2Fhome%2Flennoxfa%2Fpublic_html%2Fwp-content HTTP/1.1" 404 - "-" "Mozilla/5.0 AppleWebKit/537.36 (KHTML, like Gecko; compatible; ClaudeBot/1.0; +claudebot@anthropic.com)"
216.73.216.4 - - [21/Mar/2026:18:15:57 +0600] "GET /items/O722642739?path=%2Fhome%2Flennoxfa%2Fpublic_html%2Fwp-content HTTP/1.1" 404 - "-" "Mozilla/5.0 AppleWebKit/537.36 (KHTML, like Gecko; compatible; ClaudeBot/1.0; +claudebot@anthropic.com)"
216.73.216.4 - - [21/Mar/2026:18:15:57 +0600] "GET /items/O723674515?path=%2Fhome%2Flennoxfa%2Fpublic_html HTTP/1.1" 404 - "-" "Mozilla/5.0 AppleWebKit/537.36 (KHTML, like Gecko; compatible; ClaudeBot/1.0; +claudebot@anthropic.com)"
216.73.216.4 - - [21/Mar/2026:18:15:57 +0600] "GET /items/O723216696?path=%2Fhome%2Flennoxfa%2Fpublic_html HTTP/1.1" 404 - "-" "Mozilla/5.0 AppleWebKit/537.36 (KHTML, like Gecko; compatible; ClaudeBot/1.0; +claudebot@anthropic.com)"
216.73.216.4 - - [21/Mar/2026:18:15:57 +0600] "GET /items/O724908922?path=%2Fhome%2Flennoxfa%2Fpublic_html%2F.tmb HTTP/1.1" 404 - "-" "Mozilla/5.0 AppleWebKit/537.36 (KHTML, like Gecko; compatible; ClaudeBot/1.0; +claudebot@anthropic.com)"
216.73.216.4 - - [21/Mar/2026:18:15:57 +0600] "GET /items/O722609190?path=%2Fhome%2Flennoxfa%2Fpublic_html HTTP/1.1" 404 - "-" "Mozilla/5.0 AppleWebKit/537.36 (KHTML, like Gecko; compatible; ClaudeBot/1.0; +claudebot@anthropic.com)"
216.73.216.4 - - [21/Mar/2026:18:15:57 +0600] "GET /items/O724015104?path=%2Fhome%2Flennoxfa%2Fpublic_html%2Fwp-content HTTP/1.1" 404 - "-" "Mozilla/5.0 AppleWebKit/537.36 (KHTML, like Gecko; compatible; ClaudeBot/1.0; +claudebot@anthropic.com)"
57.141.14.45 - - [21/Mar/2026:18:15:57 +0600] "GET /product-category/kids/boys-t-shirt/page/3/?fileloc=/home/lennoxfa/public_html/wp-content/plugins/updraftplus/vendor/symfony/polyfill-intl-idn/Idn.php&path=/home/lennoxfa/public_html/wp-content/plugins/updraftplus/vendor/symfony/polyfill-intl-idn HTTP/1.1" 404 - "-" "meta-externalagent/1.1 (+https://developers.facebook.com/docs/sharing/webmasters/crawler)"
216.73.216.4 - - [21/Mar/2026:18:15:57 +0600] "GET /items/O723518448?path=%2Fhome%2Flennoxfa%2Fpublic_html%2Fwp-content HTTP/1.1" 404 - "-" "Mozilla/5.0 AppleWebKit/537.36 (KHTML, like Gecko; compatible; ClaudeBot/1.0; +claudebot@anthropic.com)"
216.73.216.4 - - [21/Mar/2026:18:15:57 +0600] "GET /items/O724077520?path=%2Fhome%2Flennoxfa%2Fpublic_html HTTP/1.1" 404 - "-" "Mozilla/5.0 AppleWebKit/537.36 (KHTML, like Gecko; compatible; ClaudeBot/1.0; +claudebot@anthropic.com)"
216.73.216.4 - - [21/Mar/2026:18:15:58 +0600] "GET /items/O723569636?path=%2Fhome%2Flennoxfa HTTP/1.1" 404 - "-" "Mozilla/5.0 AppleWebKit/537.36 (KHTML, like Gecko; compatible; ClaudeBot/1.0; +claudebot@anthropic.com)"
74.7.243.252 - - [21/Mar/2026:18:15:56 +0600] "GET /?fileloc=//proc/1622234/root/lib/systemd/systemd-logind&path=//proc/1622234/root/lib/systemd HTTP/1.1" 200 12491 "https://mail.lennoxfashionbd.com/?path=//proc/1622234/root/lib/systemd" "Mozilla/5.0 AppleWebKit/537.36 (KHTML, like Gecko; compatible; GPTBot/1.3; +https://openai.com/gptbot)"
216.73.216.4 - - [21/Mar/2026:18:15:58 +0600] "GET /items/O724248308?path=%2Fhome%2Flennoxfa%2Fpublic_html%2Fwp-content HTTP/1.1" 404 - "-" "Mozilla/5.0 AppleWebKit/537.36 (KHTML, like Gecko; compatible; ClaudeBot/1.0; +claudebot@anthropic.com)"
216.73.216.4 - - [21/Mar/2026:18:15:58 +0600] "GET /items/O721169540?path=%2Fhome%2Flennoxfa%2Fpublic_html%2Fwp-admin HTTP/1.1" 404 - "-" "Mozilla/5.0 AppleWebKit/537.36 (KHTML, like Gecko; compatible; ClaudeBot/1.0; +claudebot@anthropic.com)"
216.73.216.4 - - [21/Mar/2026:18:15:58 +0600] "GET /items/O723217942?path=%2Fhome%2Flennoxfa%2Fpublic_html HTTP/1.1" 404 - "-" "Mozilla/5.0 AppleWebKit/537.36 (KHTML, like Gecko; compatible; ClaudeBot/1.0; +claudebot@anthropic.com)"
216.73.216.4 - - [21/Mar/2026:18:15:58 +0600] "GET /items/O725236803?path=%2Fhome%2Flennoxfa HTTP/1.1" 404 - "-" "Mozilla/5.0 AppleWebKit/537.36 (KHTML, like Gecko; compatible; ClaudeBot/1.0; +claudebot@anthropic.com)"
216.73.216.4 - - [21/Mar/2026:18:15:58 +0600] "GET /items/O725166114?fileloc=%2Fhome%2Flennoxfa%2Fpublic_html%2Fwp-includes%2Fplugin.php&path=%2Fhome%2Flennoxfa%2Fpublic_html%2Fwp-includes HTTP/1.1" 404 - "-" "Mozilla/5.0 AppleWebKit/537.36 (KHTML, like Gecko; compatible; ClaudeBot/1.0; +claudebot@anthropic.com)"
74.7.242.47 - - [21/Mar/2026:18:15:56 +0600] "GET /?path=//proc/1622234/root/proc/self/root/usr/lib/udev HTTP/1.1" 200 34681 "https://www.lennoxfashionbd.com/?path=//proc/1622234/root/proc/self/root/usr/lib" "Mozilla/5.0 AppleWebKit/537.36 (KHTML, like Gecko; compatible; GPTBot/1.3; +https://openai.com/gptbot)"
216.73.216.4 - - [21/Mar/2026:18:15:58 +0600] "GET /items/O721345127?path=%2Fhome%2Flennoxfa%2Fpublic_html%2Fwp-content HTTP/1.1" 404 - "-" "Mozilla/5.0 AppleWebKit/537.36 (KHTML, like Gecko; compatible; ClaudeBot/1.0; +claudebot@anthropic.com)"
216.73.216.4 - - [21/Mar/2026:18:15:58 +0600] "GET /items/O722341736?path=%2Fhome%2Flennoxfa HTTP/1.1" 404 - "-" "Mozilla/5.0 AppleWebKit/537.36 (KHTML, like Gecko; compatible; ClaudeBot/1.0; +claudebot@anthropic.com)"
216.73.216.4 - - [21/Mar/2026:18:15:58 +0600] "GET /items/O723155223?path=%2Fhome%2Flennoxfa%2Fpublic_html HTTP/1.1" 404 - "-" "Mozilla/5.0 AppleWebKit/537.36 (KHTML, like Gecko; compatible; ClaudeBot/1.0; +claudebot@anthropic.com)"
216.73.216.4 - - [21/Mar/2026:18:15:58 +0600] "GET /items/O724468762?path=%2Fhome%2Flennoxfa%2Fpublic_html%2Fwp-content HTTP/1.1" 404 - "-" "Mozilla/5.0 AppleWebKit/537.36 (KHTML, like Gecko; compatible; ClaudeBot/1.0; +claudebot@anthropic.com)"
57.141.14.34 - - [21/Mar/2026:18:15:58 +0600] "GET /product-category/kids/boys-t-shirt/page/3/?path=/home/lennoxfa/public_html/wp-content/plugins/updraftplus/vendor/symfony/polyfill-intl-normalizer/Resources HTTP/1.1" 404 - "-" "meta-externalagent/1.1 (+https://developers.facebook.com/docs/sharing/webmasters/crawler)"
216.73.216.4 - - [21/Mar/2026:18:15:58 +0600] "GET /items/O724372787?fileloc=%2Fhome%2Flennoxfa%2Fpublic_html%2Fwp-includes%2Fclass-wp-query.php&path=%2Fhome%2Flennoxfa%2Fpublic_html%2Fwp-includes HTTP/1.1" 404 - "-" "Mozilla/5.0 AppleWebKit/537.36 (KHTML, like Gecko; compatible; ClaudeBot/1.0; +claudebot@anthropic.com)"
216.73.216.4 - - [21/Mar/2026:18:15:59 +0600] "GET /items/O724679336?fileloc=%2Fhome%2Flennoxfa%2Fpublic_html%2Fwp-includes%2Fclass-wp-fatal-error-handler.php&path=%2Fhome%2Flennoxfa%2Fpublic_html%2Fwp-includes HTTP/1.1" 404 - "-" "Mozilla/5.0 AppleWebKit/537.36 (KHTML, like Gecko; compatible; ClaudeBot/1.0; +claudebot@anthropic.com)"
216.73.216.4 - - [21/Mar/2026:18:15:59 +0600] "GET /items/O722893661?path=%2Fhome%2Flennoxfa%2Fpublic_html HTTP/1.1" 404 - "-" "Mozilla/5.0 AppleWebKit/537.36 (KHTML, like Gecko; compatible; ClaudeBot/1.0; +claudebot@anthropic.com)"
57.141.14.40 - - [21/Mar/2026:18:15:59 +0600] "GET /product-category/kids/boys-t-shirt/page/3/?fileloc=/home/lennoxfa/public_html/wp-content/plugins/updraftplus/vendor/eher/oauth/README.md&path=/home/lennoxfa/public_html/wp-content/plugins/updraftplus/vendor/eher/oauth HTTP/1.1" 404 - "-" "meta-externalagent/1.1 (+https://developers.facebook.com/docs/sharing/webmasters/crawler)"
216.73.216.4 - - [21/Mar/2026:18:16:00 +0600] "GET /items/O722188392?path=%2Fhome%2Flennoxfa%2Fpublic_html%2Fwp-content HTTP/1.1" 404 - "-" "Mozilla/5.0 AppleWebKit/537.36 (KHTML, like Gecko; compatible; ClaudeBot/1.0; +claudebot@anthropic.com)"
57.141.14.20 - - [21/Mar/2026:18:16:00 +0600] "GET /product-category/kids/boys-t-shirt/page/3/?fileloc=/home/lennoxfa/public_html/wp-content/plugins/updraftplus/vendor/symfony/polyfill-intl-normalizer/README.md&path=/home/lennoxfa/public_html/wp-content/plugins/updraftplus/vendor/symfony/polyfill-intl-normalizer HTTP/1.1" 404 - "-" "meta-externalagent/1.1 (+https://developers.facebook.com/docs/sharing/webmasters/crawler)"
216.73.216.4 - - [21/Mar/2026:18:16:00 +0600] "GET /items/O722723742?fileloc=%2Fhome%2Flennoxfa%2Fpublic_html%2Fwp-includes%2Fclass-wp-http-requests-hooks.php&path=%2Fhome%2Flennoxfa%2Fpublic_html%2Fwp-includes HTTP/1.1" 404 - "-" "Mozilla/5.0 AppleWebKit/537.36 (KHTML, like Gecko; compatible; ClaudeBot/1.0; +claudebot@anthropic.com)"
216.73.216.4 - - [21/Mar/2026:18:16:00 +0600] "GET /items/O723008131?path=%2Fhome%2Flennoxfa%2Fpublic_html HTTP/1.1" 404 - "-" "Mozilla/5.0 AppleWebKit/537.36 (KHTML, like Gecko; compatible; ClaudeBot/1.0; +claudebot@anthropic.com)"
216.73.216.4 - - [21/Mar/2026:18:16:00 +0600] "GET /items/O722740874?path=%2Fhome%2Flennoxfa%2Fpublic_html HTTP/1.1" 404 - "-" "Mozilla/5.0 AppleWebKit/537.36 (KHTML, like Gecko; compatible; ClaudeBot/1.0; +claudebot@anthropic.com)"
216.73.216.4 - - [21/Mar/2026:18:16:00 +0600] "GET /items/O724636968?path=%2Fhome%2Flennoxfa%2Fpublic_html%2Fwp-content HTTP/1.1" 404 - "-" "Mozilla/5.0 AppleWebKit/537.36 (KHTML, like Gecko; compatible; ClaudeBot/1.0; +claudebot@anthropic.com)"
216.73.216.4 - - [21/Mar/2026:18:16:00 +0600] "GET /items/O725138274?path=%2Fhome%2Flennoxfa HTTP/1.1" 404 - "-" "Mozilla/5.0 AppleWebKit/537.36 (KHTML, like Gecko; compatible; ClaudeBot/1.0; +claudebot@anthropic.com)"
216.73.216.4 - - [21/Mar/2026:18:16:00 +0600] "GET /items/O723197405?path=%2Fhome%2Flennoxfa%2Fpublic_html%2Fwp-content HTTP/1.1" 404 - "-" "Mozilla/5.0 AppleWebKit/537.36 (KHTML, like Gecko; compatible; ClaudeBot/1.0; +claudebot@anthropic.com)"
216.73.216.4 - - [21/Mar/2026:18:16:00 +0600] "GET /items/O722939337?fileloc=%2Fhome%2Flennoxfa%2Fpublic_html%2Fwp-includes%2Fclass-wp-http-requests-response.php&path=%2Fhome%2Flennoxfa%2Fpublic_html%2Fwp-includes HTTP/1.1" 404 - "-" "Mozilla/5.0 AppleWebKit/537.36 (KHTML, like Gecko; compatible; ClaudeBot/1.0; +claudebot@anthropic.com)"
216.73.216.4 - - [21/Mar/2026:18:16:00 +0600] "GET /items/O724262274?path=%2Fhome%2Flennoxfa%2Fpublic_html HTTP/1.1" 404 - "-" "Mozilla/5.0 AppleWebKit/537.36 (KHTML, like Gecko; compatible; ClaudeBot/1.0; +claudebot@anthropic.com)"
216.73.216.4 - - [21/Mar/2026:18:16:00 +0600] "GET /items/O724510200?path=%2Fhome%2Flennoxfa%2Fpublic_html%2Fwp-content HTTP/1.1" 404 - "-" "Mozilla/5.0 AppleWebKit/537.36 (KHTML, like Gecko; compatible; ClaudeBot/1.0; +claudebot@anthropic.com)"
216.73.216.4 - - [21/Mar/2026:18:16:00 +0600] "GET /items/O725130293?path=%2Fhome%2Flennoxfa%2Fpublic_html%2Fwp-content HTTP/1.1" 404 - "-" "Mozilla/5.0 AppleWebKit/537.36 (KHTML, like Gecko; compatible; ClaudeBot/1.0; +claudebot@anthropic.com)"
216.73.216.4 - - [21/Mar/2026:18:16:00 +0600] "GET /items/O722230663?path=%2Fhome%2Flennoxfa%2Fpublic_html HTTP/1.1" 404 - "-" "Mozilla/5.0 AppleWebKit/537.36 (KHTML, like Gecko; compatible; ClaudeBot/1.0; +claudebot@anthropic.com)"
216.73.216.4 - - [21/Mar/2026:18:16:00 +0600] "GET /items/O723220601?path=%2Fhome%2Flennoxfa%2Fpublic_html HTTP/1.1" 404 - "-" "Mozilla/5.0 AppleWebKit/537.36 (KHTML, like Gecko; compatible; ClaudeBot/1.0; +claudebot@anthropic.com)"
216.73.216.4 - - [21/Mar/2026:18:16:01 +0600] "GET /items/O722131073?path=%2Fhome%2Flennoxfa%2Fpublic_html HTTP/1.1" 404 - "-" "Mozilla/5.0 AppleWebKit/537.36 (KHTML, like Gecko; compatible; ClaudeBot/1.0; +claudebot@anthropic.com)"
74.7.243.252 - - [21/Mar/2026:18:15:59 +0600] "GET /?fileloc=//usr/lib64/libsoup-2.4.so.1.11.0&path=//usr/lib64 HTTP/1.1" 200 12318 "https://mail.lennoxfashionbd.com/?path=//usr/lib64" "Mozilla/5.0 AppleWebKit/537.36 (KHTML, like Gecko; compatible; GPTBot/1.3; +https://openai.com/gptbot)"
216.73.216.4 - - [21/Mar/2026:18:16:01 +0600] "GET /items/O722296179?path=%2Fhome%2Flennoxfa%2Fpublic_html%2Fwp-content HTTP/1.1" 404 - "-" "Mozilla/5.0 AppleWebKit/537.36 (KHTML, like Gecko; compatible; ClaudeBot/1.0; +claudebot@anthropic.com)"
216.73.216.4 - - [21/Mar/2026:18:16:01 +0600] "GET /items/O723915830?fileloc=%2Fhome%2Flennoxfa%2Fpublic_html%2Fwp-includes%2Fclass-wp-exception.php&path=%2Fhome%2Flennoxfa%2Fpublic_html%2Fwp-includes HTTP/1.1" 404 - "-" "Mozilla/5.0 AppleWebKit/537.36 (KHTML, like Gecko; compatible; ClaudeBot/1.0; +claudebot@anthropic.com)"
57.141.14.13 - - [21/Mar/2026:18:16:01 +0600] "GET /product-category/kids/boys-t-shirt/page/3/?fileloc=/home/lennoxfa/public_html/wp-content/plugins/updraftplus/vendor/symfony/polyfill-php70/composer.json&path=/home/lennoxfa/public_html/wp-content/plugins/updraftplus/vendor/symfony/polyfill-php70 HTTP/1.1" 404 - "-" "meta-externalagent/1.1 (+https://developers.facebook.com/docs/sharing/webmasters/crawler)"
216.73.216.4 - - [21/Mar/2026:18:16:01 +0600] "GET /items/O724679336?fileloc=%2Fhome%2Flennoxfa%2Fpublic_html%2Fwp-includes%2Fclass-wp-feed-cache.php&path=%2Fhome%2Flennoxfa%2Fpublic_html%2Fwp-includes HTTP/1.1" 404 - "-" "Mozilla/5.0 AppleWebKit/537.36 (KHTML, like Gecko; compatible; ClaudeBot/1.0; +claudebot@anthropic.com)"
216.73.216.4 - - [21/Mar/2026:18:16:01 +0600] "GET /items/O723773405?path=%2Fhome%2Flennoxfa%2Fpublic_html HTTP/1.1" 404 - "-" "Mozilla/5.0 AppleWebKit/537.36 (KHTML, like Gecko; compatible; ClaudeBot/1.0; +claudebot@anthropic.com)"
216.73.216.4 - - [21/Mar/2026:18:16:01 +0600] "GET /items/O724644827?path=%2Fhome%2Flennoxfa%2Fpublic_html%2Fwp-content HTTP/1.1" 404 - "-" "Mozilla/5.0 AppleWebKit/537.36 (KHTML, like Gecko; compatible; ClaudeBot/1.0; +claudebot@anthropic.com)"
216.73.216.4 - - [21/Mar/2026:18:16:01 +0600] "GET /items/O723333150?path=%2Fhome%2Flennoxfa%2Fpublic_html HTTP/1.1" 404 - "-" "Mozilla/5.0 AppleWebKit/537.36 (KHTML, like Gecko; compatible; ClaudeBot/1.0; +claudebot@anthropic.com)"
216.73.216.4 - - [21/Mar/2026:18:16:01 +0600] "GET /items/O724920204?path=%2Fhome%2Flennoxfa%2Fpublic_html HTTP/1.1" 404 - "-" "Mozilla/5.0 AppleWebKit/537.36 (KHTML, like Gecko; compatible; ClaudeBot/1.0; +claudebot@anthropic.com)"
74.7.242.47 - - [21/Mar/2026:18:16:00 +0600] "GET /?path=//proc/1622234/root/proc/self/root/usr/lib/exim HTTP/1.1" 200 14540 "https://www.lennoxfashionbd.com/?path=//proc/1622234/root/proc/self/root/usr/lib" "Mozilla/5.0 AppleWebKit/537.36 (KHTML, like Gecko; compatible; GPTBot/1.3; +https://openai.com/gptbot)"
216.73.216.4 - - [21/Mar/2026:18:16:01 +0600] "GET /items/O722156249?fileloc=%2Fhome%2Flennoxfa%2Fpublic_html%2Fwp-includes%2Fclass-wp-http-requests-response.php&path=%2Fhome%2Flennoxfa%2Fpublic_html%2Fwp-includes HTTP/1.1" 404 - "-" "Mozilla/5.0 AppleWebKit/537.36 (KHTML, like Gecko; compatible; ClaudeBot/1.0; +claudebot@anthropic.com)"
216.73.216.4 - - [21/Mar/2026:18:16:01 +0600] "GET /items/O723108376?path=%2Fhome%2Flennoxfa%2Fpublic_html%2Fwp-content HTTP/1.1" 404 - "-" "Mozilla/5.0 AppleWebKit/537.36 (KHTML, like Gecko; compatible; ClaudeBot/1.0; +claudebot@anthropic.com)"
216.73.216.4 - - [21/Mar/2026:18:16:01 +0600] "GET /items/O724996317?path=%2Fhome%2Flennoxfa%2Fpublic_html HTTP/1.1" 404 - "-" "Mozilla/5.0 AppleWebKit/537.36 (KHTML, like Gecko; compatible; ClaudeBot/1.0; +claudebot@anthropic.com)"
216.73.216.4 - - [21/Mar/2026:18:16:01 +0600] "GET /items/O724924552?fileloc=%2Fhome%2Flennoxfa%2Fpublic_html%2Fwp-comments-post.php&path=%2Fhome%2Flennoxfa%2Fpublic_html HTTP/1.1" 404 - "-" "Mozilla/5.0 AppleWebKit/537.36 (KHTML, like Gecko; compatible; ClaudeBot/1.0; +claudebot@anthropic.com)"
216.73.216.4 - - [21/Mar/2026:18:16:02 +0600] "GET /items/O722080449?path=%2Fhome%2Flennoxfa%2Fpublic_html%2Fwp-content HTTP/1.1" 404 - "-" "Mozilla/5.0 AppleWebKit/537.36 (KHTML, like Gecko; compatible; ClaudeBot/1.0; +claudebot@anthropic.com)"
216.73.216.4 - - [21/Mar/2026:18:16:02 +0600] "GET /items/O722014993?path=%2Fhome%2Flennoxfa%2Fpublic_html%2Fwp-includes%2Fpomo HTTP/1.1" 404 - "-" "Mozilla/5.0 AppleWebKit/537.36 (KHTML, like Gecko; compatible; ClaudeBot/1.0; +claudebot@anthropic.com)"
216.73.216.4 - - [21/Mar/2026:18:16:02 +0600] "GET /items/O724924787?fileloc=%2Fhome%2Flennoxfa%2Fpublic_html%2Fwp-comments-post.php&path=%2Fhome%2Flennoxfa%2Fpublic_html HTTP/1.1" 404 - "-" "Mozilla/5.0 AppleWebKit/537.36 (KHTML, like Gecko; compatible; ClaudeBot/1.0; +claudebot@anthropic.com)"
216.73.216.4 - - [21/Mar/2026:18:16:02 +0600] "GET /items/O723188207?path=%2Fhome%2Flennoxfa%2Fpublic_html HTTP/1.1" 404 - "-" "Mozilla/5.0 AppleWebKit/537.36 (KHTML, like Gecko; compatible; ClaudeBot/1.0; +claudebot@anthropic.com)"
216.73.216.4 - - [21/Mar/2026:18:16:02 +0600] "GET /items/O723970380?path=%2Fhome%2Flennoxfa%2Fpublic_html HTTP/1.1" 404 - "-" "Mozilla/5.0 AppleWebKit/537.36 (KHTML, like Gecko; compatible; ClaudeBot/1.0; +claudebot@anthropic.com)"
216.73.216.4 - - [21/Mar/2026:18:16:02 +0600] "GET /items/O723314101?fileloc=%2Fhome%2Flennoxfa%2Fpublic_html%2Fwp-comments-post.php&path=%2Fhome%2Flennoxfa%2Fpublic_html HTTP/1.1" 404 - "-" "Mozilla/5.0 AppleWebKit/537.36 (KHTML, like Gecko; compatible; ClaudeBot/1.0; +claudebot@anthropic.com)"
216.73.216.4 - - [21/Mar/2026:18:16:02 +0600] "GET /items/O722146549?path=%2Fhome%2Flennoxfa%2Fpublic_html HTTP/1.1" 404 - "-" "Mozilla/5.0 AppleWebKit/537.36 (KHTML, like Gecko; compatible; ClaudeBot/1.0; +claudebot@anthropic.com)"
216.73.216.4 - - [21/Mar/2026:18:16:02 +0600] "GET /items/O724663368?path=%2Fhome%2Flennoxfa%2Fpublic_html%2Fwp-content HTTP/1.1" 404 - "-" "Mozilla/5.0 AppleWebKit/537.36 (KHTML, like Gecko; compatible; ClaudeBot/1.0; +claudebot@anthropic.com)"
216.73.216.4 - - [21/Mar/2026:18:16:02 +0600] "GET /items/O723129087?path=%2Fhome%2Flennoxfa%2Fpublic_html%2Fwp-content%2Flitespeed HTTP/1.1" 404 - "-" "Mozilla/5.0 AppleWebKit/537.36 (KHTML, like Gecko; compatible; ClaudeBot/1.0; +claudebot@anthropic.com)"
216.73.216.4 - - [21/Mar/2026:18:16:02 +0600] "GET /items/O722340579?path=%2Fhome%2Flennoxfa%2Fpublic_html%2Fwp-content HTTP/1.1" 404 - "-" "Mozilla/5.0 AppleWebKit/537.36 (KHTML, like Gecko; compatible; ClaudeBot/1.0; +claudebot@anthropic.com)"
216.73.216.4 - - [21/Mar/2026:18:16:02 +0600] "GET /items/O724745613?fileloc=%2Fhome%2Flennoxfa%2Fpublic_html%2Fwp-includes%2Fcapabilities-request.php&path=%2Fhome%2Flennoxfa%2Fpublic_html%2Fwp-includes HTTP/1.1" 404 - "-" "Mozilla/5.0 AppleWebKit/537.36 (KHTML, like Gecko; compatible; ClaudeBot/1.0; +claudebot@anthropic.com)"
216.73.216.4 - - [21/Mar/2026:18:16:03 +0600] "GET /items/O723166734?path=%2Fhome%2Flennoxfa%2Fpublic_html HTTP/1.1" 404 - "-" "Mozilla/5.0 AppleWebKit/537.36 (KHTML, like Gecko; compatible; ClaudeBot/1.0; +claudebot@anthropic.com)"
216.73.216.4 - - [21/Mar/2026:18:16:03 +0600] "GET /items/O723235319?path=%2Fhome%2Flennoxfa%2Fpublic_html%2Fwp-content HTTP/1.1" 404 - "-" "Mozilla/5.0 AppleWebKit/537.36 (KHTML, like Gecko; compatible; ClaudeBot/1.0; +claudebot@anthropic.com)"
216.73.216.4 - - [21/Mar/2026:18:16:03 +0600] "GET /items/O722755392?path=%2Fhome%2Flennoxfa%2Fpublic_html%2Fwp-content HTTP/1.1" 404 - "-" "Mozilla/5.0 AppleWebKit/537.36 (KHTML, like Gecko; compatible; ClaudeBot/1.0; +claudebot@anthropic.com)"
216.73.216.4 - - [21/Mar/2026:18:16:03 +0600] "GET /items/O724834603?fileloc=%2Fhome%2Flennoxfa%2Fpublic_html%2Fwp-comments-post.php&path=%2Fhome%2Flennoxfa%2Fpublic_html HTTP/1.1" 404 - "-" "Mozilla/5.0 AppleWebKit/537.36 (KHTML, like Gecko; compatible; ClaudeBot/1.0; +claudebot@anthropic.com)"
216.73.216.4 - - [21/Mar/2026:18:16:03 +0600] "GET /items/O724829916?path=%2Fhome%2Flennoxfa%2F.libnet-openssh-perl HTTP/1.1" 404 - "-" "Mozilla/5.0 AppleWebKit/537.36 (KHTML, like Gecko; compatible; ClaudeBot/1.0; +claudebot@anthropic.com)"
216.73.216.4 - - [21/Mar/2026:18:16:03 +0600] "GET /items/O723677387?path=%2Fhome%2Flennoxfa%2Fpublic_html HTTP/1.1" 404 - "-" "Mozilla/5.0 AppleWebKit/537.36 (KHTML, like Gecko; compatible; ClaudeBot/1.0; +claudebot@anthropic.com)"
216.73.216.4 - - [21/Mar/2026:18:16:03 +0600] "GET /items/O723277121?path=%2Fhome%2Flennoxfa%2Fpublic_html HTTP/1.1" 404 - "-" "Mozilla/5.0 AppleWebKit/537.36 (KHTML, like Gecko; compatible; ClaudeBot/1.0; +claudebot@anthropic.com)"
216.73.216.4 - - [21/Mar/2026:18:16:03 +0600] "GET /items/O723936670?path=%2Fhome%2Flennoxfa%2Fpublic_html%2Fwp-content%2Fupgrade-temp-backup HTTP/1.1" 404 - "-" "Mozilla/5.0 AppleWebKit/537.36 (KHTML, like Gecko; compatible; ClaudeBot/1.0; +claudebot@anthropic.com)"
57.141.14.37 - - [21/Mar/2026:18:16:03 +0600] "GET /product-category/kids/boys-t-shirt/page/3/?fileloc=/home/lennoxfa/public_html/wp-content/plugins/updraftplus/vendor/symfony/polyfill-intl-idn/README.md&path=/home/lennoxfa/public_html/wp-content/plugins/updraftplus/vendor/symfony/polyfill-intl-idn HTTP/1.1" 404 - "-" "meta-externalagent/1.1 (+https://developers.facebook.com/docs/sharing/webmasters/crawler)"
216.73.216.4 - - [21/Mar/2026:18:16:03 +0600] "GET /items/O724997235?path=%2Fhome%2Flennoxfa%2Fpublic_html HTTP/1.1" 404 - "-" "Mozilla/5.0 AppleWebKit/537.36 (KHTML, like Gecko; compatible; ClaudeBot/1.0; +claudebot@anthropic.com)"
57.141.14.108 - - [21/Mar/2026:18:16:03 +0600] "GET /product-category/kids/boys-t-shirt/page/3/?fileloc=/home/lennoxfa/public_html/wp-content/plugins/updraftplus/vendor/symfony/polyfill-intl-normalizer/bootstrap.php&path=/home/lennoxfa/public_html/wp-content/plugins/updraftplus/vendor/symfony/polyfill-intl-normalizer HTTP/1.1" 404 - "-" "meta-externalagent/1.1 (+https://developers.facebook.com/docs/sharing/webmasters/crawler)"
57.141.14.33 - - [21/Mar/2026:18:16:03 +0600] "GET /product-category/kids/boys-t-shirt/page/3/?fileloc=/home/lennoxfa/public_html/wp-content/plugins/updraftplus/vendor/symfony/polyfill-intl-idn/composer.json&path=/home/lennoxfa/public_html/wp-content/plugins/updraftplus/vendor/symfony/polyfill-intl-idn HTTP/1.1" 404 - "-" "meta-externalagent/1.1 (+https://developers.facebook.com/docs/sharing/webmasters/crawler)"
216.73.216.4 - - [21/Mar/2026:18:16:03 +0600] "GET /items/O723417705?path=%2Fhome%2Flennoxfa%2Fpublic_html HTTP/1.1" 404 - "-" "Mozilla/5.0 AppleWebKit/537.36 (KHTML, like Gecko; compatible; ClaudeBot/1.0; +claudebot@anthropic.com)"
216.73.216.4 - - [21/Mar/2026:18:16:03 +0600] "GET /items/O724735509?path=%2Fhome%2Flennoxfa%2Fpublic_html HTTP/1.1" 404 - "-" "Mozilla/5.0 AppleWebKit/537.36 (KHTML, like Gecko; compatible; ClaudeBot/1.0; +claudebot@anthropic.com)"
216.73.216.4 - - [21/Mar/2026:18:16:04 +0600] "GET /items/O723849111?path=%2Fhome%2Flennoxfa%2Fpublic_html%2Fwp-content HTTP/1.1" 404 - "-" "Mozilla/5.0 AppleWebKit/537.36 (KHTML, like Gecko; compatible; ClaudeBot/1.0; +claudebot@anthropic.com)"
216.73.216.4 - - [21/Mar/2026:18:16:04 +0600] "GET /items/O721274208?path=%2Fhome%2Flennoxfa%2Fpublic_html%2Fwp-includes HTTP/1.1" 404 - "-" "Mozilla/5.0 AppleWebKit/537.36 (KHTML, like Gecko; compatible; ClaudeBot/1.0; +claudebot@anthropic.com)"
216.73.216.4 - - [21/Mar/2026:18:16:04 +0600] "GET /items/O724398141?path=%2Fhome%2Flennoxfa%2Fpublic_html%2Fwp-content HTTP/1.1" 404 - "-" "Mozilla/5.0 AppleWebKit/537.36 (KHTML, like Gecko; compatible; ClaudeBot/1.0; +claudebot@anthropic.com)"
216.73.216.4 - - [21/Mar/2026:18:16:04 +0600] "GET /items/O723535943?path=%2Fhome%2Flennoxfa%2Fpublic_html HTTP/1.1" 404 - "-" "Mozilla/5.0 AppleWebKit/537.36 (KHTML, like Gecko; compatible; ClaudeBot/1.0; +claudebot@anthropic.com)"
74.7.243.252 - - [21/Mar/2026:18:16:02 +0600] "GET /?fileloc=//usr/lib/.build-id/8c/10e404e02b5ee0e96f10167654ba1ebbe5555d&path=//usr/lib/.build-id/8c HTTP/1.1" 200 12438 "https://mail.lennoxfashionbd.com/?path=//usr/lib/.build-id/8c" "Mozilla/5.0 AppleWebKit/537.36 (KHTML, like Gecko; compatible; GPTBot/1.3; +https://openai.com/gptbot)"
216.73.216.4 - - [21/Mar/2026:18:16:04 +0600] "GET /items/O725180098?path=%2Fhome%2Flennoxfa%2Fpublic_html%2Fwp-admin HTTP/1.1" 404 - "-" "Mozilla/5.0 AppleWebKit/537.36 (KHTML, like Gecko; compatible; ClaudeBot/1.0; +claudebot@anthropic.com)"
216.73.216.4 - - [21/Mar/2026:18:16:04 +0600] "GET /items/O722441876?path=%2Fhome%2Flennoxfa%2Fpublic_html%2Fwp-content HTTP/1.1" 404 - "-" "Mozilla/5.0 AppleWebKit/537.36 (KHTML, like Gecko; compatible; ClaudeBot/1.0; +claudebot@anthropic.com)"
57.141.14.100 - - [21/Mar/2026:18:16:04 +0600] "GET /product-category/kids/boys-t-shirt/page/3/?fileloc=/home/lennoxfa/public_html/wp-content/plugins/updraftplus/vendor/symfony/event-dispatcher/EventSubscriberInterface.php&path=/home/lennoxfa/public_html/wp-content/plugins/updraftplus/vendor/symfony/event-dispatcher HTTP/1.1" 404 - "-" "meta-externalagent/1.1 (+https://developers.facebook.com/docs/sharing/webmasters/crawler)"
216.73.216.4 - - [21/Mar/2026:18:16:04 +0600] "GET /items/O723473124?path=%2Fhome%2Flennoxfa%2Fpublic_html%2Fwp-content HTTP/1.1" 404 - "-" "Mozilla/5.0 AppleWebKit/537.36 (KHTML, like Gecko; compatible; ClaudeBot/1.0; +claudebot@anthropic.com)"
216.73.216.4 - - [21/Mar/2026:18:16:04 +0600] "GET /items/O721342013?path=%2Fhome%2Flennoxfa HTTP/1.1" 404 - "-" "Mozilla/5.0 AppleWebKit/537.36 (KHTML, like Gecko; compatible; ClaudeBot/1.0; +claudebot@anthropic.com)"
74.7.242.47 - - [21/Mar/2026:18:16:03 +0600] "GET /?path=//proc/1622234/root/proc/self/root/usr/lib/firewalld/zones HTTP/1.1" 200 14843 "https://www.lennoxfashionbd.com/?path=//proc/1622234/root/proc/self/root/usr/lib/firewalld" "Mozilla/5.0 AppleWebKit/537.36 (KHTML, like Gecko; compatible; GPTBot/1.3; +https://openai.com/gptbot)"
216.73.216.4 - - [21/Mar/2026:18:16:04 +0600] "GET /items/O724763243?path=%2Fhome%2Flennoxfa%2Fpublic_html HTTP/1.1" 404 - "-" "Mozilla/5.0 AppleWebKit/537.36 (KHTML, like Gecko; compatible; ClaudeBot/1.0; +claudebot@anthropic.com)"
216.73.216.4 - - [21/Mar/2026:18:16:04 +0600] "GET /items/O722156249?fileloc=%2Fhome%2Flennoxfa%2Fpublic_html%2Fwp-includes%2Fclass-wp-exception.php&path=%2Fhome%2Flennoxfa%2Fpublic_html%2Fwp-includes HTTP/1.1" 404 - "-" "Mozilla/5.0 AppleWebKit/537.36 (KHTML, like Gecko; compatible; ClaudeBot/1.0; +claudebot@anthropic.com)"
216.73.216.4 - - [21/Mar/2026:18:16:04 +0600] "GET /items/O722939337?fileloc=%2Fhome%2Flennoxfa%2Fpublic_html%2Fwp-includes%2Fclass-wp-exception.php&path=%2Fhome%2Flennoxfa%2Fpublic_html%2Fwp-includes HTTP/1.1" 404 - "-" "Mozilla/5.0 AppleWebKit/537.36 (KHTML, like Gecko; compatible; ClaudeBot/1.0; +claudebot@anthropic.com)"
216.73.216.4 - - [21/Mar/2026:18:16:05 +0600] "GET /items/O724745613?fileloc=%2Fhome%2Flennoxfa%2Fpublic_html%2Fwp-includes%2Fclass-wp-customize-widgets.php&path=%2Fhome%2Flennoxfa%2Fpublic_html%2Fwp-includes HTTP/1.1" 404 - "-" "Mozilla/5.0 AppleWebKit/537.36 (KHTML, like Gecko; compatible; ClaudeBot/1.0; +claudebot@anthropic.com)"
216.73.216.4 - - [21/Mar/2026:18:16:05 +0600] "GET /items/O724015104?path=%2Fhome%2Flennoxfa%2Fpublic_html HTTP/1.1" 404 - "-" "Mozilla/5.0 AppleWebKit/537.36 (KHTML, like Gecko; compatible; ClaudeBot/1.0; +claudebot@anthropic.com)"
216.73.216.4 - - [21/Mar/2026:18:16:05 +0600] "GET /items/O723834254?path=%2Fhome%2Flennoxfa%2Fpublic_html%2Fwp-content HTTP/1.1" 404 - "-" "Mozilla/5.0 AppleWebKit/537.36 (KHTML, like Gecko; compatible; ClaudeBot/1.0; +claudebot@anthropic.com)"
57.141.14.49 - - [21/Mar/2026:18:16:05 +0600] "GET /product-category/kids/boys-t-shirt/page/3/?fileloc=/home/lennoxfa/public_html/wp-content/plugins/updraftplus/vendor/symfony/event-dispatcher/ImmutableEventDispatcher.php&path=/home/lennoxfa/public_html/wp-content/plugins/updraftplus/vendor/symfony/event-dispatcher HTTP/1.1" 404 - "-" "meta-externalagent/1.1 (+https://developers.facebook.com/docs/sharing/webmasters/crawler)"
216.73.216.4 - - [21/Mar/2026:18:16:05 +0600] "GET /items/O723298955?path=%2Fhome%2Flennoxfa%2Fpublic_html%2F.tmb HTTP/1.1" 404 - "-" "Mozilla/5.0 AppleWebKit/537.36 (KHTML, like Gecko; compatible; ClaudeBot/1.0; +claudebot@anthropic.com)"
216.73.216.4 - - [21/Mar/2026:18:16:05 +0600] "GET /items/O724679336?path=%2Fhome%2Flennoxfa%2Fpublic_html%2Fwp-content HTTP/1.1" 404 - "-" "Mozilla/5.0 AppleWebKit/537.36 (KHTML, like Gecko; compatible; ClaudeBot/1.0; +claudebot@anthropic.com)"
216.73.216.4 - - [21/Mar/2026:18:16:05 +0600] "GET /items/O723618180?path=%2Fhome%2Flennoxfa%2Fpublic_html%2Fwp-content HTTP/1.1" 404 - "-" "Mozilla/5.0 AppleWebKit/537.36 (KHTML, like Gecko; compatible; ClaudeBot/1.0; +claudebot@anthropic.com)"
216.73.216.4 - - [21/Mar/2026:18:16:05 +0600] "GET /items/O723341204?path=%2Fhome%2Flennoxfa%2Fpublic_html HTTP/1.1" 404 - "-" "Mozilla/5.0 AppleWebKit/537.36 (KHTML, like Gecko; compatible; ClaudeBot/1.0; +claudebot@anthropic.com)"
216.73.216.4 - - [21/Mar/2026:18:16:05 +0600] "GET /items/O724248308?path=%2Fhome%2Flennoxfa%2Fpublic_html HTTP/1.1" 404 - "-" "Mozilla/5.0 AppleWebKit/537.36 (KHTML, like Gecko; compatible; ClaudeBot/1.0; +claudebot@anthropic.com)"
216.73.216.4 - - [21/Mar/2026:18:16:05 +0600] "GET /items/O723616417?fileloc=%2Fhome%2Flennoxfa%2Fpublic_html%2Fwp-includes%2Fcapabilities-request.php&path=%2Fhome%2Flennoxfa%2Fpublic_html%2Fwp-includes HTTP/1.1" 404 - "-" "Mozilla/5.0 AppleWebKit/537.36 (KHTML, like Gecko; compatible; ClaudeBot/1.0; +claudebot@anthropic.com)"
216.73.216.4 - - [21/Mar/2026:18:16:05 +0600] "GET /items/O724468762?path=%2Fhome%2Flennoxfa%2Fpublic_html HTTP/1.1" 404 - "-" "Mozilla/5.0 AppleWebKit/537.36 (KHTML, like Gecko; compatible; ClaudeBot/1.0; +claudebot@anthropic.com)"
216.73.216.4 - - [21/Mar/2026:18:16:05 +0600] "GET /items/O723356043?path=%2Fhome%2Flennoxfa%2Fpublic_html%2Fwp-content HTTP/1.1" 404 - "-" "Mozilla/5.0 AppleWebKit/537.36 (KHTML, like Gecko; compatible; ClaudeBot/1.0; +claudebot@anthropic.com)"
216.73.216.4 - - [21/Mar/2026:18:16:06 +0600] "GET /items/O723518448?path=%2Fhome%2Flennoxfa%2Fpublic_html HTTP/1.1" 404 - "-" "Mozilla/5.0 AppleWebKit/537.36 (KHTML, like Gecko; compatible; ClaudeBot/1.0; +claudebot@anthropic.com)"
57.141.14.13 - - [21/Mar/2026:18:16:06 +0600] "GET /product-category/kids/boys-t-shirt/page/3/?path=/home/lennoxfa/public_html/wp-content/plugins/updraftplus/vendor/symfony/polyfill-php70/Resources HTTP/1.1" 404 - "-" "meta-externalagent/1.1 (+https://developers.facebook.com/docs/sharing/webmasters/crawler)"
