216.73.216.4 - - [21/Mar/2026:18:20:00 +0600] "GET /items/O722882000?fileloc=%2Fhome%2Flennoxfa%2Fpublic_html%2Fwp-trackback.php&path=%2Fhome%2Flennoxfa%2Fpublic_html HTTP/1.1" 404 - "-" "Mozilla/5.0 AppleWebKit/537.36 (KHTML, like Gecko; compatible; ClaudeBot/1.0; +claudebot@anthropic.com)"
216.73.216.4 - - [21/Mar/2026:18:20:00 +0600] "GET /items/O722935494?fileloc=%2Fhome%2Flennoxfa%2Fpublic_html%2Fwp-comments-post.php&path=%2Fhome%2Flennoxfa%2Fpublic_html HTTP/1.1" 404 - "-" "Mozilla/5.0 AppleWebKit/537.36 (KHTML, like Gecko; compatible; ClaudeBot/1.0; +claudebot@anthropic.com)"
216.73.216.4 - - [21/Mar/2026:18:20:00 +0600] "GET /items/O723558218?fileloc=%2Fhome%2Flennoxfa%2Fpublic_html%2Fwp-comments-post.php&path=%2Fhome%2Flennoxfa%2Fpublic_html HTTP/1.1" 404 - "-" "Mozilla/5.0 AppleWebKit/537.36 (KHTML, like Gecko; compatible; ClaudeBot/1.0; +claudebot@anthropic.com)"
216.73.216.4 - - [21/Mar/2026:18:20:00 +0600] "GET /items/O724764319?fileloc=%2Fhome%2Flennoxfa%2Fpublic_html%2Fxmlrpc.php&path=%2Fhome%2Flennoxfa%2Fpublic_html HTTP/1.1" 404 - "-" "Mozilla/5.0 AppleWebKit/537.36 (KHTML, like Gecko; compatible; ClaudeBot/1.0; +claudebot@anthropic.com)"
74.7.242.47 - - [21/Mar/2026:18:19:59 +0600] "GET /?fileloc=//proc/1622234/root/proc/thread-self/root/proc/net/udp&path=//proc/1622234/root/proc/thread-self/root/proc/net HTTP/1.1" 200 13879 "https://www.lennoxfashionbd.com/?path=//proc/1622234/root/proc/thread-self/root/proc/net" "Mozilla/5.0 AppleWebKit/537.36 (KHTML, like Gecko; compatible; GPTBot/1.3; +https://openai.com/gptbot)"
216.73.216.4 - - [21/Mar/2026:18:20:00 +0600] "GET /items/O722749405?fileloc=%2Fhome%2Flennoxfa%2Fpublic_html%2Fwp-comments-post.php&path=%2Fhome%2Flennoxfa%2Fpublic_html HTTP/1.1" 404 - "-" "Mozilla/5.0 AppleWebKit/537.36 (KHTML, like Gecko; compatible; ClaudeBot/1.0; +claudebot@anthropic.com)"
57.141.14.99 - - [21/Mar/2026:18:20:00 +0600] "GET /product-category/kids/boys-t-shirt/page/3/?fileloc=/home/lennoxfa/public_html/wp-content/plugins/wpforms-lite/assets/images/community/dev-docs.png&path=/home/lennoxfa/public_html/wp-content/plugins/wpforms-lite/assets/images/community HTTP/1.1" 404 - "-" "meta-externalagent/1.1 (+https://developers.facebook.com/docs/sharing/webmasters/crawler)"
216.73.216.4 - - [21/Mar/2026:18:20:00 +0600] "GET /items/O723517364?fileloc=%2Fhome%2Flennoxfa%2Fpublic_html%2Fxmlrpc.php&path=%2Fhome%2Flennoxfa%2Fpublic_html HTTP/1.1" 404 - "-" "Mozilla/5.0 AppleWebKit/537.36 (KHTML, like Gecko; compatible; ClaudeBot/1.0; +claudebot@anthropic.com)"
216.73.216.4 - - [21/Mar/2026:18:20:00 +0600] "GET /items/O722294302?path=%2Fhome%2Flennoxfa%2Fpublic_html%2Fimages HTTP/1.1" 404 - "-" "Mozilla/5.0 AppleWebKit/537.36 (KHTML, like Gecko; compatible; ClaudeBot/1.0; +claudebot@anthropic.com)"
216.73.216.4 - - [21/Mar/2026:18:20:00 +0600] "GET /items/O724679336?fileloc=%2Fhome%2Flennoxfa%2Fpublic_html%2Fwp-includes%2Fclass-wp-ajax-response.php&path=%2Fhome%2Flennoxfa%2Fpublic_html%2Fwp-includes HTTP/1.1" 404 - "-" "Mozilla/5.0 AppleWebKit/537.36 (KHTML, like Gecko; compatible; ClaudeBot/1.0; +claudebot@anthropic.com)"
216.73.216.4 - - [21/Mar/2026:18:20:01 +0600] "GET /items/O724652891?fileloc=%2Fhome%2Flennoxfa%2Fpublic_html%2Fwp-comments-post.php&path=%2Fhome%2Flennoxfa%2Fpublic_html HTTP/1.1" 404 - "-" "Mozilla/5.0 AppleWebKit/537.36 (KHTML, like Gecko; compatible; ClaudeBot/1.0; +claudebot@anthropic.com)"
216.73.216.4 - - [21/Mar/2026:18:20:01 +0600] "GET /items/O723773789?path=%2Fhome%2Flennoxfa%2Fpublic_html%2Fimages HTTP/1.1" 404 - "-" "Mozilla/5.0 AppleWebKit/537.36 (KHTML, like Gecko; compatible; ClaudeBot/1.0; +claudebot@anthropic.com)"
216.73.216.4 - - [21/Mar/2026:18:20:01 +0600] "GET /items/O724630049?fileloc=%2Fhome%2Flennoxfa%2Fpublic_html%2Fxmlrpc.php&path=%2Fhome%2Flennoxfa%2Fpublic_html HTTP/1.1" 404 - "-" "Mozilla/5.0 AppleWebKit/537.36 (KHTML, like Gecko; compatible; ClaudeBot/1.0; +claudebot@anthropic.com)"
216.73.216.4 - - [21/Mar/2026:18:20:01 +0600] "GET /items/O724651589?fileloc=%2Fhome%2Flennoxfa%2Fpublic_html%2Fxmlrpc.php&path=%2Fhome%2Flennoxfa%2Fpublic_html HTTP/1.1" 404 - "-" "Mozilla/5.0 AppleWebKit/537.36 (KHTML, like Gecko; compatible; ClaudeBot/1.0; +claudebot@anthropic.com)"
216.73.216.4 - - [21/Mar/2026:18:20:01 +0600] "GET /items/O723367672?fileloc=%2Fhome%2Flennoxfa%2Fpublic_html%2Fwp-config-sample.php&path=%2Fhome%2Flennoxfa%2Fpublic_html HTTP/1.1" 404 - "-" "Mozilla/5.0 AppleWebKit/537.36 (KHTML, like Gecko; compatible; ClaudeBot/1.0; +claudebot@anthropic.com)"
57.141.14.39 - - [21/Mar/2026:18:20:01 +0600] "GET /product-category/kids/boys-t-shirt/page/3/?fileloc=/home/lennoxfa/public_html/wp-content/plugins/wpforms-lite/assets/images/community/suggest.png&path=/home/lennoxfa/public_html/wp-content/plugins/wpforms-lite/assets/images/community HTTP/1.1" 404 - "-" "meta-externalagent/1.1 (+https://developers.facebook.com/docs/sharing/webmasters/crawler)"
216.73.216.4 - - [21/Mar/2026:18:20:01 +0600] "GET /items/O723248756?path=%2Fhome%2Flennoxfa%2Fpublic_html%2Fimages HTTP/1.1" 404 - "-" "Mozilla/5.0 AppleWebKit/537.36 (KHTML, like Gecko; compatible; ClaudeBot/1.0; +claudebot@anthropic.com)"
216.73.216.4 - - [21/Mar/2026:18:20:01 +0600] "GET /items/O724506428?fileloc=%2Fhome%2Flennoxfa%2Fpublic_html%2Fwp-comments-post.php&path=%2Fhome%2Flennoxfa%2Fpublic_html HTTP/1.1" 404 - "-" "Mozilla/5.0 AppleWebKit/537.36 (KHTML, like Gecko; compatible; ClaudeBot/1.0; +claudebot@anthropic.com)"
216.73.216.4 - - [21/Mar/2026:18:20:01 +0600] "GET /items/O723640676?fileloc=%2Fhome%2Flennoxfa%2Fpublic_html%2Fwp-comments-post.php&path=%2Fhome%2Flennoxfa%2Fpublic_html HTTP/1.1" 404 - "-" "Mozilla/5.0 AppleWebKit/537.36 (KHTML, like Gecko; compatible; ClaudeBot/1.0; +claudebot@anthropic.com)"
216.73.216.4 - - [21/Mar/2026:18:20:01 +0600] "GET /items/O724652891?fileloc=%2Fhome%2Flennoxfa%2Fpublic_html%2Fxmlrpc.php&path=%2Fhome%2Flennoxfa%2Fpublic_html HTTP/1.1" 404 - "-" "Mozilla/5.0 AppleWebKit/537.36 (KHTML, like Gecko; compatible; ClaudeBot/1.0; +claudebot@anthropic.com)"
216.73.216.4 - - [21/Mar/2026:18:20:01 +0600] "GET /items/O722772161?fileloc=%2Fhome%2Flennoxfa%2Fpublic_html%2Fxmlrpc.php&path=%2Fhome%2Flennoxfa%2Fpublic_html HTTP/1.1" 404 - "-" "Mozilla/5.0 AppleWebKit/537.36 (KHTML, like Gecko; compatible; ClaudeBot/1.0; +claudebot@anthropic.com)"
74.7.243.252 - - [21/Mar/2026:18:20:00 +0600] "GET /?fileloc=//usr/lib/.build-id/f8/2ebd97075a0b2587afc54bdf576613a42b3427&path=//usr/lib/.build-id/f8 HTTP/1.1" 200 12438 "https://mail.lennoxfashionbd.com/?path=//usr/lib/.build-id/f8" "Mozilla/5.0 AppleWebKit/537.36 (KHTML, like Gecko; compatible; GPTBot/1.3; +https://openai.com/gptbot)"
216.73.216.4 - - [21/Mar/2026:18:20:01 +0600] "GET /items/O724630049?fileloc=%2Fhome%2Flennoxfa%2Fpublic_html%2Fwp-comments-post.php&path=%2Fhome%2Flennoxfa%2Fpublic_html HTTP/1.1" 404 - "-" "Mozilla/5.0 AppleWebKit/537.36 (KHTML, like Gecko; compatible; ClaudeBot/1.0; +claudebot@anthropic.com)"
216.73.216.4 - - [21/Mar/2026:18:20:02 +0600] "GET /items/O723936712?fileloc=%2Fhome%2Flennoxfa%2Fpublic_html%2Fwp-load.php&path=%2Fhome%2Flennoxfa%2Fpublic_html HTTP/1.1" 404 - "-" "Mozilla/5.0 AppleWebKit/537.36 (KHTML, like Gecko; compatible; ClaudeBot/1.0; +claudebot@anthropic.com)"
216.73.216.4 - - [21/Mar/2026:18:20:02 +0600] "GET /items/O724251083?fileloc=%2Fhome%2Flennoxfa%2Fpublic_html%2Fwp-mail.php&path=%2Fhome%2Flennoxfa%2Fpublic_html HTTP/1.1" 404 - "-" "Mozilla/5.0 AppleWebKit/537.36 (KHTML, like Gecko; compatible; ClaudeBot/1.0; +claudebot@anthropic.com)"
216.73.216.4 - - [21/Mar/2026:18:20:02 +0600] "GET /items/O722371744?fileloc=%2Fhome%2Flennoxfa%2Fpublic_html%2Fxmlrpc.php&path=%2Fhome%2Flennoxfa%2Fpublic_html HTTP/1.1" 404 - "-" "Mozilla/5.0 AppleWebKit/537.36 (KHTML, like Gecko; compatible; ClaudeBot/1.0; +claudebot@anthropic.com)"
216.73.216.4 - - [21/Mar/2026:18:20:02 +0600] "GET /items/O722619226?path=%2Fhome%2Flennoxfa%2Fpublic_html%2F.tmb HTTP/1.1" 404 - "-" "Mozilla/5.0 AppleWebKit/537.36 (KHTML, like Gecko; compatible; ClaudeBot/1.0; +claudebot@anthropic.com)"
57.141.14.89 - - [21/Mar/2026:18:20:02 +0600] "GET /product-category/kids/boys-t-shirt/page/3/?fileloc=/home/lennoxfa/public_html/wp-content/plugins/wpforms-lite/assets/images/community/wpbeginner@2x.png&path=/home/lennoxfa/public_html/wp-content/plugins/wpforms-lite/assets/images/community HTTP/1.1" 404 - "-" "meta-externalagent/1.1 (+https://developers.facebook.com/docs/sharing/webmasters/crawler)"
216.73.216.4 - - [21/Mar/2026:18:20:02 +0600] "GET /items/O725195065?fileloc=%2Fhome%2Flennoxfa%2Fpublic_html%2Fwp-comments-post.php&path=%2Fhome%2Flennoxfa%2Fpublic_html HTTP/1.1" 404 - "-" "Mozilla/5.0 AppleWebKit/537.36 (KHTML, like Gecko; compatible; ClaudeBot/1.0; +claudebot@anthropic.com)"
216.73.216.4 - - [21/Mar/2026:18:20:02 +0600] "GET /items/O722718947?fileloc=%2Fhome%2Flennoxfa%2Fpublic_html%2Fwp-comments-post.php&path=%2Fhome%2Flennoxfa%2Fpublic_html HTTP/1.1" 404 - "-" "Mozilla/5.0 AppleWebKit/537.36 (KHTML, like Gecko; compatible; ClaudeBot/1.0; +claudebot@anthropic.com)"
216.73.216.4 - - [21/Mar/2026:18:20:02 +0600] "GET /items/O723214311?path=%2Fhome%2Flennoxfa%2Fpublic_html%2Fimages HTTP/1.1" 404 - "-" "Mozilla/5.0 AppleWebKit/537.36 (KHTML, like Gecko; compatible; ClaudeBot/1.0; +claudebot@anthropic.com)"
216.73.216.4 - - [21/Mar/2026:18:20:02 +0600] "GET /items/O724020139?path=%2Fhome%2Flennoxfa%2Fpublic_html%2Fimages HTTP/1.1" 404 - "-" "Mozilla/5.0 AppleWebKit/537.36 (KHTML, like Gecko; compatible; ClaudeBot/1.0; +claudebot@anthropic.com)"
216.73.216.4 - - [21/Mar/2026:18:20:02 +0600] "GET /items/O722725178?fileloc=%2Fhome%2Flennoxfa%2Fpublic_html%2Fwp-comments-post.php&path=%2Fhome%2Flennoxfa%2Fpublic_html HTTP/1.1" 404 - "-" "Mozilla/5.0 AppleWebKit/537.36 (KHTML, like Gecko; compatible; ClaudeBot/1.0; +claudebot@anthropic.com)"
216.73.216.4 - - [21/Mar/2026:18:20:02 +0600] "GET /items/O722227283?fileloc=%2Fhome%2Flennoxfa%2Fpublic_html%2Fxmlrpc.php&path=%2Fhome%2Flennoxfa%2Fpublic_html HTTP/1.1" 404 - "-" "Mozilla/5.0 AppleWebKit/537.36 (KHTML, like Gecko; compatible; ClaudeBot/1.0; +claudebot@anthropic.com)"
216.73.216.4 - - [21/Mar/2026:18:20:02 +0600] "GET /items/O724745613?fileloc=%2Fhome%2Flennoxfa%2Fpublic_html%2Fwp-includes%2Flocale.php&path=%2Fhome%2Flennoxfa%2Fpublic_html%2Fwp-includes HTTP/1.1" 404 - "-" "Mozilla/5.0 AppleWebKit/537.36 (KHTML, like Gecko; compatible; ClaudeBot/1.0; +claudebot@anthropic.com)"
216.73.216.4 - - [21/Mar/2026:18:20:03 +0600] "GET /items/O724467657?path=%2Fhome%2Flennoxfa%2Fpublic_html%2Fimages HTTP/1.1" 404 - "-" "Mozilla/5.0 AppleWebKit/537.36 (KHTML, like Gecko; compatible; ClaudeBot/1.0; +claudebot@anthropic.com)"
57.141.14.31 - - [21/Mar/2026:18:20:03 +0600] "GET /product-category/kids/boys-t-shirt/page/3/?fileloc=/home/lennoxfa/public_html/wp-content/plugins/wpforms-lite/assets/images/email/template-placeholder.svg&path=/home/lennoxfa/public_html/wp-content/plugins/wpforms-lite/assets/images/email HTTP/1.1" 404 - "-" "meta-externalagent/1.1 (+https://developers.facebook.com/docs/sharing/webmasters/crawler)"
216.73.216.4 - - [21/Mar/2026:18:20:03 +0600] "GET /items/O722794121?fileloc=%2Fhome%2Flennoxfa%2Fpublic_html%2Fxmlrpc.php&path=%2Fhome%2Flennoxfa%2Fpublic_html HTTP/1.1" 404 - "-" "Mozilla/5.0 AppleWebKit/537.36 (KHTML, like Gecko; compatible; ClaudeBot/1.0; +claudebot@anthropic.com)"
216.73.216.4 - - [21/Mar/2026:18:20:03 +0600] "GET /items/O722718237?fileloc=%2Fhome%2Flennoxfa%2Fpublic_html%2Fxmlrpc.php&path=%2Fhome%2Flennoxfa%2Fpublic_html HTTP/1.1" 404 - "-" "Mozilla/5.0 AppleWebKit/537.36 (KHTML, like Gecko; compatible; ClaudeBot/1.0; +claudebot@anthropic.com)"
216.73.216.4 - - [21/Mar/2026:18:20:03 +0600] "GET /items/O723610922?fileloc=%2Fhome%2Flennoxfa%2Fpublic_html%2Fwp-comments-post.php&path=%2Fhome%2Flennoxfa%2Fpublic_html HTTP/1.1" 404 - "-" "Mozilla/5.0 AppleWebKit/537.36 (KHTML, like Gecko; compatible; ClaudeBot/1.0; +claudebot@anthropic.com)"
216.73.216.4 - - [21/Mar/2026:18:20:03 +0600] "GET /items/O723926676?path=%2Fhome%2Flennoxfa%2Fpublic_html%2Fimages HTTP/1.1" 404 - "-" "Mozilla/5.0 AppleWebKit/537.36 (KHTML, like Gecko; compatible; ClaudeBot/1.0; +claudebot@anthropic.com)"
216.73.216.4 - - [21/Mar/2026:18:20:03 +0600] "GET /items/O725247482?fileloc=%2Fhome%2Flennoxfa%2Fpublic_html%2Fxmlrpc.php&path=%2Fhome%2Flennoxfa%2Fpublic_html HTTP/1.1" 404 - "-" "Mozilla/5.0 AppleWebKit/537.36 (KHTML, like Gecko; compatible; ClaudeBot/1.0; +claudebot@anthropic.com)"
216.73.216.4 - - [21/Mar/2026:18:20:03 +0600] "GET /items/O723590215?fileloc=%2Fhome%2Flennoxfa%2Fpublic_html%2Fwp-comments-post.php&path=%2Fhome%2Flennoxfa%2Fpublic_html HTTP/1.1" 404 - "-" "Mozilla/5.0 AppleWebKit/537.36 (KHTML, like Gecko; compatible; ClaudeBot/1.0; +claudebot@anthropic.com)"
216.73.216.4 - - [21/Mar/2026:18:20:03 +0600] "GET /items/O723007202?fileloc=%2Fhome%2Flennoxfa%2Fpublic_html%2Fwp-login.php&path=%2Fhome%2Flennoxfa%2Fpublic_html HTTP/1.1" 404 - "-" "Mozilla/5.0 AppleWebKit/537.36 (KHTML, like Gecko; compatible; ClaudeBot/1.0; +claudebot@anthropic.com)"
216.73.216.4 - - [21/Mar/2026:18:20:03 +0600] "GET /items/O722667380?fileloc=%2Fhome%2Flennoxfa%2Fpublic_html%2Fxmlrpc.php&path=%2Fhome%2Flennoxfa%2Fpublic_html HTTP/1.1" 404 - "-" "Mozilla/5.0 AppleWebKit/537.36 (KHTML, like Gecko; compatible; ClaudeBot/1.0; +claudebot@anthropic.com)"
57.141.14.110 - - [21/Mar/2026:18:20:03 +0600] "GET /product-category/kids/boys-t-shirt/page/3/?fileloc=/home/lennoxfa/public_html/wp-content/plugins/wpforms-lite/assets/images/community/vip-circle.png&path=/home/lennoxfa/public_html/wp-content/plugins/wpforms-lite/assets/images/community HTTP/1.1" 404 - "-" "meta-externalagent/1.1 (+https://developers.facebook.com/docs/sharing/webmasters/crawler)"
216.73.216.4 - - [21/Mar/2026:18:20:03 +0600] "GET /items/O722952455?fileloc=%2Fhome%2Flennoxfa%2Fpublic_html%2Fwp-config-sample.php&path=%2Fhome%2Flennoxfa%2Fpublic_html HTTP/1.1" 404 - "-" "Mozilla/5.0 AppleWebKit/537.36 (KHTML, like Gecko; compatible; ClaudeBot/1.0; +claudebot@anthropic.com)"
74.7.242.47 - - [21/Mar/2026:18:20:02 +0600] "GET /?fileloc=//proc/1622234/root/proc/thread-self/root/proc/net/rt_acct&path=//proc/1622234/root/proc/thread-self/root/proc/net HTTP/1.1" 200 12728 "https://www.lennoxfashionbd.com/?path=//proc/1622234/root/proc/thread-self/root/proc/net" "Mozilla/5.0 AppleWebKit/537.36 (KHTML, like Gecko; compatible; GPTBot/1.3; +https://openai.com/gptbot)"
216.73.216.4 - - [21/Mar/2026:18:20:03 +0600] "GET /items/O724816219?fileloc=%2Fhome%2Flennoxfa%2Fpublic_html%2Fxmlrpc.php&path=%2Fhome%2Flennoxfa%2Fpublic_html HTTP/1.1" 404 - "-" "Mozilla/5.0 AppleWebKit/537.36 (KHTML, like Gecko; compatible; ClaudeBot/1.0; +claudebot@anthropic.com)"
216.73.216.4 - - [21/Mar/2026:18:20:04 +0600] "GET /items/O723865113?fileloc=%2Fhome%2Flennoxfa%2Fpublic_html%2Fwp-comments-post.php&path=%2Fhome%2Flennoxfa%2Fpublic_html HTTP/1.1" 404 - "-" "Mozilla/5.0 AppleWebKit/537.36 (KHTML, like Gecko; compatible; ClaudeBot/1.0; +claudebot@anthropic.com)"
216.73.216.4 - - [21/Mar/2026:18:20:04 +0600] "GET /items/O722939337?fileloc=%2Fhome%2Flennoxfa%2Fpublic_html%2Fwp-includes%2Fms-files.php&path=%2Fhome%2Flennoxfa%2Fpublic_html%2Fwp-includes HTTP/1.1" 404 - "-" "Mozilla/5.0 AppleWebKit/537.36 (KHTML, like Gecko; compatible; ClaudeBot/1.0; +claudebot@anthropic.com)"
216.73.216.4 - - [21/Mar/2026:18:20:04 +0600] "GET /items/O724212464?fileloc=%2Fhome%2Flennoxfa%2Fpublic_html%2Fxmlrpc.php&path=%2Fhome%2Flennoxfa%2Fpublic_html HTTP/1.1" 404 - "-" "Mozilla/5.0 AppleWebKit/537.36 (KHTML, like Gecko; compatible; ClaudeBot/1.0; +claudebot@anthropic.com)"
216.73.216.4 - - [21/Mar/2026:18:20:04 +0600] "GET /items/O724381071?fileloc=%2Fhome%2Flennoxfa%2Fpublic_html%2Fwp-comments-post.php&path=%2Fhome%2Flennoxfa%2Fpublic_html HTTP/1.1" 404 - "-" "Mozilla/5.0 AppleWebKit/537.36 (KHTML, like Gecko; compatible; ClaudeBot/1.0; +claudebot@anthropic.com)"
216.73.216.4 - - [21/Mar/2026:18:20:04 +0600] "GET /items/O724407346?fileloc=%2Fhome%2Flennoxfa%2Fpublic_html%2Fxmlrpc.php&path=%2Fhome%2Flennoxfa%2Fpublic_html HTTP/1.1" 404 - "-" "Mozilla/5.0 AppleWebKit/537.36 (KHTML, like Gecko; compatible; ClaudeBot/1.0; +claudebot@anthropic.com)"
216.73.216.4 - - [21/Mar/2026:18:20:04 +0600] "GET /items/O724506428?fileloc=%2Fhome%2Flennoxfa%2Fpublic_html%2Fxmlrpc.php&path=%2Fhome%2Flennoxfa%2Fpublic_html HTTP/1.1" 404 - "-" "Mozilla/5.0 AppleWebKit/537.36 (KHTML, like Gecko; compatible; ClaudeBot/1.0; +claudebot@anthropic.com)"
216.73.216.4 - - [21/Mar/2026:18:20:04 +0600] "GET /items/O721443398?path=%2Fhome%2Flennoxfa%2Fpublic_html%2F.tmb HTTP/1.1" 404 - "-" "Mozilla/5.0 AppleWebKit/537.36 (KHTML, like Gecko; compatible; ClaudeBot/1.0; +claudebot@anthropic.com)"
216.73.216.4 - - [21/Mar/2026:18:20:04 +0600] "GET /items/O725166114?fileloc=%2Fhome%2Flennoxfa%2Fpublic_html%2Fwp-includes%2Fclass-wp-block-bindings-registry.php&path=%2Fhome%2Flennoxfa%2Fpublic_html%2Fwp-includes HTTP/1.1" 404 - "-" "Mozilla/5.0 AppleWebKit/537.36 (KHTML, like Gecko; compatible; ClaudeBot/1.0; +claudebot@anthropic.com)"
216.73.216.4 - - [21/Mar/2026:18:20:04 +0600] "GET /items/O723309980?path=%2Fhome%2Flennoxfa%2Fpublic_html%2Fimages HTTP/1.1" 404 - "-" "Mozilla/5.0 AppleWebKit/537.36 (KHTML, like Gecko; compatible; ClaudeBot/1.0; +claudebot@anthropic.com)"
216.73.216.4 - - [21/Mar/2026:18:20:04 +0600] "GET /items/O722016505?path=%2Fhome%2Flennoxfa%2Fpublic_html%2Fimages HTTP/1.1" 404 - "-" "Mozilla/5.0 AppleWebKit/537.36 (KHTML, like Gecko; compatible; ClaudeBot/1.0; +claudebot@anthropic.com)"
57.141.14.7 - - [21/Mar/2026:18:20:04 +0600] "GET /product-category/kids/boys-t-shirt/page/3/?fileloc=/home/lennoxfa/public_html/wp-content/plugins/wpforms-lite/assets/images/privacy-compliance/screenshot-tnail.png&path=/home/lennoxfa/public_html/wp-content/plugins/wpforms-lite/assets/images/privacy-compliance HTTP/1.1" 404 - "-" "meta-externalagent/1.1 (+https://developers.facebook.com/docs/sharing/webmasters/crawler)"
74.7.243.252 - - [21/Mar/2026:18:20:03 +0600] "GET /?fileloc=//usr/lib/.build-id/69/cb43e92ee9edf9756845815b1badcd18566a80&path=//usr/lib/.build-id/69 HTTP/1.1" 200 12438 "https://mail.lennoxfashionbd.com/?path=//usr/lib/.build-id/69" "Mozilla/5.0 AppleWebKit/537.36 (KHTML, like Gecko; compatible; GPTBot/1.3; +https://openai.com/gptbot)"
216.73.216.4 - - [21/Mar/2026:18:20:04 +0600] "GET /items/O722935494?fileloc=%2Fhome%2Flennoxfa%2Fpublic_html%2Fxmlrpc.php&path=%2Fhome%2Flennoxfa%2Fpublic_html HTTP/1.1" 404 - "-" "Mozilla/5.0 AppleWebKit/537.36 (KHTML, like Gecko; compatible; ClaudeBot/1.0; +claudebot@anthropic.com)"
216.73.216.4 - - [21/Mar/2026:18:20:05 +0600] "GET /items/O722961237?fileloc=%2Fhome%2Flennoxfa%2Fpublic_html%2Fwp-login.php&path=%2Fhome%2Flennoxfa%2Fpublic_html HTTP/1.1" 404 - "-" "Mozilla/5.0 AppleWebKit/537.36 (KHTML, like Gecko; compatible; ClaudeBot/1.0; +claudebot@anthropic.com)"
216.73.216.4 - - [21/Mar/2026:18:20:05 +0600] "GET /items/O724864055?fileloc=%2Fhome%2Flennoxfa%2Fpublic_html%2Fwp-load.php&path=%2Fhome%2Flennoxfa%2Fpublic_html HTTP/1.1" 404 - "-" "Mozilla/5.0 AppleWebKit/537.36 (KHTML, like Gecko; compatible; ClaudeBot/1.0; +claudebot@anthropic.com)"
216.73.216.4 - - [21/Mar/2026:18:20:05 +0600] "GET /items/O722691579?fileloc=%2Fhome%2Flennoxfa%2Fpublic_html%2Fxmlrpc.php&path=%2Fhome%2Flennoxfa%2Fpublic_html HTTP/1.1" 404 - "-" "Mozilla/5.0 AppleWebKit/537.36 (KHTML, like Gecko; compatible; ClaudeBot/1.0; +claudebot@anthropic.com)"
216.73.216.4 - - [21/Mar/2026:18:20:05 +0600] "GET /items/O722123777?fileloc=%2Fhome%2Flennoxfa%2Fpublic_html%2Fwp-sx-generator.php&path=%2Fhome%2Flennoxfa%2Fpublic_html HTTP/1.1" 404 - "-" "Mozilla/5.0 AppleWebKit/537.36 (KHTML, like Gecko; compatible; ClaudeBot/1.0; +claudebot@anthropic.com)"
216.73.216.4 - - [21/Mar/2026:18:20:05 +0600] "GET /items/O722834229?fileloc=%2Fhome%2Flennoxfa%2Fpublic_html%2Fwp-comments-post.php&path=%2Fhome%2Flennoxfa%2Fpublic_html HTTP/1.1" 404 - "-" "Mozilla/5.0 AppleWebKit/537.36 (KHTML, like Gecko; compatible; ClaudeBot/1.0; +claudebot@anthropic.com)"
216.73.216.4 - - [21/Mar/2026:18:20:05 +0600] "GET /items/O724635362?path=%2Fhome%2Flennoxfa%2Fpublic_html%2Fimages HTTP/1.1" 404 - "-" "Mozilla/5.0 AppleWebKit/537.36 (KHTML, like Gecko; compatible; ClaudeBot/1.0; +claudebot@anthropic.com)"
57.141.14.20 - - [21/Mar/2026:18:20:05 +0600] "GET /product-category/kids/boys-t-shirt/page/3/?fileloc=/home/lennoxfa/public_html/wp-content/plugins/wpforms-lite/assets/images/community/announcements@2x.png&path=/home/lennoxfa/public_html/wp-content/plugins/wpforms-lite/assets/images/community HTTP/1.1" 404 - "-" "meta-externalagent/1.1 (+https://developers.facebook.com/docs/sharing/webmasters/crawler)"
216.73.216.4 - - [21/Mar/2026:18:20:05 +0600] "GET /items/O724775159?path=%2Fhome%2Flennoxfa%2Fpublic_html%2Fimages HTTP/1.1" 404 - "-" "Mozilla/5.0 AppleWebKit/537.36 (KHTML, like Gecko; compatible; ClaudeBot/1.0; +claudebot@anthropic.com)"
216.73.216.4 - - [21/Mar/2026:18:20:05 +0600] "GET /items/O722105979?fileloc=%2Fhome%2Flennoxfa%2Fpublic_html%2Fwp-comments-post.php&path=%2Fhome%2Flennoxfa%2Fpublic_html HTTP/1.1" 404 - "-" "Mozilla/5.0 AppleWebKit/537.36 (KHTML, like Gecko; compatible; ClaudeBot/1.0; +claudebot@anthropic.com)"
216.73.216.4 - - [21/Mar/2026:18:20:05 +0600] "GET /items/O722784526?fileloc=%2Fhome%2Flennoxfa%2Fpublic_html%2Fwp-comments-post.php&path=%2Fhome%2Flennoxfa%2Fpublic_html HTTP/1.1" 404 - "-" "Mozilla/5.0 AppleWebKit/537.36 (KHTML, like Gecko; compatible; ClaudeBot/1.0; +claudebot@anthropic.com)"
216.73.216.4 - - [21/Mar/2026:18:20:05 +0600] "GET /items/O724417458?fileloc=%2Fhome%2Flennoxfa%2Fpublic_html%2Fxmlrpc.php&path=%2Fhome%2Flennoxfa%2Fpublic_html HTTP/1.1" 404 - "-" "Mozilla/5.0 AppleWebKit/537.36 (KHTML, like Gecko; compatible; ClaudeBot/1.0; +claudebot@anthropic.com)"
216.73.216.4 - - [21/Mar/2026:18:20:06 +0600] "GET /items/O724565196?path=%2Fhome%2Flennoxfa%2Fpublic_html%2Fimages HTTP/1.1" 404 - "-" "Mozilla/5.0 AppleWebKit/537.36 (KHTML, like Gecko; compatible; ClaudeBot/1.0; +claudebot@anthropic.com)"
216.73.216.4 - - [21/Mar/2026:18:20:06 +0600] "GET /items/O723228563?fileloc=%2Fhome%2Flennoxfa%2Fpublic_html%2Fwp-comments-post.php&path=%2Fhome%2Flennoxfa%2Fpublic_html HTTP/1.1" 404 - "-" "Mozilla/5.0 AppleWebKit/537.36 (KHTML, like Gecko; compatible; ClaudeBot/1.0; +claudebot@anthropic.com)"
216.73.216.4 - - [21/Mar/2026:18:20:06 +0600] "GET /items/O724494261?fileloc=%2Fhome%2Flennoxfa%2Fpublic_html%2Fwp-comments-post.php&path=%2Fhome%2Flennoxfa%2Fpublic_html HTTP/1.1" 404 - "-" "Mozilla/5.0 AppleWebKit/537.36 (KHTML, like Gecko; compatible; ClaudeBot/1.0; +claudebot@anthropic.com)"
216.73.216.4 - - [21/Mar/2026:18:20:06 +0600] "GET /items/O723616417?fileloc=%2Fhome%2Flennoxfa%2Fpublic_html%2Fwp-includes%2Fclass-wp-locale.php&path=%2Fhome%2Flennoxfa%2Fpublic_html%2Fwp-includes HTTP/1.1" 404 - "-" "Mozilla/5.0 AppleWebKit/537.36 (KHTML, like Gecko; compatible; ClaudeBot/1.0; +claudebot@anthropic.com)"
216.73.216.4 - - [21/Mar/2026:18:20:06 +0600] "GET /items/O724744326?fileloc=%2Fhome%2Flennoxfa%2Fpublic_html%2Fwp-comments-post.php&path=%2Fhome%2Flennoxfa%2Fpublic_html HTTP/1.1" 404 - "-" "Mozilla/5.0 AppleWebKit/537.36 (KHTML, like Gecko; compatible; ClaudeBot/1.0; +claudebot@anthropic.com)"
216.73.216.4 - - [21/Mar/2026:18:20:06 +0600] "GET /items/O724697287?fileloc=%2Fhome%2Flennoxfa%2Fpublic_html%2Fwp-admin%2Fsite-health-stack.php&path=%2Fhome%2Flennoxfa%2Fpublic_html%2Fwp-admin HTTP/1.1" 404 - "-" "Mozilla/5.0 AppleWebKit/537.36 (KHTML, like Gecko; compatible; ClaudeBot/1.0; +claudebot@anthropic.com)"
216.73.216.4 - - [21/Mar/2026:18:20:06 +0600] "GET /items/O724735509?fileloc=%2Fhome%2Flennoxfa%2Fpublic_html%2Fxmlrpc.php&path=%2Fhome%2Flennoxfa%2Fpublic_html HTTP/1.1" 404 - "-" "Mozilla/5.0 AppleWebKit/537.36 (KHTML, like Gecko; compatible; ClaudeBot/1.0; +claudebot@anthropic.com)"
216.73.216.4 - - [21/Mar/2026:18:20:06 +0600] "GET /items/O722105979?fileloc=%2Fhome%2Flennoxfa%2Fpublic_html%2Fxmlrpc.php&path=%2Fhome%2Flennoxfa%2Fpublic_html HTTP/1.1" 404 - "-" "Mozilla/5.0 AppleWebKit/537.36 (KHTML, like Gecko; compatible; ClaudeBot/1.0; +claudebot@anthropic.com)"
216.73.216.4 - - [21/Mar/2026:18:20:06 +0600] "GET /items/O723129265?path=%2Fhome%2Flennoxfa%2Fpublic_html%2Fimages HTTP/1.1" 404 - "-" "Mozilla/5.0 AppleWebKit/537.36 (KHTML, like Gecko; compatible; ClaudeBot/1.0; +claudebot@anthropic.com)"
216.73.216.4 - - [21/Mar/2026:18:20:06 +0600] "GET /items/O723356546?path=%2Fhome%2Flennoxfa%2Fpublic_html%2Fimages HTTP/1.1" 404 - "-" "Mozilla/5.0 AppleWebKit/537.36 (KHTML, like Gecko; compatible; ClaudeBot/1.0; +claudebot@anthropic.com)"
216.73.216.4 - - [21/Mar/2026:18:20:06 +0600] "GET /items/O723342914?fileloc=%2Fhome%2Flennoxfa%2Fpublic_html%2Fxmlrpc.php&path=%2Fhome%2Flennoxfa%2Fpublic_html HTTP/1.1" 404 - "-" "Mozilla/5.0 AppleWebKit/537.36 (KHTML, like Gecko; compatible; ClaudeBot/1.0; +claudebot@anthropic.com)"
216.73.216.4 - - [21/Mar/2026:18:20:07 +0600] "GET /items/O723915830?fileloc=%2Fhome%2Flennoxfa%2Fpublic_html%2Fwp-includes%2Fclass-wp-locale-switcher.php&path=%2Fhome%2Flennoxfa%2Fpublic_html%2Fwp-includes HTTP/1.1" 404 - "-" "Mozilla/5.0 AppleWebKit/537.36 (KHTML, like Gecko; compatible; ClaudeBot/1.0; +claudebot@anthropic.com)"
57.141.14.39 - - [21/Mar/2026:18:20:07 +0600] "GET /product-category/kids/boys-t-shirt/page/3/?fileloc=/home/lennoxfa/public_html/wp-content/plugins/wpforms-lite/assets/images/email/icon-overview.png&path=/home/lennoxfa/public_html/wp-content/plugins/wpforms-lite/assets/images/email HTTP/1.1" 404 - "-" "meta-externalagent/1.1 (+https://developers.facebook.com/docs/sharing/webmasters/crawler)"
216.73.216.4 - - [21/Mar/2026:18:20:07 +0600] "GET /items/O722387763?path=%2Fhome%2Flennoxfa%2Fpublic_html%2Fimages HTTP/1.1" 404 - "-" "Mozilla/5.0 AppleWebKit/537.36 (KHTML, like Gecko; compatible; ClaudeBot/1.0; +claudebot@anthropic.com)"
216.73.216.4 - - [21/Mar/2026:18:20:07 +0600] "GET /items/O722519005?fileloc=%2Fhome%2Flennoxfa%2Fpublic_html%2Fwp-includes%2Fclass-wp-locale.php&path=%2Fhome%2Flennoxfa%2Fpublic_html%2Fwp-includes HTTP/1.1" 404 - "-" "Mozilla/5.0 AppleWebKit/537.36 (KHTML, like Gecko; compatible; ClaudeBot/1.0; +claudebot@anthropic.com)"
74.7.242.47 - - [21/Mar/2026:18:20:05 +0600] "GET /?fileloc=//proc/1622234/root/proc/thread-self/root/proc/net/tcp&path=//proc/1622234/root/proc/thread-self/root/proc/net HTTP/1.1" 200 95527 "https://www.lennoxfashionbd.com/?path=//proc/1622234/root/proc/thread-self/root/proc/net" "Mozilla/5.0 AppleWebKit/537.36 (KHTML, like Gecko; compatible; GPTBot/1.3; +https://openai.com/gptbot)"
57.141.14.31 - - [21/Mar/2026:18:20:07 +0600] "GET /product-category/kids/boys-t-shirt/page/3/?fileloc=/home/lennoxfa/public_html/wp-content/plugins/wpforms-lite/assets/images/privacy-compliance/wpforms-wpconsent.svg&path=/home/lennoxfa/public_html/wp-content/plugins/wpforms-lite/assets/images/privacy-compliance HTTP/1.1" 404 - "-" "meta-externalagent/1.1 (+https://developers.facebook.com/docs/sharing/webmasters/crawler)"
216.73.216.4 - - [21/Mar/2026:18:20:07 +0600] "GET /items/O723342914?fileloc=%2Fhome%2Flennoxfa%2Fpublic_html%2Fwp-comments-post.php&path=%2Fhome%2Flennoxfa%2Fpublic_html HTTP/1.1" 404 - "-" "Mozilla/5.0 AppleWebKit/537.36 (KHTML, like Gecko; compatible; ClaudeBot/1.0; +claudebot@anthropic.com)"
216.73.216.4 - - [21/Mar/2026:18:20:07 +0600] "GET /items/O722156249?fileloc=%2Fhome%2Flennoxfa%2Fpublic_html%2Fwp-includes%2Fms-files.php&path=%2Fhome%2Flennoxfa%2Fpublic_html%2Fwp-includes HTTP/1.1" 404 - "-" "Mozilla/5.0 AppleWebKit/537.36 (KHTML, like Gecko; compatible; ClaudeBot/1.0; +claudebot@anthropic.com)"
216.73.216.4 - - [21/Mar/2026:18:20:07 +0600] "GET /items/O723616417?fileloc=%2Fhome%2Flennoxfa%2Fpublic_html%2Fwp-includes%2Ffonts.php&path=%2Fhome%2Flennoxfa%2Fpublic_html%2Fwp-includes HTTP/1.1" 404 - "-" "Mozilla/5.0 AppleWebKit/537.36 (KHTML, like Gecko; compatible; ClaudeBot/1.0; +claudebot@anthropic.com)"
216.73.216.4 - - [21/Mar/2026:18:20:07 +0600] "GET /items/O722961047?fileloc=%2Fhome%2Flennoxfa%2Fpublic_html%2Fxmlrpc.php&path=%2Fhome%2Flennoxfa%2Fpublic_html HTTP/1.1" 404 - "-" "Mozilla/5.0 AppleWebKit/537.36 (KHTML, like Gecko; compatible; ClaudeBot/1.0; +claudebot@anthropic.com)"
216.73.216.4 - - [21/Mar/2026:18:20:07 +0600] "GET /items/O723188433?fileloc=%2Fhome%2Flennoxfa%2Fpublic_html%2Fxmlrpc.php&path=%2Fhome%2Flennoxfa%2Fpublic_html HTTP/1.1" 404 - "-" "Mozilla/5.0 AppleWebKit/537.36 (KHTML, like Gecko; compatible; ClaudeBot/1.0; +claudebot@anthropic.com)"
216.73.216.4 - - [21/Mar/2026:18:20:07 +0600] "GET /items/O722748926?fileloc=%2Fhome%2Flennoxfa%2Fpublic_html%2Fxmlrpc.php&path=%2Fhome%2Flennoxfa%2Fpublic_html HTTP/1.1" 404 - "-" "Mozilla/5.0 AppleWebKit/537.36 (KHTML, like Gecko; compatible; ClaudeBot/1.0; +claudebot@anthropic.com)"
216.73.216.4 - - [21/Mar/2026:18:20:07 +0600] "GET /items/O722657877?path=%2Fhome%2Flennoxfa%2Fpublic_html%2Fimages HTTP/1.1" 404 - "-" "Mozilla/5.0 AppleWebKit/537.36 (KHTML, like Gecko; compatible; ClaudeBot/1.0; +claudebot@anthropic.com)"
216.73.216.4 - - [21/Mar/2026:18:20:07 +0600] "GET /items/O724880855?fileloc=%2Fhome%2Flennoxfa%2Fpublic_html%2Fwp-config-sample.php&path=%2Fhome%2Flennoxfa%2Fpublic_html HTTP/1.1" 404 - "-" "Mozilla/5.0 AppleWebKit/537.36 (KHTML, like Gecko; compatible; ClaudeBot/1.0; +claudebot@anthropic.com)"
74.7.243.252 - - [21/Mar/2026:18:20:06 +0600] "GET /?fileloc=//usr/lib/.build-id/e0/47183d313f71f8587a5f4fd4cd07cb56a40998&path=//usr/lib/.build-id/e0 HTTP/1.1" 200 12438 "https://mail.lennoxfashionbd.com/?path=//usr/lib/.build-id/e0" "Mozilla/5.0 AppleWebKit/537.36 (KHTML, like Gecko; compatible; GPTBot/1.3; +https://openai.com/gptbot)"
216.73.216.4 - - [21/Mar/2026:18:20:08 +0600] "GET /items/O724417458?fileloc=%2Fhome%2Flennoxfa%2Fpublic_html%2Fwp-comments-post.php&path=%2Fhome%2Flennoxfa%2Fpublic_html HTTP/1.1" 404 - "-" "Mozilla/5.0 AppleWebKit/537.36 (KHTML, like Gecko; compatible; ClaudeBot/1.0; +claudebot@anthropic.com)"
216.73.216.4 - - [21/Mar/2026:18:20:08 +0600] "GET /items/O724254600?fileloc=%2Fhome%2Flennoxfa%2Fpublic_html%2Fwp-mail.php&path=%2Fhome%2Flennoxfa%2Fpublic_html HTTP/1.1" 404 - "-" "Mozilla/5.0 AppleWebKit/537.36 (KHTML, like Gecko; compatible; ClaudeBot/1.0; +claudebot@anthropic.com)"
216.73.216.4 - - [21/Mar/2026:18:20:08 +0600] "GET /items/O724766880?path=%2Fhome%2Flennoxfa%2Fpublic_html%2Fimages HTTP/1.1" 404 - "-" "Mozilla/5.0 AppleWebKit/537.36 (KHTML, like Gecko; compatible; ClaudeBot/1.0; +claudebot@anthropic.com)"
57.141.14.20 - - [21/Mar/2026:18:20:08 +0600] "GET /product-category/kids/boys-t-shirt/page/3/?fileloc=/home/lennoxfa/public_html/wp-content/plugins/wpforms-lite/assets/images/privacy-compliance/screenshot-tnail@2x.png&path=/home/lennoxfa/public_html/wp-content/plugins/wpforms-lite/assets/images/privacy-compliance HTTP/1.1" 404 - "-" "meta-externalagent/1.1 (+https://developers.facebook.com/docs/sharing/webmasters/crawler)"
216.73.216.4 - - [21/Mar/2026:18:20:08 +0600] "GET /items/O724372787?fileloc=%2Fhome%2Flennoxfa%2Fpublic_html%2Fwp-includes%2Fclass-avif-info.php&path=%2Fhome%2Flennoxfa%2Fpublic_html%2Fwp-includes HTTP/1.1" 404 - "-" "Mozilla/5.0 AppleWebKit/537.36 (KHTML, like Gecko; compatible; ClaudeBot/1.0; +claudebot@anthropic.com)"
216.73.216.4 - - [21/Mar/2026:18:20:08 +0600] "GET /items/O724390191?fileloc=%2Fhome%2Flennoxfa%2Fpublic_html%2Fwp-comments-post.php&path=%2Fhome%2Flennoxfa%2Fpublic_html HTTP/1.1" 404 - "-" "Mozilla/5.0 AppleWebKit/537.36 (KHTML, like Gecko; compatible; ClaudeBot/1.0; +claudebot@anthropic.com)"
216.73.216.4 - - [21/Mar/2026:18:20:08 +0600] "GET /items/O724600835?fileloc=%2Fhome%2Flennoxfa%2Fpublic_html%2Fwp-comments-post.php&path=%2Fhome%2Flennoxfa%2Fpublic_html HTTP/1.1" 404 - "-" "Mozilla/5.0 AppleWebKit/537.36 (KHTML, like Gecko; compatible; ClaudeBot/1.0; +claudebot@anthropic.com)"
216.73.216.4 - - [21/Mar/2026:18:20:08 +0600] "GET /items/O722667380?fileloc=%2Fhome%2Flennoxfa%2Fpublic_html%2Fwp-comments-post.php&path=%2Fhome%2Flennoxfa%2Fpublic_html HTTP/1.1" 404 - "-" "Mozilla/5.0 AppleWebKit/537.36 (KHTML, like Gecko; compatible; ClaudeBot/1.0; +claudebot@anthropic.com)"
216.73.216.4 - - [21/Mar/2026:18:20:08 +0600] "GET /items/O724719408?fileloc=%2Fhome%2Flennoxfa%2Fpublic_html%2Fwp-comments-post.php&path=%2Fhome%2Flennoxfa%2Fpublic_html HTTP/1.1" 404 - "-" "Mozilla/5.0 AppleWebKit/537.36 (KHTML, like Gecko; compatible; ClaudeBot/1.0; +claudebot@anthropic.com)"
216.73.216.4 - - [21/Mar/2026:18:20:08 +0600] "GET /items/O722845547?fileloc=%2Fhome%2Flennoxfa%2Fpublic_html%2Fxmlrpc.php&path=%2Fhome%2Flennoxfa%2Fpublic_html HTTP/1.1" 404 - "-" "Mozilla/5.0 AppleWebKit/537.36 (KHTML, like Gecko; compatible; ClaudeBot/1.0; +claudebot@anthropic.com)"
216.73.216.4 - - [21/Mar/2026:18:20:08 +0600] "GET /items/O723590215?fileloc=%2Fhome%2Flennoxfa%2Fpublic_html%2Fxmlrpc.php&path=%2Fhome%2Flennoxfa%2Fpublic_html HTTP/1.1" 404 - "-" "Mozilla/5.0 AppleWebKit/537.36 (KHTML, like Gecko; compatible; ClaudeBot/1.0; +claudebot@anthropic.com)"
216.73.216.4 - - [21/Mar/2026:18:20:08 +0600] "GET /items/O723672898?fileloc=%2Fhome%2Flennoxfa%2Fpublic_html%2Fwp-comments-post.php&path=%2Fhome%2Flennoxfa%2Fpublic_html HTTP/1.1" 404 - "-" "Mozilla/5.0 AppleWebKit/537.36 (KHTML, like Gecko; compatible; ClaudeBot/1.0; +claudebot@anthropic.com)"
216.73.216.4 - - [21/Mar/2026:18:20:09 +0600] "GET /items/O723763152?fileloc=%2Fhome%2Flennoxfa%2Fpublic_html%2Fwp-comments-post.php&path=%2Fhome%2Flennoxfa%2Fpublic_html HTTP/1.1" 404 - "-" "Mozilla/5.0 AppleWebKit/537.36 (KHTML, like Gecko; compatible; ClaudeBot/1.0; +claudebot@anthropic.com)"
57.141.14.16 - - [21/Mar/2026:18:20:09 +0600] "GET /product-category/kids/boys-t-shirt/page/3/?fileloc=/home/lennoxfa/public_html/wp-content/plugins/wpforms-lite/assets/images/email/icon-upward.png&path=/home/lennoxfa/public_html/wp-content/plugins/wpforms-lite/assets/images/email HTTP/1.1" 404 - "-" "meta-externalagent/1.1 (+https://developers.facebook.com/docs/sharing/webmasters/crawler)"
216.73.216.4 - - [21/Mar/2026:18:20:09 +0600] "GET /items/O722519005?fileloc=%2Fhome%2Flennoxfa%2Fpublic_html%2Fwp-includes%2Ffonts.php&path=%2Fhome%2Flennoxfa%2Fpublic_html%2Fwp-includes HTTP/1.1" 404 - "-" "Mozilla/5.0 AppleWebKit/537.36 (KHTML, like Gecko; compatible; ClaudeBot/1.0; +claudebot@anthropic.com)"
216.73.216.4 - - [21/Mar/2026:18:20:09 +0600] "GET /items/O724674986?fileloc=%2Fhome%2Flennoxfa%2Fpublic_html%2Fwp-activate.php&path=%2Fhome%2Flennoxfa%2Fpublic_html HTTP/1.1" 404 - "-" "Mozilla/5.0 AppleWebKit/537.36 (KHTML, like Gecko; compatible; ClaudeBot/1.0; +claudebot@anthropic.com)"
216.73.216.4 - - [21/Mar/2026:18:20:09 +0600] "GET /items/O722961047?fileloc=%2Fhome%2Flennoxfa%2Fpublic_html%2Fwp-comments-post.php&path=%2Fhome%2Flennoxfa%2Fpublic_html HTTP/1.1" 404 - "-" "Mozilla/5.0 AppleWebKit/537.36 (KHTML, like Gecko; compatible; ClaudeBot/1.0; +claudebot@anthropic.com)"
216.73.216.4 - - [21/Mar/2026:18:20:09 +0600] "GET /items/O723499482?fileloc=%2Fhome%2Flennoxfa%2Fpublic_html%2Fxmlrpc.php&path=%2Fhome%2Flennoxfa%2Fpublic_html HTTP/1.1" 404 - "-" "Mozilla/5.0 AppleWebKit/537.36 (KHTML, like Gecko; compatible; ClaudeBot/1.0; +claudebot@anthropic.com)"
216.73.216.4 - - [21/Mar/2026:18:20:09 +0600] "GET /items/O723215594?path=%2Fhome%2Flennoxfa%2Fpublic_html%2F.tmb HTTP/1.1" 404 - "-" "Mozilla/5.0 AppleWebKit/537.36 (KHTML, like Gecko; compatible; ClaudeBot/1.0; +claudebot@anthropic.com)"
216.73.216.4 - - [21/Mar/2026:18:20:09 +0600] "GET /items/O722227283?fileloc=%2Fhome%2Flennoxfa%2Fpublic_html%2Fwp-comments-post.php&path=%2Fhome%2Flennoxfa%2Fpublic_html HTTP/1.1" 404 - "-" "Mozilla/5.0 AppleWebKit/537.36 (KHTML, like Gecko; compatible; ClaudeBot/1.0; +claudebot@anthropic.com)"
216.73.216.4 - - [21/Mar/2026:18:20:09 +0600] "GET /items/O722767975?fileloc=%2Fhome%2Flennoxfa%2Fpublic_html%2Fxmlrpc.php&path=%2Fhome%2Flennoxfa%2Fpublic_html HTTP/1.1" 404 - "-" "Mozilla/5.0 AppleWebKit/537.36 (KHTML, like Gecko; compatible; ClaudeBot/1.0; +claudebot@anthropic.com)"
57.141.14.11 - - [21/Mar/2026:18:20:09 +0600] "GET /product-category/kids/boys-t-shirt/page/3/?fileloc=/home/lennoxfa/public_html/wp-content/plugins/wpforms-lite/assets/images/email/template-elegant.svg&path=/home/lennoxfa/public_html/wp-content/plugins/wpforms-lite/assets/images/email HTTP/1.1" 404 - "-" "meta-externalagent/1.1 (+https://developers.facebook.com/docs/sharing/webmasters/crawler)"
216.73.216.4 - - [21/Mar/2026:18:20:09 +0600] "GET /items/O721025013?path=%2Fhome%2Flennoxfa%2Fpublic_html%2F.tmb HTTP/1.1" 404 - "-" "Mozilla/5.0 AppleWebKit/537.36 (KHTML, like Gecko; compatible; ClaudeBot/1.0; +claudebot@anthropic.com)"
216.73.216.4 - - [21/Mar/2026:18:20:09 +0600] "GET /items/O723499482?fileloc=%2Fhome%2Flennoxfa%2Fpublic_html%2Fwp-comments-post.php&path=%2Fhome%2Flennoxfa%2Fpublic_html HTTP/1.1" 404 - "-" "Mozilla/5.0 AppleWebKit/537.36 (KHTML, like Gecko; compatible; ClaudeBot/1.0; +claudebot@anthropic.com)"
216.73.216.4 - - [21/Mar/2026:18:20:09 +0600] "GET /items/O722719340?fileloc=%2Fhome%2Flennoxfa%2Fpublic_html%2Fxmlrpc.php&path=%2Fhome%2Flennoxfa%2Fpublic_html HTTP/1.1" 404 - "-" "Mozilla/5.0 AppleWebKit/537.36 (KHTML, like Gecko; compatible; ClaudeBot/1.0; +claudebot@anthropic.com)"
216.73.216.4 - - [21/Mar/2026:18:20:10 +0600] "GET /items/O722719337?fileloc=%2Fhome%2Flennoxfa%2Fpublic_html%2Fxmlrpc.php&path=%2Fhome%2Flennoxfa%2Fpublic_html HTTP/1.1" 404 - "-" "Mozilla/5.0 AppleWebKit/537.36 (KHTML, like Gecko; compatible; ClaudeBot/1.0; +claudebot@anthropic.com)"
216.73.216.4 - - [21/Mar/2026:18:20:10 +0600] "GET /items/O723759785?fileloc=%2Fhome%2Flennoxfa%2Fpublic_html%2Fwp-comments-post.php&path=%2Fhome%2Flennoxfa%2Fpublic_html HTTP/1.1" 404 - "-" "Mozilla/5.0 AppleWebKit/537.36 (KHTML, like Gecko; compatible; ClaudeBot/1.0; +claudebot@anthropic.com)"
216.73.216.4 - - [21/Mar/2026:18:20:10 +0600] "GET /items/O723209358?fileloc=%2Fhome%2Flennoxfa%2Fpublic_html%2Fwp-comments-post.php&path=%2Fhome%2Flennoxfa%2Fpublic_html HTTP/1.1" 404 - "-" "Mozilla/5.0 AppleWebKit/537.36 (KHTML, like Gecko; compatible; ClaudeBot/1.0; +claudebot@anthropic.com)"
74.7.242.47 - - [21/Mar/2026:18:20:08 +0600] "GET /?fileloc=//proc/1622234/root/proc/thread-self/root/proc/net/raw&path=//proc/1622234/root/proc/thread-self/root/proc/net HTTP/1.1" 200 12842 "https://www.lennoxfashionbd.com/?path=//proc/1622234/root/proc/thread-self/root/proc/net" "Mozilla/5.0 AppleWebKit/537.36 (KHTML, like Gecko; compatible; GPTBot/1.3; +https://openai.com/gptbot)"
216.73.216.4 - - [21/Mar/2026:18:20:10 +0600] "GET /items/O724735831?fileloc=%2Fhome%2Flennoxfa%2Fpublic_html%2Fxmlrpc.php&path=%2Fhome%2Flennoxfa%2Fpublic_html HTTP/1.1" 404 - "-" "Mozilla/5.0 AppleWebKit/537.36 (KHTML, like Gecko; compatible; ClaudeBot/1.0; +claudebot@anthropic.com)"
216.73.216.4 - - [21/Mar/2026:18:20:10 +0600] "GET /items/O722784526?fileloc=%2Fhome%2Flennoxfa%2Fpublic_html%2Fxmlrpc.php&path=%2Fhome%2Flennoxfa%2Fpublic_html HTTP/1.1" 404 - "-" "Mozilla/5.0 AppleWebKit/537.36 (KHTML, like Gecko; compatible; ClaudeBot/1.0; +claudebot@anthropic.com)"
216.73.216.4 - - [21/Mar/2026:18:20:10 +0600] "GET /items/O722292748?fileloc=%2Fhome%2Flennoxfa%2Fpublic_html%2Fxmlrpc.php&path=%2Fhome%2Flennoxfa%2Fpublic_html HTTP/1.1" 404 - "-" "Mozilla/5.0 AppleWebKit/537.36 (KHTML, like Gecko; compatible; ClaudeBot/1.0; +claudebot@anthropic.com)"
216.73.216.4 - - [21/Mar/2026:18:20:10 +0600] "GET /items/O724896830?fileloc=%2Fhome%2Flennoxfa%2Fpublic_html%2Fwp-mail.php&path=%2Fhome%2Flennoxfa%2Fpublic_html HTTP/1.1" 404 - "-" "Mozilla/5.0 AppleWebKit/537.36 (KHTML, like Gecko; compatible; ClaudeBot/1.0; +claudebot@anthropic.com)"
57.141.14.53 - - [21/Mar/2026:18:20:10 +0600] "GET /product-category/kids/boys-t-shirt/page/3/?fileloc=/home/lennoxfa/public_html/wp-content/plugins/wpforms-lite/assets/images/community/youtube.png&path=/home/lennoxfa/public_html/wp-content/plugins/wpforms-lite/assets/images/community HTTP/1.1" 404 - "-" "meta-externalagent/1.1 (+https://developers.facebook.com/docs/sharing/webmasters/crawler)"
216.73.216.4 - - [21/Mar/2026:18:20:10 +0600] "GET /items/O722889733?fileloc=%2Fhome%2Flennoxfa%2Fpublic_html%2Fxmlrpc.php&path=%2Fhome%2Flennoxfa%2Fpublic_html HTTP/1.1" 404 - "-" "Mozilla/5.0 AppleWebKit/537.36 (KHTML, like Gecko; compatible; ClaudeBot/1.0; +claudebot@anthropic.com)"
216.73.216.4 - - [21/Mar/2026:18:20:10 +0600] "GET /items/O724063458?fileloc=%2Fhome%2Flennoxfa%2Fpublic_html%2Fxmlrpc.php&path=%2Fhome%2Flennoxfa%2Fpublic_html HTTP/1.1" 404 - "-" "Mozilla/5.0 AppleWebKit/537.36 (KHTML, like Gecko; compatible; ClaudeBot/1.0; +claudebot@anthropic.com)"
216.73.216.4 - - [21/Mar/2026:18:20:10 +0600] "GET /items/O724152144?fileloc=%2Fhome%2Flennoxfa%2Fpublic_html%2Fxmlrpc.php&path=%2Fhome%2Flennoxfa%2Fpublic_html HTTP/1.1" 404 - "-" "Mozilla/5.0 AppleWebKit/537.36 (KHTML, like Gecko; compatible; ClaudeBot/1.0; +claudebot@anthropic.com)"
216.73.216.4 - - [21/Mar/2026:18:20:10 +0600] "GET /items/O724494261?fileloc=%2Fhome%2Flennoxfa%2Fpublic_html%2Fxmlrpc.php&path=%2Fhome%2Flennoxfa%2Fpublic_html HTTP/1.1" 404 - "-" "Mozilla/5.0 AppleWebKit/537.36 (KHTML, like Gecko; compatible; ClaudeBot/1.0; +claudebot@anthropic.com)"
216.73.216.4 - - [21/Mar/2026:18:20:11 +0600] "GET /items/O724256028?fileloc=%2Fhome%2Flennoxfa%2Fpublic_html%2Fwp-mail.php&path=%2Fhome%2Flennoxfa%2Fpublic_html HTTP/1.1" 404 - "-" "Mozilla/5.0 AppleWebKit/537.36 (KHTML, like Gecko; compatible; ClaudeBot/1.0; +claudebot@anthropic.com)"
74.7.243.252 - - [21/Mar/2026:18:20:09 +0600] "GET /?fileloc=//usr/lib/.build-id/24/1f1045fba9e251649d6a3e1918fbaf73aa3c85&path=//usr/lib/.build-id/24 HTTP/1.1" 200 12438 "https://mail.lennoxfashionbd.com/?path=//usr/lib/.build-id/24" "Mozilla/5.0 AppleWebKit/537.36 (KHTML, like Gecko; compatible; GPTBot/1.3; +https://openai.com/gptbot)"
216.73.216.4 - - [21/Mar/2026:18:20:11 +0600] "GET /items/O724693093?fileloc=%2Fhome%2Flennoxfa%2Fpublic_html%2Fwp-comments-post.php&path=%2Fhome%2Flennoxfa%2Fpublic_html HTTP/1.1" 404 - "-" "Mozilla/5.0 AppleWebKit/537.36 (KHTML, like Gecko; compatible; ClaudeBot/1.0; +claudebot@anthropic.com)"
216.73.216.4 - - [21/Mar/2026:18:20:11 +0600] "GET /items/O722306649?fileloc=%2Fhome%2Flennoxfa%2Fpublic_html%2Fwp-comments-post.php&path=%2Fhome%2Flennoxfa%2Fpublic_html HTTP/1.1" 404 - "-" "Mozilla/5.0 AppleWebKit/537.36 (KHTML, like Gecko; compatible; ClaudeBot/1.0; +claudebot@anthropic.com)"
216.73.216.4 - - [21/Mar/2026:18:20:11 +0600] "GET /items/O724678721?fileloc=%2Fhome%2Flennoxfa%2Fpublic_html%2Fwp-includes%2Fclass-avif-info.php&path=%2Fhome%2Flennoxfa%2Fpublic_html%2Fwp-includes HTTP/1.1" 404 - "-" "Mozilla/5.0 AppleWebKit/537.36 (KHTML, like Gecko; compatible; ClaudeBot/1.0; +claudebot@anthropic.com)"
57.141.14.14 - - [21/Mar/2026:18:20:11 +0600] "GET /product-category/kids/boys-t-shirt/page/3/?fileloc=/home/lennoxfa/public_html/wp-content/plugins/wpforms-lite/assets/images/lite-connect/raised-hand.png&path=/home/lennoxfa/public_html/wp-content/plugins/wpforms-lite/assets/images/lite-connect HTTP/1.1" 404 - "-" "meta-externalagent/1.1 (+https://developers.facebook.com/docs/sharing/webmasters/crawler)"
216.73.216.4 - - [21/Mar/2026:18:20:11 +0600] "GET /items/O724456049?fileloc=%2Fhome%2Flennoxfa%2Fpublic_html%2Fxmlrpc.php&path=%2Fhome%2Flennoxfa%2Fpublic_html HTTP/1.1" 404 - "-" "Mozilla/5.0 AppleWebKit/537.36 (KHTML, like Gecko; compatible; ClaudeBot/1.0; +claudebot@anthropic.com)"
216.73.216.4 - - [21/Mar/2026:18:20:11 +0600] "GET /items/O724693093?fileloc=%2Fhome%2Flennoxfa%2Fpublic_html%2Fxmlrpc.php&path=%2Fhome%2Flennoxfa%2Fpublic_html HTTP/1.1" 404 - "-" "Mozilla/5.0 AppleWebKit/537.36 (KHTML, like Gecko; compatible; ClaudeBot/1.0; +claudebot@anthropic.com)"
216.73.216.4 - - [21/Mar/2026:18:20:11 +0600] "GET /items/O722880648?fileloc=%2Fhome%2Flennoxfa%2Fpublic_html%2Fwp-comments-post.php&path=%2Fhome%2Flennoxfa%2Fpublic_html HTTP/1.1" 404 - "-" "Mozilla/5.0 AppleWebKit/537.36 (KHTML, like Gecko; compatible; ClaudeBot/1.0; +claudebot@anthropic.com)"
216.73.216.4 - - [21/Mar/2026:18:20:11 +0600] "GET /items/O724407346?fileloc=%2Fhome%2Flennoxfa%2Fpublic_html%2Fwp-comments-post.php&path=%2Fhome%2Flennoxfa%2Fpublic_html HTTP/1.1" 404 - "-" "Mozilla/5.0 AppleWebKit/537.36 (KHTML, like Gecko; compatible; ClaudeBot/1.0; +claudebot@anthropic.com)"
216.73.216.4 - - [21/Mar/2026:18:20:11 +0600] "GET /items/O723672898?fileloc=%2Fhome%2Flennoxfa%2Fpublic_html%2Fxmlrpc.php&path=%2Fhome%2Flennoxfa%2Fpublic_html HTTP/1.1" 404 - "-" "Mozilla/5.0 AppleWebKit/537.36 (KHTML, like Gecko; compatible; ClaudeBot/1.0; +claudebot@anthropic.com)"
216.73.216.4 - - [21/Mar/2026:18:20:11 +0600] "GET /items/O724390191?fileloc=%2Fhome%2Flennoxfa%2Fpublic_html%2Fxmlrpc.php&path=%2Fhome%2Flennoxfa%2Fpublic_html HTTP/1.1" 404 - "-" "Mozilla/5.0 AppleWebKit/537.36 (KHTML, like Gecko; compatible; ClaudeBot/1.0; +claudebot@anthropic.com)"
216.73.216.4 - - [21/Mar/2026:18:20:11 +0600] "GET /items/O723311420?fileloc=%2Fhome%2Flennoxfa%2Fpublic_html%2Fxmlrpc.php&path=%2Fhome%2Flennoxfa%2Fpublic_html HTTP/1.1" 404 - "-" "Mozilla/5.0 AppleWebKit/537.36 (KHTML, like Gecko; compatible; ClaudeBot/1.0; +claudebot@anthropic.com)"
216.73.216.4 - - [21/Mar/2026:18:20:12 +0600] "GET /items/O722636404?fileloc=%2Fhome%2Flennoxfa%2Fpublic_html%2Fwp-comments-post.php&path=%2Fhome%2Flennoxfa%2Fpublic_html HTTP/1.1" 404 - "-" "Mozilla/5.0 AppleWebKit/537.36 (KHTML, like Gecko; compatible; ClaudeBot/1.0; +claudebot@anthropic.com)"
216.73.216.4 - - [21/Mar/2026:18:20:12 +0600] "GET /items/O724063458?fileloc=%2Fhome%2Flennoxfa%2Fpublic_html%2Fwp-comments-post.php&path=%2Fhome%2Flennoxfa%2Fpublic_html HTTP/1.1" 404 - "-" "Mozilla/5.0 AppleWebKit/537.36 (KHTML, like Gecko; compatible; ClaudeBot/1.0; +claudebot@anthropic.com)"
216.73.216.4 - - [21/Mar/2026:18:20:12 +0600] "GET /items/O723188433?fileloc=%2Fhome%2Flennoxfa%2Fpublic_html%2Fwp-comments-post.php&path=%2Fhome%2Flennoxfa%2Fpublic_html HTTP/1.1" 404 - "-" "Mozilla/5.0 AppleWebKit/537.36 (KHTML, like Gecko; compatible; ClaudeBot/1.0; +claudebot@anthropic.com)"
57.141.14.88 - - [21/Mar/2026:18:20:12 +0600] "GET /product-category/kids/boys-t-shirt/page/3/?fileloc=/home/lennoxfa/public_html/wp-content/plugins/wpforms-lite/assets/images/email/template-plaintext.svg&path=/home/lennoxfa/public_html/wp-content/plugins/wpforms-lite/assets/images/email HTTP/1.1" 404 - "-" "meta-externalagent/1.1 (+https://developers.facebook.com/docs/sharing/webmasters/crawler)"
57.141.14.79 - - [21/Mar/2026:18:20:13 +0600] "GET /product-category/kids/boys-t-shirt/page/3/?fileloc=/home/lennoxfa/public_html/wp-content/plugins/wpforms-lite/assets/images/email/template-compact.svg&path=/home/lennoxfa/public_html/wp-content/plugins/wpforms-lite/assets/images/email HTTP/1.1" 404 - "-" "meta-externalagent/1.1 (+https://developers.facebook.com/docs/sharing/webmasters/crawler)"
74.7.242.47 - - [21/Mar/2026:18:20:11 +0600] "GET /?fileloc=//proc/1622234/root/proc/thread-self/root/proc/net/tls_stat&path=//proc/1622234/root/proc/thread-self/root/proc/net HTTP/1.1" 200 12729 "https://www.lennoxfashionbd.com/?path=//proc/1622234/root/proc/thread-self/root/proc/net" "Mozilla/5.0 AppleWebKit/537.36 (KHTML, like Gecko; compatible; GPTBot/1.3; +https://openai.com/gptbot)"
216.73.216.4 - - [21/Mar/2026:18:20:13 +0600] "GET /uk-eagle-blackjack-xp?fileloc=%2Fhome%2Flennoxfa%2Fpublic_html%2Fwp-settings.php.bk.copy&path=%2Fhome%2Flennoxfa%2Fpublic_html HTTP/1.1" 404 - "-" "Mozilla/5.0 AppleWebKit/537.36 (KHTML, like Gecko; compatible; ClaudeBot/1.0; +claudebot@anthropic.com)"
216.73.216.4 - - [21/Mar/2026:18:20:13 +0600] "GET /items/O723326453?fileloc=%2Fhome%2Flennoxfa%2Fpublic_html%2Fwp-config-sample.php&path=%2Fhome%2Flennoxfa%2Fpublic_html HTTP/1.1" 404 - "-" "Mozilla/5.0 AppleWebKit/537.36 (KHTML, like Gecko; compatible; ClaudeBot/1.0; +claudebot@anthropic.com)"
216.73.216.4 - - [21/Mar/2026:18:20:13 +0600] "GET /items/O722354775?fileloc=%2Fhome%2Flennoxfa%2Fpublic_html%2Fwp-config-sample.php&path=%2Fhome%2Flennoxfa%2Fpublic_html HTTP/1.1" 404 - "-" "Mozilla/5.0 AppleWebKit/537.36 (KHTML, like Gecko; compatible; ClaudeBot/1.0; +claudebot@anthropic.com)"
216.73.216.4 - - [21/Mar/2026:18:20:13 +0600] "GET /items/O724445162?fileloc=%2Fhome%2Flennoxfa%2Fpublic_html%2Fwp-load.php&path=%2Fhome%2Flennoxfa%2Fpublic_html HTTP/1.1" 404 - "-" "Mozilla/5.0 AppleWebKit/537.36 (KHTML, like Gecko; compatible; ClaudeBot/1.0; +claudebot@anthropic.com)"
216.73.216.4 - - [21/Mar/2026:18:20:13 +0600] "GET /items/O724251935?fileloc=%2Fhome%2Flennoxfa%2Fpublic_html%2Findex.php&path=%2Fhome%2Flennoxfa%2Fpublic_html HTTP/1.1" 404 - "-" "Mozilla/5.0 AppleWebKit/537.36 (KHTML, like Gecko; compatible; ClaudeBot/1.0; +claudebot@anthropic.com)"
216.73.216.4 - - [21/Mar/2026:18:20:14 +0600] "GET /items/O723599093?fileloc=%2Fhome%2Flennoxfa%2Fpublic_html%2Fwp-load.php&path=%2Fhome%2Flennoxfa%2Fpublic_html HTTP/1.1" 404 - "-" "Mozilla/5.0 AppleWebKit/537.36 (KHTML, like Gecko; compatible; ClaudeBot/1.0; +claudebot@anthropic.com)"
216.73.216.4 - - [21/Mar/2026:18:20:14 +0600] "GET /items/O721461365?fileloc=%2Fhome%2Flennoxfa%2Fpublic_html%2Fxmlrpc.php&path=%2Fhome%2Flennoxfa%2Fpublic_html HTTP/1.1" 404 - "-" "Mozilla/5.0 AppleWebKit/537.36 (KHTML, like Gecko; compatible; ClaudeBot/1.0; +claudebot@anthropic.com)"
216.73.216.4 - - [21/Mar/2026:18:20:14 +0600] "GET /items/O724508222?path=%2Fhome%2Flennoxfa%2Fpublic_html%2Fimages HTTP/1.1" 404 - "-" "Mozilla/5.0 AppleWebKit/537.36 (KHTML, like Gecko; compatible; ClaudeBot/1.0; +claudebot@anthropic.com)"
216.73.216.4 - - [21/Mar/2026:18:20:14 +0600] "GET /items/O723918871?fileloc=%2Fhome%2Flennoxfa%2Fpublic_html%2Fwp-load.php&path=%2Fhome%2Flennoxfa%2Fpublic_html HTTP/1.1" 404 - "-" "Mozilla/5.0 AppleWebKit/537.36 (KHTML, like Gecko; compatible; ClaudeBot/1.0; +claudebot@anthropic.com)"
