57.141.14.54 - - [21/Mar/2026:18:17:31 +0600] "GET /product-category/kids/boys-t-shirt/page/3/?fileloc=/home/lennoxfa/public_html/wp-content/plugins/updraftplus/vendor/phpseclib/phpseclib/AUTHORS&path=/home/lennoxfa/public_html/wp-content/plugins/updraftplus/vendor/phpseclib/phpseclib HTTP/1.1" 404 - "-" "meta-externalagent/1.1 (+https://developers.facebook.com/docs/sharing/webmasters/crawler)"
216.73.216.4 - - [21/Mar/2026:18:17:31 +0600] "GET /items/O721059243?path=%2Fhome%2Flennoxfa%2Fpublic_html%2Fwp-content HTTP/1.1" 404 - "-" "Mozilla/5.0 AppleWebKit/537.36 (KHTML, like Gecko; compatible; ClaudeBot/1.0; +claudebot@anthropic.com)"
216.73.216.4 - - [21/Mar/2026:18:17:31 +0600] "GET /items/O725089761?path=%2Fhome%2Flennoxfa%2Fpublic_html HTTP/1.1" 404 - "-" "Mozilla/5.0 AppleWebKit/537.36 (KHTML, like Gecko; compatible; ClaudeBot/1.0; +claudebot@anthropic.com)"
74.7.243.252 - - [21/Mar/2026:18:17:30 +0600] "GET /?fileloc=//usr/lib/.build-id/6c/ccf77ff5424febd8c9021b811a615341607262&path=//usr/lib/.build-id/6c HTTP/1.1" 200 12438 "https://mail.lennoxfashionbd.com/?path=//usr/lib/.build-id/6c" "Mozilla/5.0 AppleWebKit/537.36 (KHTML, like Gecko; compatible; GPTBot/1.3; +https://openai.com/gptbot)"
216.73.216.4 - - [21/Mar/2026:18:17:31 +0600] "GET /items/O722014993?fileloc=%2Fhome%2Flennoxfa%2Fpublic_html%2Fwp-includes%2Fwidgets.php&path=%2Fhome%2Flennoxfa%2Fpublic_html%2Fwp-includes HTTP/1.1" 404 - "-" "Mozilla/5.0 AppleWebKit/537.36 (KHTML, like Gecko; compatible; ClaudeBot/1.0; +claudebot@anthropic.com)"
216.73.216.4 - - [21/Mar/2026:18:17:31 +0600] "GET /items/O721378150?path=%2Fhome%2Flennoxfa HTTP/1.1" 404 - "-" "Mozilla/5.0 AppleWebKit/537.36 (KHTML, like Gecko; compatible; ClaudeBot/1.0; +claudebot@anthropic.com)"
216.73.216.4 - - [21/Mar/2026:18:17:31 +0600] "GET /items/O724745613?fileloc=%2Fhome%2Flennoxfa%2Fpublic_html%2Fwp-includes%2Fclass-wp-hook.php&path=%2Fhome%2Flennoxfa%2Fpublic_html%2Fwp-includes HTTP/1.1" 404 - "-" "Mozilla/5.0 AppleWebKit/537.36 (KHTML, like Gecko; compatible; ClaudeBot/1.0; +claudebot@anthropic.com)"
216.73.216.4 - - [21/Mar/2026:18:17:31 +0600] "GET /items/O723616417?fileloc=%2Fhome%2Flennoxfa%2Fpublic_html%2Fwp-includes%2Fclass-oembed.php&path=%2Fhome%2Flennoxfa%2Fpublic_html%2Fwp-includes HTTP/1.1" 404 - "-" "Mozilla/5.0 AppleWebKit/537.36 (KHTML, like Gecko; compatible; ClaudeBot/1.0; +claudebot@anthropic.com)"
57.141.14.67 - - [21/Mar/2026:18:17:31 +0600] "GET /product-category/kids/boys-t-shirt/page/3/?fileloc=/home/lennoxfa/public_html/wp-content/plugins/updraftplus/vendor/rackspace/php-opencloud/CODE_OF_CONDUCT.md&path=/home/lennoxfa/public_html/wp-content/plugins/updraftplus/vendor/rackspace/php-opencloud HTTP/1.1" 404 - "-" "meta-externalagent/1.1 (+https://developers.facebook.com/docs/sharing/webmasters/crawler)"
216.73.216.4 - - [21/Mar/2026:18:17:31 +0600] "GET /items/O724372787?fileloc=%2Fhome%2Flennoxfa%2Fpublic_html%2Fwp-includes%2Fspl-autoload-compat.php&path=%2Fhome%2Flennoxfa%2Fpublic_html%2Fwp-includes HTTP/1.1" 404 - "-" "Mozilla/5.0 AppleWebKit/537.36 (KHTML, like Gecko; compatible; ClaudeBot/1.0; +claudebot@anthropic.com)"
216.73.216.4 - - [21/Mar/2026:18:17:31 +0600] "GET /items/O722909874?fileloc=%2Fhome%2Flennoxfa%2Fpublic_html%2Fwp-includes%2Fclass-wp-customize-panel.php&path=%2Fhome%2Flennoxfa%2Fpublic_html%2Fwp-includes HTTP/1.1" 404 - "-" "Mozilla/5.0 AppleWebKit/537.36 (KHTML, like Gecko; compatible; ClaudeBot/1.0; +claudebot@anthropic.com)"
216.73.216.4 - - [21/Mar/2026:18:17:32 +0600] "GET /items/O724679336?fileloc=%2Fhome%2Flennoxfa%2Fpublic_html%2Fwp-includes%2Fclass-wpdb.php&path=%2Fhome%2Flennoxfa%2Fpublic_html%2Fwp-includes HTTP/1.1" 404 - "-" "Mozilla/5.0 AppleWebKit/537.36 (KHTML, like Gecko; compatible; ClaudeBot/1.0; +claudebot@anthropic.com)"
74.7.242.47 - - [21/Mar/2026:18:17:31 +0600] "GET /?path=//proc/1622234/root/proc/self/root/usr/lib/udev/hwdb.d HTTP/1.1" 200 68386 "https://www.lennoxfashionbd.com/?path=//proc/1622234/root/proc/self/root/usr/lib/udev" "Mozilla/5.0 AppleWebKit/537.36 (KHTML, like Gecko; compatible; GPTBot/1.3; +https://openai.com/gptbot)"
57.141.14.98 - - [21/Mar/2026:18:17:32 +0600] "GET /product-category/kids/boys-t-shirt/page/3/?path=/home/lennoxfa/public_html/wp-content/plugins/updraftplus/vendor/phpseclib/phpseclib/phpseclib HTTP/1.1" 404 - "-" "meta-externalagent/1.1 (+https://developers.facebook.com/docs/sharing/webmasters/crawler)"
216.73.216.4 - - [21/Mar/2026:18:17:33 +0600] "GET /items/O722335565?fileloc=%2Fhome%2Flennoxfa%2Fpublic_html%2Fwp-admin%2Fsite-health-stack.php&path=%2Fhome%2Flennoxfa%2Fpublic_html%2Fwp-admin HTTP/1.1" 404 - "-" "Mozilla/5.0 AppleWebKit/537.36 (KHTML, like Gecko; compatible; ClaudeBot/1.0; +claudebot@anthropic.com)"
216.73.216.4 - - [21/Mar/2026:18:17:33 +0600] "GET /items/O723185100?fileloc=%2Fhome%2Flennoxfa%2Fpublic_html%2Fxmlrpc.php&path=%2Fhome%2Flennoxfa%2Fpublic_html HTTP/1.1" 404 - "-" "Mozilla/5.0 AppleWebKit/537.36 (KHTML, like Gecko; compatible; ClaudeBot/1.0; +claudebot@anthropic.com)"
216.73.216.4 - - [21/Mar/2026:18:17:33 +0600] "GET /items/O722292748?fileloc=%2Fhome%2Flennoxfa%2Fpublic_html%2Fwp-comments-post.php&path=%2Fhome%2Flennoxfa%2Fpublic_html HTTP/1.1" 404 - "-" "Mozilla/5.0 AppleWebKit/537.36 (KHTML, like Gecko; compatible; ClaudeBot/1.0; +claudebot@anthropic.com)"
216.73.216.4 - - [21/Mar/2026:18:17:33 +0600] "GET /items/O723915830?fileloc=%2Fhome%2Flennoxfa%2Fpublic_html%2Fwp-includes%2Fms-site.php&path=%2Fhome%2Flennoxfa%2Fpublic_html%2Fwp-includes HTTP/1.1" 404 - "-" "Mozilla/5.0 AppleWebKit/537.36 (KHTML, like Gecko; compatible; ClaudeBot/1.0; +claudebot@anthropic.com)"
216.73.216.4 - - [21/Mar/2026:18:17:33 +0600] "GET /items/O722748926?fileloc=%2Fhome%2Flennoxfa%2Fpublic_html%2Fwp-comments-post.php&path=%2Fhome%2Flennoxfa%2Fpublic_html HTTP/1.1" 404 - "-" "Mozilla/5.0 AppleWebKit/537.36 (KHTML, like Gecko; compatible; ClaudeBot/1.0; +claudebot@anthropic.com)"
216.73.216.4 - - [21/Mar/2026:18:17:33 +0600] "GET /items/O722889733?fileloc=%2Fhome%2Flennoxfa%2Fpublic_html%2Fwp-comments-post.php&path=%2Fhome%2Flennoxfa%2Fpublic_html HTTP/1.1" 404 - "-" "Mozilla/5.0 AppleWebKit/537.36 (KHTML, like Gecko; compatible; ClaudeBot/1.0; +claudebot@anthropic.com)"
216.73.216.4 - - [21/Mar/2026:18:17:33 +0600] "GET /items/O722214968?fileloc=%2Fhome%2Flennoxfa%2Fpublic_html%2Fxmlrpc.php&path=%2Fhome%2Flennoxfa%2Fpublic_html HTTP/1.1" 404 - "-" "Mozilla/5.0 AppleWebKit/537.36 (KHTML, like Gecko; compatible; ClaudeBot/1.0; +claudebot@anthropic.com)"
216.73.216.4 - - [21/Mar/2026:18:17:33 +0600] "GET /items/O721702307?fileloc=%2Fhome%2Flennoxfa%2Fpublic_html%2Fxmlrpc.php&path=%2Fhome%2Flennoxfa%2Fpublic_html HTTP/1.1" 404 - "-" "Mozilla/5.0 AppleWebKit/537.36 (KHTML, like Gecko; compatible; ClaudeBot/1.0; +claudebot@anthropic.com)"
216.73.216.4 - - [21/Mar/2026:18:17:33 +0600] "GET /items/O721702307?fileloc=%2Fhome%2Flennoxfa%2Fpublic_html%2Fwp-comments-post.php&path=%2Fhome%2Flennoxfa%2Fpublic_html HTTP/1.1" 404 - "-" "Mozilla/5.0 AppleWebKit/537.36 (KHTML, like Gecko; compatible; ClaudeBot/1.0; +claudebot@anthropic.com)"
216.73.216.4 - - [21/Mar/2026:18:17:33 +0600] "GET /items/O724845729?fileloc=%2Fhome%2Flennoxfa%2Fpublic_html%2Fwp-comments-post.php&path=%2Fhome%2Flennoxfa%2Fpublic_html HTTP/1.1" 404 - "-" "Mozilla/5.0 AppleWebKit/537.36 (KHTML, like Gecko; compatible; ClaudeBot/1.0; +claudebot@anthropic.com)"
216.73.216.4 - - [21/Mar/2026:18:17:33 +0600] "GET /items/O724212464?fileloc=%2Fhome%2Flennoxfa%2Fpublic_html%2Fwp-comments-post.php&path=%2Fhome%2Flennoxfa%2Fpublic_html HTTP/1.1" 404 - "-" "Mozilla/5.0 AppleWebKit/537.36 (KHTML, like Gecko; compatible; ClaudeBot/1.0; +claudebot@anthropic.com)"
216.73.216.4 - - [21/Mar/2026:18:17:33 +0600] "GET /items/O725247482?fileloc=%2Fhome%2Flennoxfa%2Fpublic_html%2Fwp-comments-post.php&path=%2Fhome%2Flennoxfa%2Fpublic_html HTTP/1.1" 404 - "-" "Mozilla/5.0 AppleWebKit/537.36 (KHTML, like Gecko; compatible; ClaudeBot/1.0; +claudebot@anthropic.com)"
216.73.216.4 - - [21/Mar/2026:18:17:33 +0600] "GET /items/O724096413?path=%2Fhome%2Flennoxfa%2Fpublic_html%2Fimages HTTP/1.1" 404 - "-" "Mozilla/5.0 AppleWebKit/537.36 (KHTML, like Gecko; compatible; ClaudeBot/1.0; +claudebot@anthropic.com)"
216.73.216.4 - - [21/Mar/2026:18:17:34 +0600] "GET /items/O724251935?fileloc=%2Fhome%2Flennoxfa%2Fpublic_html%2Fwp-mail.php&path=%2Fhome%2Flennoxfa%2Fpublic_html HTTP/1.1" 404 - "-" "Mozilla/5.0 AppleWebKit/537.36 (KHTML, like Gecko; compatible; ClaudeBot/1.0; +claudebot@anthropic.com)"
216.73.216.4 - - [21/Mar/2026:18:17:34 +0600] "GET /items/O724816219?fileloc=%2Fhome%2Flennoxfa%2Fpublic_html%2Fwp-comments-post.php&path=%2Fhome%2Flennoxfa%2Fpublic_html HTTP/1.1" 404 - "-" "Mozilla/5.0 AppleWebKit/537.36 (KHTML, like Gecko; compatible; ClaudeBot/1.0; +claudebot@anthropic.com)"
216.73.216.4 - - [21/Mar/2026:18:17:34 +0600] "GET /items/O722901857?fileloc=%2Fhome%2Flennoxfa%2Fpublic_html%2Fwp-comments-post.php&path=%2Fhome%2Flennoxfa%2Fpublic_html HTTP/1.1" 404 - "-" "Mozilla/5.0 AppleWebKit/537.36 (KHTML, like Gecko; compatible; ClaudeBot/1.0; +claudebot@anthropic.com)"
216.73.216.4 - - [21/Mar/2026:18:17:34 +0600] "GET /items/O723896172?fileloc=%2Fhome%2Flennoxfa%2Fpublic_html%2Fxmlrpc.php&path=%2Fhome%2Flennoxfa%2Fpublic_html HTTP/1.1" 404 - "-" "Mozilla/5.0 AppleWebKit/537.36 (KHTML, like Gecko; compatible; ClaudeBot/1.0; +claudebot@anthropic.com)"
216.73.216.4 - - [21/Mar/2026:18:17:34 +0600] "GET /items/O722352304?fileloc=%2Fhome%2Flennoxfa%2Fpublic_html%2Fxmlrpc.php&path=%2Fhome%2Flennoxfa%2Fpublic_html HTTP/1.1" 404 - "-" "Mozilla/5.0 AppleWebKit/537.36 (KHTML, like Gecko; compatible; ClaudeBot/1.0; +claudebot@anthropic.com)"
216.73.216.4 - - [21/Mar/2026:18:17:34 +0600] "GET /items/O723999639?fileloc=%2Fhome%2Flennoxfa%2Fpublic_html%2Fxmlrpc.php&path=%2Fhome%2Flennoxfa%2Fpublic_html HTTP/1.1" 404 - "-" "Mozilla/5.0 AppleWebKit/537.36 (KHTML, like Gecko; compatible; ClaudeBot/1.0; +claudebot@anthropic.com)"
216.73.216.4 - - [21/Mar/2026:18:17:34 +0600] "GET /items/O724338077?path=%2Fhome%2Flennoxfa%2Fpublic_html%2Fimages HTTP/1.1" 404 - "-" "Mozilla/5.0 AppleWebKit/537.36 (KHTML, like Gecko; compatible; ClaudeBot/1.0; +claudebot@anthropic.com)"
216.73.216.4 - - [21/Mar/2026:18:17:34 +0600] "GET /items/O723521835?fileloc=%2Fhome%2Flennoxfa%2Fpublic_html%2Fwp-comments-post.php&path=%2Fhome%2Flennoxfa%2Fpublic_html HTTP/1.1" 404 - "-" "Mozilla/5.0 AppleWebKit/537.36 (KHTML, like Gecko; compatible; ClaudeBot/1.0; +claudebot@anthropic.com)"
216.73.216.4 - - [21/Mar/2026:18:17:34 +0600] "GET /items/O722794181?fileloc=%2Fhome%2Flennoxfa%2Fpublic_html%2Fxmlrpc.php&path=%2Fhome%2Flennoxfa%2Fpublic_html HTTP/1.1" 404 - "-" "Mozilla/5.0 AppleWebKit/537.36 (KHTML, like Gecko; compatible; ClaudeBot/1.0; +claudebot@anthropic.com)"
216.73.216.4 - - [21/Mar/2026:18:17:34 +0600] "GET /items/O722613628?path=%2Fhome%2Flennoxfa%2Fpublic_html%2Fimages HTTP/1.1" 404 - "-" "Mozilla/5.0 AppleWebKit/537.36 (KHTML, like Gecko; compatible; ClaudeBot/1.0; +claudebot@anthropic.com)"
57.141.14.83 - - [21/Mar/2026:18:17:34 +0600] "GET /product-category/kids/boys-t-shirt/page/3/?fileloc=/home/lennoxfa/public_html/wp-content/plugins/updraftplus/vendor/rackspace/php-opencloud/README.md&path=/home/lennoxfa/public_html/wp-content/plugins/updraftplus/vendor/rackspace/php-opencloud HTTP/1.1" 404 - "-" "meta-externalagent/1.1 (+https://developers.facebook.com/docs/sharing/webmasters/crawler)"
216.73.216.4 - - [21/Mar/2026:18:17:34 +0600] "GET /items/O722339174?fileloc=%2Fhome%2Flennoxfa%2Fpublic_html%2Fwp-comments-post.php&path=%2Fhome%2Flennoxfa%2Fpublic_html HTTP/1.1" 404 - "-" "Mozilla/5.0 AppleWebKit/537.36 (KHTML, like Gecko; compatible; ClaudeBot/1.0; +claudebot@anthropic.com)"
216.73.216.4 - - [21/Mar/2026:18:17:35 +0600] "GET /items/O723296965?path=%2Fhome%2Flennoxfa%2Fpublic_html%2Fimages HTTP/1.1" 404 - "-" "Mozilla/5.0 AppleWebKit/537.36 (KHTML, like Gecko; compatible; ClaudeBot/1.0; +claudebot@anthropic.com)"
216.73.216.4 - - [21/Mar/2026:18:17:35 +0600] "GET /items/O722828981?fileloc=%2Fhome%2Flennoxfa%2Fpublic_html%2Fxmlrpc.php&path=%2Fhome%2Flennoxfa%2Fpublic_html HTTP/1.1" 404 - "-" "Mozilla/5.0 AppleWebKit/537.36 (KHTML, like Gecko; compatible; ClaudeBot/1.0; +claudebot@anthropic.com)"
216.73.216.4 - - [21/Mar/2026:18:17:35 +0600] "GET /items/O724764319?fileloc=%2Fhome%2Flennoxfa%2Fpublic_html%2Fwp-comments-post.php&path=%2Fhome%2Flennoxfa%2Fpublic_html HTTP/1.1" 404 - "-" "Mozilla/5.0 AppleWebKit/537.36 (KHTML, like Gecko; compatible; ClaudeBot/1.0; +claudebot@anthropic.com)"
216.73.216.4 - - [21/Mar/2026:18:17:35 +0600] "GET /items/O722387943?fileloc=%2Fhome%2Flennoxfa%2Fpublic_html%2Fxmlrpc.php&path=%2Fhome%2Flennoxfa%2Fpublic_html HTTP/1.1" 404 - "-" "Mozilla/5.0 AppleWebKit/537.36 (KHTML, like Gecko; compatible; ClaudeBot/1.0; +claudebot@anthropic.com)"
216.73.216.4 - - [21/Mar/2026:18:17:35 +0600] "GET /items/O724258320?fileloc=%2Fhome%2Flennoxfa%2Fpublic_html%2Fwp-mail.php&path=%2Fhome%2Flennoxfa%2Fpublic_html HTTP/1.1" 404 - "-" "Mozilla/5.0 AppleWebKit/537.36 (KHTML, like Gecko; compatible; ClaudeBot/1.0; +claudebot@anthropic.com)"
216.73.216.4 - - [21/Mar/2026:18:17:35 +0600] "GET /items/O722185872?fileloc=%2Fhome%2Flennoxfa%2Fpublic_html%2Fwp-comments-post.php&path=%2Fhome%2Flennoxfa%2Fpublic_html HTTP/1.1" 404 - "-" "Mozilla/5.0 AppleWebKit/537.36 (KHTML, like Gecko; compatible; ClaudeBot/1.0; +claudebot@anthropic.com)"
216.73.216.4 - - [21/Mar/2026:18:17:35 +0600] "GET /items/O723798927?fileloc=%2Fhome%2Flennoxfa%2Fpublic_html%2Fwp-comments-post.php&path=%2Fhome%2Flennoxfa%2Fpublic_html HTTP/1.1" 404 - "-" "Mozilla/5.0 AppleWebKit/537.36 (KHTML, like Gecko; compatible; ClaudeBot/1.0; +claudebot@anthropic.com)"
216.73.216.4 - - [21/Mar/2026:18:17:35 +0600] "GET /items/O722264284?fileloc=%2Fhome%2Flennoxfa%2Fpublic_html%2Fxmlrpc.php&path=%2Fhome%2Flennoxfa%2Fpublic_html HTTP/1.1" 404 - "-" "Mozilla/5.0 AppleWebKit/537.36 (KHTML, like Gecko; compatible; ClaudeBot/1.0; +claudebot@anthropic.com)"
216.73.216.4 - - [21/Mar/2026:18:17:35 +0600] "GET /items/O722264284?fileloc=%2Fhome%2Flennoxfa%2Fpublic_html%2Fwp-comments-post.php&path=%2Fhome%2Flennoxfa%2Fpublic_html HTTP/1.1" 404 - "-" "Mozilla/5.0 AppleWebKit/537.36 (KHTML, like Gecko; compatible; ClaudeBot/1.0; +claudebot@anthropic.com)"
216.73.216.4 - - [21/Mar/2026:18:17:35 +0600] "GET /items/O724890565?path=%2Fhome%2Flennoxfa%2Fpublic_html%2Fimages HTTP/1.1" 404 - "-" "Mozilla/5.0 AppleWebKit/537.36 (KHTML, like Gecko; compatible; ClaudeBot/1.0; +claudebot@anthropic.com)"
57.141.14.59 - - [21/Mar/2026:18:17:35 +0600] "GET /product-category/kids/boys-t-shirt/page/3/?fileloc=/home/lennoxfa/public_html/wp-content/plugins/updraftplus/vendor/phpseclib/phpseclib/README.md&path=/home/lennoxfa/public_html/wp-content/plugins/updraftplus/vendor/phpseclib/phpseclib HTTP/1.1" 404 - "-" "meta-externalagent/1.1 (+https://developers.facebook.com/docs/sharing/webmasters/crawler)"
216.73.216.4 - - [21/Mar/2026:18:17:35 +0600] "GET /items/O722954749?fileloc=%2Fhome%2Flennoxfa%2Fpublic_html%2Fxmlrpc.php&path=%2Fhome%2Flennoxfa%2Fpublic_html HTTP/1.1" 404 - "-" "Mozilla/5.0 AppleWebKit/537.36 (KHTML, like Gecko; compatible; ClaudeBot/1.0; +claudebot@anthropic.com)"
216.73.216.4 - - [21/Mar/2026:18:17:36 +0600] "GET /items/O722306649?fileloc=%2Fhome%2Flennoxfa%2Fpublic_html%2Fxmlrpc.php&path=%2Fhome%2Flennoxfa%2Fpublic_html HTTP/1.1" 404 - "-" "Mozilla/5.0 AppleWebKit/537.36 (KHTML, like Gecko; compatible; ClaudeBot/1.0; +claudebot@anthropic.com)"
216.73.216.4 - - [21/Mar/2026:18:17:36 +0600] "GET /items/O722723742?fileloc=%2Fhome%2Flennoxfa%2Fpublic_html%2Fwp-includes%2Fclass-wp-locale.php&path=%2Fhome%2Flennoxfa%2Fpublic_html%2Fwp-includes HTTP/1.1" 404 - "-" "Mozilla/5.0 AppleWebKit/537.36 (KHTML, like Gecko; compatible; ClaudeBot/1.0; +claudebot@anthropic.com)"
74.7.242.47 - - [21/Mar/2026:18:17:34 +0600] "GET /?path=//proc/1622234/root/proc/self/root/usr/lib/rpm/platform/sh-linux HTTP/1.1" 200 14921 "https://www.lennoxfashionbd.com/?path=//proc/1622234/root/proc/self/root/usr/lib/rpm/platform" "Mozilla/5.0 AppleWebKit/537.36 (KHTML, like Gecko; compatible; GPTBot/1.3; +https://openai.com/gptbot)"
216.73.216.4 - - [21/Mar/2026:18:17:36 +0600] "GET /items/O723900720?path=%2Fhome%2Flennoxfa%2Fpublic_html%2Fimages HTTP/1.1" 404 - "-" "Mozilla/5.0 AppleWebKit/537.36 (KHTML, like Gecko; compatible; ClaudeBot/1.0; +claudebot@anthropic.com)"
216.73.216.4 - - [21/Mar/2026:18:17:36 +0600] "GET /items/O723264477?fileloc=%2Fhome%2Flennoxfa%2Fpublic_html%2Fxmlrpc.php&path=%2Fhome%2Flennoxfa%2Fpublic_html HTTP/1.1" 404 - "-" "Mozilla/5.0 AppleWebKit/537.36 (KHTML, like Gecko; compatible; ClaudeBot/1.0; +claudebot@anthropic.com)"
74.7.243.252 - - [21/Mar/2026:18:17:34 +0600] "GET /?fileloc=//usr/lib/.build-id/df/825233765070266078e1f89b4acb0aa2213bd8&path=//usr/lib/.build-id/df HTTP/1.1" 200 12438 "https://mail.lennoxfashionbd.com/?path=//usr/lib/.build-id/df" "Mozilla/5.0 AppleWebKit/537.36 (KHTML, like Gecko; compatible; GPTBot/1.3; +https://openai.com/gptbot)"
216.73.216.4 - - [21/Mar/2026:18:17:36 +0600] "GET /items/O723412137?path=%2Fhome%2Flennoxfa%2Fpublic_html%2F.tmb HTTP/1.1" 404 - "-" "Mozilla/5.0 AppleWebKit/537.36 (KHTML, like Gecko; compatible; ClaudeBot/1.0; +claudebot@anthropic.com)"
216.73.216.4 - - [21/Mar/2026:18:17:36 +0600] "GET /items/O724259939?fileloc=%2Fhome%2Flennoxfa%2Fpublic_html%2Fwp-mail.php&path=%2Fhome%2Flennoxfa%2Fpublic_html HTTP/1.1" 404 - "-" "Mozilla/5.0 AppleWebKit/537.36 (KHTML, like Gecko; compatible; ClaudeBot/1.0; +claudebot@anthropic.com)"
216.73.216.4 - - [21/Mar/2026:18:17:36 +0600] "GET /items/O724456049?fileloc=%2Fhome%2Flennoxfa%2Fpublic_html%2Fwp-comments-post.php&path=%2Fhome%2Flennoxfa%2Fpublic_html HTTP/1.1" 404 - "-" "Mozilla/5.0 AppleWebKit/537.36 (KHTML, like Gecko; compatible; ClaudeBot/1.0; +claudebot@anthropic.com)"
216.73.216.4 - - [21/Mar/2026:18:17:36 +0600] "GET /items/O722100689?path=%2Fhome%2Flennoxfa%2Fpublic_html%2Fimages HTTP/1.1" 404 - "-" "Mozilla/5.0 AppleWebKit/537.36 (KHTML, like Gecko; compatible; ClaudeBot/1.0; +claudebot@anthropic.com)"
216.73.216.4 - - [21/Mar/2026:18:17:36 +0600] "GET /items/O724760343?fileloc=%2Fhome%2Flennoxfa%2Fpublic_html%2Fwp-comments-post.php&path=%2Fhome%2Flennoxfa%2Fpublic_html HTTP/1.1" 404 - "-" "Mozilla/5.0 AppleWebKit/537.36 (KHTML, like Gecko; compatible; ClaudeBot/1.0; +claudebot@anthropic.com)"
216.73.216.4 - - [21/Mar/2026:18:17:36 +0600] "GET /items/O722828981?fileloc=%2Fhome%2Flennoxfa%2Fpublic_html%2Fwp-comments-post.php&path=%2Fhome%2Flennoxfa%2Fpublic_html HTTP/1.1" 404 - "-" "Mozilla/5.0 AppleWebKit/537.36 (KHTML, like Gecko; compatible; ClaudeBot/1.0; +claudebot@anthropic.com)"
216.73.216.4 - - [21/Mar/2026:18:17:36 +0600] "GET /items/O724034429?path=%2Fhome%2Flennoxfa%2Fpublic_html%2Fimages HTTP/1.1" 404 - "-" "Mozilla/5.0 AppleWebKit/537.36 (KHTML, like Gecko; compatible; ClaudeBot/1.0; +claudebot@anthropic.com)"
57.141.14.106 - - [21/Mar/2026:18:17:36 +0600] "GET /product-category/kids/boys-t-shirt/page/3/?path=/home/lennoxfa/public_html/wp-content/plugins/updraftplus/vendor/rackspace/php-opencloud/lib HTTP/1.1" 404 - "-" "meta-externalagent/1.1 (+https://developers.facebook.com/docs/sharing/webmasters/crawler)"
57.141.14.111 - - [21/Mar/2026:18:17:36 +0600] "GET /product-category/kids/boys-t-shirt/page/3/?fileloc=/home/lennoxfa/public_html/wp-content/plugins/updraftplus/vendor/rackspace/php-opencloud/apigen.neon&path=/home/lennoxfa/public_html/wp-content/plugins/updraftplus/vendor/rackspace/php-opencloud HTTP/1.1" 404 - "-" "meta-externalagent/1.1 (+https://developers.facebook.com/docs/sharing/webmasters/crawler)"
57.141.14.82 - - [21/Mar/2026:18:17:36 +0600] "GET /product-category/kids/boys-t-shirt/page/3/?fileloc=/home/lennoxfa/public_html/wp-content/plugins/wpforms-lite/vendor/woocommerce/action-scheduler/license.txt&path=/home/lennoxfa/public_html/wp-content/plugins/wpforms-lite/vendor/woocommerce/action-scheduler HTTP/1.1" 404 - "-" "meta-externalagent/1.1 (+https://developers.facebook.com/docs/sharing/webmasters/crawler)"
216.73.216.4 - - [21/Mar/2026:18:17:37 +0600] "GET /items/O723311420?fileloc=%2Fhome%2Flennoxfa%2Fpublic_html%2Fwp-comments-post.php&path=%2Fhome%2Flennoxfa%2Fpublic_html HTTP/1.1" 404 - "-" "Mozilla/5.0 AppleWebKit/537.36 (KHTML, like Gecko; compatible; ClaudeBot/1.0; +claudebot@anthropic.com)"
216.73.216.4 - - [21/Mar/2026:18:17:37 +0600] "GET /items/O723155223?fileloc=%2Fhome%2Flennoxfa%2Fpublic_html%2Fxmlrpc.php&path=%2Fhome%2Flennoxfa%2Fpublic_html HTTP/1.1" 404 - "-" "Mozilla/5.0 AppleWebKit/537.36 (KHTML, like Gecko; compatible; ClaudeBot/1.0; +claudebot@anthropic.com)"
216.73.216.4 - - [21/Mar/2026:18:17:37 +0600] "GET /items/O722352304?fileloc=%2Fhome%2Flennoxfa%2Fpublic_html%2Fwp-comments-post.php&path=%2Fhome%2Flennoxfa%2Fpublic_html HTTP/1.1" 404 - "-" "Mozilla/5.0 AppleWebKit/537.36 (KHTML, like Gecko; compatible; ClaudeBot/1.0; +claudebot@anthropic.com)"
216.73.216.4 - - [21/Mar/2026:18:17:37 +0600] "GET /items/O724739998?path=%2Fhome%2Flennoxfa%2Fpublic_html%2Fimages HTTP/1.1" 404 - "-" "Mozilla/5.0 AppleWebKit/537.36 (KHTML, like Gecko; compatible; ClaudeBot/1.0; +claudebot@anthropic.com)"
216.73.216.4 - - [21/Mar/2026:18:17:37 +0600] "GET /items/O723655470?fileloc=%2Fhome%2Flennoxfa%2Fpublic_html%2Fxmlrpc.php&path=%2Fhome%2Flennoxfa%2Fpublic_html HTTP/1.1" 404 - "-" "Mozilla/5.0 AppleWebKit/537.36 (KHTML, like Gecko; compatible; ClaudeBot/1.0; +claudebot@anthropic.com)"
216.73.216.4 - - [21/Mar/2026:18:17:37 +0600] "GET /items/O722957015?fileloc=%2Fhome%2Flennoxfa%2Fpublic_html%2Fxmlrpc.php&path=%2Fhome%2Flennoxfa%2Fpublic_html HTTP/1.1" 404 - "-" "Mozilla/5.0 AppleWebKit/537.36 (KHTML, like Gecko; compatible; ClaudeBot/1.0; +claudebot@anthropic.com)"
216.73.216.4 - - [21/Mar/2026:18:17:37 +0600] "GET /items/O722723742?fileloc=%2Fhome%2Flennoxfa%2Fpublic_html%2Fwp-includes%2Ffonts.php&path=%2Fhome%2Flennoxfa%2Fpublic_html%2Fwp-includes HTTP/1.1" 404 - "-" "Mozilla/5.0 AppleWebKit/537.36 (KHTML, like Gecko; compatible; ClaudeBot/1.0; +claudebot@anthropic.com)"
216.73.216.4 - - [21/Mar/2026:18:17:37 +0600] "GET /items/O724253537?fileloc=%2Fhome%2Flennoxfa%2Fpublic_html%2Fwp-mail.php&path=%2Fhome%2Flennoxfa%2Fpublic_html HTTP/1.1" 404 - "-" "Mozilla/5.0 AppleWebKit/537.36 (KHTML, like Gecko; compatible; ClaudeBot/1.0; +claudebot@anthropic.com)"
57.141.14.20 - - [21/Mar/2026:18:17:37 +0600] "GET /product-category/kids/boys-t-shirt/page/3/?fileloc=/home/lennoxfa/public_html/wp-content/plugins/wpforms-lite/vendor/woocommerce/action-scheduler/action-scheduler.php&path=/home/lennoxfa/public_html/wp-content/plugins/wpforms-lite/vendor/woocommerce/action-scheduler HTTP/1.1" 404 - "-" "meta-externalagent/1.1 (+https://developers.facebook.com/docs/sharing/webmasters/crawler)"
216.73.216.4 - - [21/Mar/2026:18:17:37 +0600] "GET /items/O724919462?fileloc=%2Fhome%2Flennoxfa%2Fpublic_html%2Fxmlrpc.php&path=%2Fhome%2Flennoxfa%2Fpublic_html HTTP/1.1" 404 - "-" "Mozilla/5.0 AppleWebKit/537.36 (KHTML, like Gecko; compatible; ClaudeBot/1.0; +claudebot@anthropic.com)"
216.73.216.4 - - [21/Mar/2026:18:17:37 +0600] "GET /items/O723521835?fileloc=%2Fhome%2Flennoxfa%2Fpublic_html%2Fxmlrpc.php&path=%2Fhome%2Flennoxfa%2Fpublic_html HTTP/1.1" 404 - "-" "Mozilla/5.0 AppleWebKit/537.36 (KHTML, like Gecko; compatible; ClaudeBot/1.0; +claudebot@anthropic.com)"
216.73.216.4 - - [21/Mar/2026:18:17:37 +0600] "GET /items/O724299362?fileloc=%2Fhome%2Flennoxfa%2Fpublic_html%2Fwp-comments-post.php&path=%2Fhome%2Flennoxfa%2Fpublic_html HTTP/1.1" 404 - "-" "Mozilla/5.0 AppleWebKit/537.36 (KHTML, like Gecko; compatible; ClaudeBot/1.0; +claudebot@anthropic.com)"
216.73.216.4 - - [21/Mar/2026:18:17:38 +0600] "GET /items/O722609190?fileloc=%2Fhome%2Flennoxfa%2Fpublic_html%2Fxmlrpc.php&path=%2Fhome%2Flennoxfa%2Fpublic_html HTTP/1.1" 404 - "-" "Mozilla/5.0 AppleWebKit/537.36 (KHTML, like Gecko; compatible; ClaudeBot/1.0; +claudebot@anthropic.com)"
216.73.216.4 - - [21/Mar/2026:18:17:38 +0600] "GET /items/O722387943?fileloc=%2Fhome%2Flennoxfa%2Fpublic_html%2Fwp-comments-post.php&path=%2Fhome%2Flennoxfa%2Fpublic_html HTTP/1.1" 404 - "-" "Mozilla/5.0 AppleWebKit/537.36 (KHTML, like Gecko; compatible; ClaudeBot/1.0; +claudebot@anthropic.com)"
216.73.216.4 - - [21/Mar/2026:18:17:38 +0600] "GET /items/O723168674?path=%2Fhome%2Flennoxfa%2F.htpasswds HTTP/1.1" 404 - "-" "Mozilla/5.0 AppleWebKit/537.36 (KHTML, like Gecko; compatible; ClaudeBot/1.0; +claudebot@anthropic.com)"
216.73.216.4 - - [21/Mar/2026:18:17:38 +0600] "GET /items/O722359627?fileloc=%2Fhome%2Flennoxfa%2Fpublic_html%2Fxmlrpc.php&path=%2Fhome%2Flennoxfa%2Fpublic_html HTTP/1.1" 404 - "-" "Mozilla/5.0 AppleWebKit/537.36 (KHTML, like Gecko; compatible; ClaudeBot/1.0; +claudebot@anthropic.com)"
216.73.216.4 - - [21/Mar/2026:18:17:38 +0600] "GET /items/O723830246?fileloc=%2Fhome%2Flennoxfa%2Fpublic_html%2Fwp-mail.php&path=%2Fhome%2Flennoxfa%2Fpublic_html HTTP/1.1" 404 - "-" "Mozilla/5.0 AppleWebKit/537.36 (KHTML, like Gecko; compatible; ClaudeBot/1.0; +claudebot@anthropic.com)"
216.73.216.4 - - [21/Mar/2026:18:17:38 +0600] "GET /items/O723999639?fileloc=%2Fhome%2Flennoxfa%2Fpublic_html%2Fwp-comments-post.php&path=%2Fhome%2Flennoxfa%2Fpublic_html HTTP/1.1" 404 - "-" "Mozilla/5.0 AppleWebKit/537.36 (KHTML, like Gecko; compatible; ClaudeBot/1.0; +claudebot@anthropic.com)"
57.141.14.91 - - [21/Mar/2026:18:17:38 +0600] "GET /product-category/kids/boys-t-shirt/page/3/?fileloc=/home/lennoxfa/public_html/wp-content/plugins/wpforms-lite/vendor/woocommerce/action-scheduler/functions.php&path=/home/lennoxfa/public_html/wp-content/plugins/wpforms-lite/vendor/woocommerce/action-scheduler HTTP/1.1" 404 - "-" "meta-externalagent/1.1 (+https://developers.facebook.com/docs/sharing/webmasters/crawler)"
216.73.216.4 - - [21/Mar/2026:18:17:38 +0600] "GET /items/O723069024?path=%2Fhome%2Flennoxfa%2Fpublic_html%2F.tmb HTTP/1.1" 404 - "-" "Mozilla/5.0 AppleWebKit/537.36 (KHTML, like Gecko; compatible; ClaudeBot/1.0; +claudebot@anthropic.com)"
216.73.216.4 - - [21/Mar/2026:18:17:38 +0600] "GET /items/O722719337?fileloc=%2Fhome%2Flennoxfa%2Fpublic_html%2Fwp-comments-post.php&path=%2Fhome%2Flennoxfa%2Fpublic_html HTTP/1.1" 404 - "-" "Mozilla/5.0 AppleWebKit/537.36 (KHTML, like Gecko; compatible; ClaudeBot/1.0; +claudebot@anthropic.com)"
216.73.216.4 - - [21/Mar/2026:18:17:38 +0600] "GET /items/O723616417?fileloc=%2Fhome%2Flennoxfa%2Fpublic_html%2Fwp-includes%2Flocale.php&path=%2Fhome%2Flennoxfa%2Fpublic_html%2Fwp-includes HTTP/1.1" 404 - "-" "Mozilla/5.0 AppleWebKit/537.36 (KHTML, like Gecko; compatible; ClaudeBot/1.0; +claudebot@anthropic.com)"
216.73.216.4 - - [21/Mar/2026:18:17:38 +0600] "GET /items/O724648039?fileloc=%2Fhome%2Flennoxfa%2Fpublic_html%2Fxmlrpc.php&path=%2Fhome%2Flennoxfa%2Fpublic_html HTTP/1.1" 404 - "-" "Mozilla/5.0 AppleWebKit/537.36 (KHTML, like Gecko; compatible; ClaudeBot/1.0; +claudebot@anthropic.com)"
216.73.216.4 - - [21/Mar/2026:18:17:38 +0600] "GET /items/O723915830?fileloc=%2Fhome%2Flennoxfa%2Fpublic_html%2Fwp-includes%2Fclass-wp-duotone.php&path=%2Fhome%2Flennoxfa%2Fpublic_html%2Fwp-includes HTTP/1.1" 404 - "-" "Mozilla/5.0 AppleWebKit/537.36 (KHTML, like Gecko; compatible; ClaudeBot/1.0; +claudebot@anthropic.com)"
216.73.216.4 - - [21/Mar/2026:18:17:39 +0600] "GET /items/O723798927?fileloc=%2Fhome%2Flennoxfa%2Fpublic_html%2Fxmlrpc.php&path=%2Fhome%2Flennoxfa%2Fpublic_html HTTP/1.1" 404 - "-" "Mozilla/5.0 AppleWebKit/537.36 (KHTML, like Gecko; compatible; ClaudeBot/1.0; +claudebot@anthropic.com)"
74.7.242.47 - - [21/Mar/2026:18:17:37 +0600] "GET /?path=//proc/1622234/root/proc/self/root/usr/lib/node_modules HTTP/1.1" 200 14580 "https://www.lennoxfashionbd.com/?path=//proc/1622234/root/proc/self/root/usr/lib" "Mozilla/5.0 AppleWebKit/537.36 (KHTML, like Gecko; compatible; GPTBot/1.3; +https://openai.com/gptbot)"
216.73.216.4 - - [21/Mar/2026:18:17:39 +0600] "GET /items/O722200221?fileloc=%2Fhome%2Flennoxfa%2Fpublic_html%2Fxmlrpc.php&path=%2Fhome%2Flennoxfa%2Fpublic_html HTTP/1.1" 404 - "-" "Mozilla/5.0 AppleWebKit/537.36 (KHTML, like Gecko; compatible; ClaudeBot/1.0; +claudebot@anthropic.com)"
216.73.216.4 - - [21/Mar/2026:18:17:39 +0600] "GET /items/O721727353?fileloc=%2Fhome%2Flennoxfa%2Fpublic_html%2Fxmlrpc.php&path=%2Fhome%2Flennoxfa%2Fpublic_html HTTP/1.1" 404 - "-" "Mozilla/5.0 AppleWebKit/537.36 (KHTML, like Gecko; compatible; ClaudeBot/1.0; +claudebot@anthropic.com)"
216.73.216.4 - - [21/Mar/2026:18:17:39 +0600] "GET /items/O721928335?path=%2Fhome%2Flennoxfa%2Fpublic_html%2F.tmb HTTP/1.1" 404 - "-" "Mozilla/5.0 AppleWebKit/537.36 (KHTML, like Gecko; compatible; ClaudeBot/1.0; +claudebot@anthropic.com)"
216.73.216.4 - - [21/Mar/2026:18:17:39 +0600] "GET /items/O723264477?fileloc=%2Fhome%2Flennoxfa%2Fpublic_html%2Fwp-comments-post.php&path=%2Fhome%2Flennoxfa%2Fpublic_html HTTP/1.1" 404 - "-" "Mozilla/5.0 AppleWebKit/537.36 (KHTML, like Gecko; compatible; ClaudeBot/1.0; +claudebot@anthropic.com)"
74.7.243.252 - - [21/Mar/2026:18:17:37 +0600] "GET /?fileloc=//usr/lib/.build-id/c9/34bb7a7754e32422cea898a6709b213f210f4f&path=//usr/lib/.build-id/c9 HTTP/1.1" 200 12438 "https://mail.lennoxfashionbd.com/?path=//usr/lib/.build-id/c9" "Mozilla/5.0 AppleWebKit/537.36 (KHTML, like Gecko; compatible; GPTBot/1.3; +https://openai.com/gptbot)"
57.141.14.105 - - [21/Mar/2026:18:17:39 +0600] "GET /product-category/kids/boys-t-shirt/page/3/?path=/home/lennoxfa/public_html/wp-content/plugins/wpforms-lite/vendor/woocommerce/action-scheduler/lib HTTP/1.1" 404 - "-" "meta-externalagent/1.1 (+https://developers.facebook.com/docs/sharing/webmasters/crawler)"
216.73.216.4 - - [21/Mar/2026:18:17:39 +0600] "GET /items/O724299362?fileloc=%2Fhome%2Flennoxfa%2Fpublic_html%2Fxmlrpc.php&path=%2Fhome%2Flennoxfa%2Fpublic_html HTTP/1.1" 404 - "-" "Mozilla/5.0 AppleWebKit/537.36 (KHTML, like Gecko; compatible; ClaudeBot/1.0; +claudebot@anthropic.com)"
216.73.216.4 - - [21/Mar/2026:18:17:39 +0600] "GET /items/O723935342?fileloc=%2Fhome%2Flennoxfa%2Fpublic_html%2Fwp-load.php&path=%2Fhome%2Flennoxfa%2Fpublic_html HTTP/1.1" 404 - "-" "Mozilla/5.0 AppleWebKit/537.36 (KHTML, like Gecko; compatible; ClaudeBot/1.0; +claudebot@anthropic.com)"
216.73.216.4 - - [21/Mar/2026:18:17:39 +0600] "GET /items/O725187095?fileloc=%2Fhome%2Flennoxfa%2Fpublic_html%2Fwp-comments-post.php&path=%2Fhome%2Flennoxfa%2Fpublic_html HTTP/1.1" 404 - "-" "Mozilla/5.0 AppleWebKit/537.36 (KHTML, like Gecko; compatible; ClaudeBot/1.0; +claudebot@anthropic.com)"
216.73.216.4 - - [21/Mar/2026:18:17:39 +0600] "GET /items/O722519005?fileloc=%2Fhome%2Flennoxfa%2Fpublic_html%2Fwp-includes%2Flocale.php&path=%2Fhome%2Flennoxfa%2Fpublic_html%2Fwp-includes HTTP/1.1" 404 - "-" "Mozilla/5.0 AppleWebKit/537.36 (KHTML, like Gecko; compatible; ClaudeBot/1.0; +claudebot@anthropic.com)"
216.73.216.4 - - [21/Mar/2026:18:17:39 +0600] "GET /items/O724549346?fileloc=%2Fhome%2Flennoxfa%2Fpublic_html%2Fxmlrpc.php&path=%2Fhome%2Flennoxfa%2Fpublic_html HTTP/1.1" 404 - "-" "Mozilla/5.0 AppleWebKit/537.36 (KHTML, like Gecko; compatible; ClaudeBot/1.0; +claudebot@anthropic.com)"
216.73.216.4 - - [21/Mar/2026:18:17:39 +0600] "GET /items/O721296571?fileloc=%2Fhome%2Flennoxfa%2Fpublic_html%2Fxmlrpc.php&path=%2Fhome%2Flennoxfa%2Fpublic_html HTTP/1.1" 404 - "-" "Mozilla/5.0 AppleWebKit/537.36 (KHTML, like Gecko; compatible; ClaudeBot/1.0; +claudebot@anthropic.com)"
216.73.216.4 - - [21/Mar/2026:18:17:40 +0600] "GET /items/O723223560?fileloc=%2Fhome%2Flennoxfa%2Fpublic_html%2Fxmlrpc.php&path=%2Fhome%2Flennoxfa%2Fpublic_html HTTP/1.1" 404 - "-" "Mozilla/5.0 AppleWebKit/537.36 (KHTML, like Gecko; compatible; ClaudeBot/1.0; +claudebot@anthropic.com)"
216.73.216.4 - - [21/Mar/2026:18:17:40 +0600] "GET /items/O725068853?path=%2Fhome%2Flennoxfa%2Fpublic_html%2F.tmb HTTP/1.1" 404 - "-" "Mozilla/5.0 AppleWebKit/537.36 (KHTML, like Gecko; compatible; ClaudeBot/1.0; +claudebot@anthropic.com)"
57.141.14.20 - - [21/Mar/2026:18:17:40 +0600] "GET /product-category/kids/boys-t-shirt/page/3/?path=/home/lennoxfa/public_html/wp-content/plugins/wpforms-lite/vendor/woocommerce/action-scheduler/deprecated HTTP/1.1" 404 - "-" "meta-externalagent/1.1 (+https://developers.facebook.com/docs/sharing/webmasters/crawler)"
216.73.216.4 - - [21/Mar/2026:18:17:40 +0600] "GET /items/O722718237?fileloc=%2Fhome%2Flennoxfa%2Fpublic_html%2Fwp-comments-post.php&path=%2Fhome%2Flennoxfa%2Fpublic_html HTTP/1.1" 404 - "-" "Mozilla/5.0 AppleWebKit/537.36 (KHTML, like Gecko; compatible; ClaudeBot/1.0; +claudebot@anthropic.com)"
216.73.216.4 - - [21/Mar/2026:18:17:40 +0600] "GET /items/O724745613?fileloc=%2Fhome%2Flennoxfa%2Fpublic_html%2Fwp-includes%2Flink-template.php&path=%2Fhome%2Flennoxfa%2Fpublic_html%2Fwp-includes HTTP/1.1" 404 - "-" "Mozilla/5.0 AppleWebKit/537.36 (KHTML, like Gecko; compatible; ClaudeBot/1.0; +claudebot@anthropic.com)"
216.73.216.4 - - [21/Mar/2026:18:17:40 +0600] "GET /items/O722878253?fileloc=%2Fhome%2Flennoxfa%2Fpublic_html%2Fxmlrpc.php&path=%2Fhome%2Flennoxfa%2Fpublic_html HTTP/1.1" 404 - "-" "Mozilla/5.0 AppleWebKit/537.36 (KHTML, like Gecko; compatible; ClaudeBot/1.0; +claudebot@anthropic.com)"
216.73.216.4 - - [21/Mar/2026:18:17:40 +0600] "GET /items/O724095322?path=%2Fhome%2Flennoxfa%2Fpublic_html%2Fimages HTTP/1.1" 404 - "-" "Mozilla/5.0 AppleWebKit/537.36 (KHTML, like Gecko; compatible; ClaudeBot/1.0; +claudebot@anthropic.com)"
216.73.216.4 - - [21/Mar/2026:18:17:40 +0600] "GET /items/O724549346?fileloc=%2Fhome%2Flennoxfa%2Fpublic_html%2Fwp-comments-post.php&path=%2Fhome%2Flennoxfa%2Fpublic_html HTTP/1.1" 404 - "-" "Mozilla/5.0 AppleWebKit/537.36 (KHTML, like Gecko; compatible; ClaudeBot/1.0; +claudebot@anthropic.com)"
216.73.216.4 - - [21/Mar/2026:18:17:40 +0600] "GET /items/O722967726?fileloc=%2Fhome%2Flennoxfa%2Fpublic_html%2Fxmlrpc.php&path=%2Fhome%2Flennoxfa%2Fpublic_html HTTP/1.1" 404 - "-" "Mozilla/5.0 AppleWebKit/537.36 (KHTML, like Gecko; compatible; ClaudeBot/1.0; +claudebot@anthropic.com)"
216.73.216.4 - - [21/Mar/2026:18:17:40 +0600] "GET /items/O725187095?fileloc=%2Fhome%2Flennoxfa%2Fpublic_html%2Fxmlrpc.php&path=%2Fhome%2Flennoxfa%2Fpublic_html HTTP/1.1" 404 - "-" "Mozilla/5.0 AppleWebKit/537.36 (KHTML, like Gecko; compatible; ClaudeBot/1.0; +claudebot@anthropic.com)"
216.73.216.4 - - [21/Mar/2026:18:17:40 +0600] "GET /items/O722671893?path=%2Fhome%2Flennoxfa%2F.clwpos HTTP/1.1" 404 - "-" "Mozilla/5.0 AppleWebKit/537.36 (KHTML, like Gecko; compatible; ClaudeBot/1.0; +claudebot@anthropic.com)"
216.73.216.4 - - [21/Mar/2026:18:17:40 +0600] "GET /items/O724501770?fileloc=%2Fhome%2Flennoxfa%2Fpublic_html%2Fwp-comments-post.php&path=%2Fhome%2Flennoxfa%2Fpublic_html HTTP/1.1" 404 - "-" "Mozilla/5.0 AppleWebKit/537.36 (KHTML, like Gecko; compatible; ClaudeBot/1.0; +claudebot@anthropic.com)"
57.141.14.61 - - [21/Mar/2026:18:17:40 +0600] "GET /product-category/kids/boys-t-shirt/page/3/?path=/home/lennoxfa/public_html/wp-content/plugins/wpforms-lite/vendor/woocommerce/action-scheduler/classes HTTP/1.1" 404 - "-" "meta-externalagent/1.1 (+https://developers.facebook.com/docs/sharing/webmasters/crawler)"
216.73.216.4 - - [21/Mar/2026:18:17:41 +0600] "GET /items/O724700770?path=%2Fhome%2Flennoxfa%2Fpublic_html%2Fimages HTTP/1.1" 404 - "-" "Mozilla/5.0 AppleWebKit/537.36 (KHTML, like Gecko; compatible; ClaudeBot/1.0; +claudebot@anthropic.com)"
216.73.216.4 - - [21/Mar/2026:18:17:41 +0600] "GET /items/O723450153?path=%2Fhome%2Flennoxfa%2F.subaccounts HTTP/1.1" 404 - "-" "Mozilla/5.0 AppleWebKit/537.36 (KHTML, like Gecko; compatible; ClaudeBot/1.0; +claudebot@anthropic.com)"
216.73.216.4 - - [21/Mar/2026:18:17:41 +0600] "GET /items/O721237786?fileloc=%2Fhome%2Flennoxfa%2Fpublic_html%2Fwp-mail.php&path=%2Fhome%2Flennoxfa%2Fpublic_html HTTP/1.1" 404 - "-" "Mozilla/5.0 AppleWebKit/537.36 (KHTML, like Gecko; compatible; ClaudeBot/1.0; +claudebot@anthropic.com)"
216.73.216.4 - - [21/Mar/2026:18:17:41 +0600] "GET /items/O724743764?fileloc=%2Fhome%2Flennoxfa%2Fpublic_html%2Fxmlrpc.php&path=%2Fhome%2Flennoxfa%2Fpublic_html HTTP/1.1" 404 - "-" "Mozilla/5.0 AppleWebKit/537.36 (KHTML, like Gecko; compatible; ClaudeBot/1.0; +claudebot@anthropic.com)"
216.73.216.4 - - [21/Mar/2026:18:17:41 +0600] "GET /items/O724718993?path=%2Fhome%2Flennoxfa%2Fpublic_html%2Fimages HTTP/1.1" 404 - "-" "Mozilla/5.0 AppleWebKit/537.36 (KHTML, like Gecko; compatible; ClaudeBot/1.0; +claudebot@anthropic.com)"
74.7.242.47 - - [21/Mar/2026:18:17:40 +0600] "GET /?fileloc=//proc/1622234/root/proc/self/root/usr/lib/tmpfiles.d/systemd-pstore.conf&path=//proc/1622234/root/proc/self/root/usr/lib/tmpfiles.d HTTP/1.1" 200 14302 "https://www.lennoxfashionbd.com/?path=//proc/1622234/root/proc/self/root/usr/lib/tmpfiles.d" "Mozilla/5.0 AppleWebKit/537.36 (KHTML, like Gecko; compatible; GPTBot/1.3; +https://openai.com/gptbot)"
216.73.216.4 - - [21/Mar/2026:18:17:41 +0600] "GET /items/O722339174?fileloc=%2Fhome%2Flennoxfa%2Fpublic_html%2Fxmlrpc.php&path=%2Fhome%2Flennoxfa%2Fpublic_html HTTP/1.1" 404 - "-" "Mozilla/5.0 AppleWebKit/537.36 (KHTML, like Gecko; compatible; ClaudeBot/1.0; +claudebot@anthropic.com)"
216.73.216.4 - - [21/Mar/2026:18:17:41 +0600] "GET /items/O722957015?fileloc=%2Fhome%2Flennoxfa%2Fpublic_html%2Fwp-comments-post.php&path=%2Fhome%2Flennoxfa%2Fpublic_html HTTP/1.1" 404 - "-" "Mozilla/5.0 AppleWebKit/537.36 (KHTML, like Gecko; compatible; ClaudeBot/1.0; +claudebot@anthropic.com)"
216.73.216.4 - - [21/Mar/2026:18:17:41 +0600] "GET /items/O723957998?path=%2Fhome%2Flennoxfa%2Fpublic_html%2Fimages HTTP/1.1" 404 - "-" "Mozilla/5.0 AppleWebKit/537.36 (KHTML, like Gecko; compatible; ClaudeBot/1.0; +claudebot@anthropic.com)"
216.73.216.4 - - [21/Mar/2026:18:17:41 +0600] "GET /items/O721296571?fileloc=%2Fhome%2Flennoxfa%2Fpublic_html%2Fwp-comments-post.php&path=%2Fhome%2Flennoxfa%2Fpublic_html HTTP/1.1" 404 - "-" "Mozilla/5.0 AppleWebKit/537.36 (KHTML, like Gecko; compatible; ClaudeBot/1.0; +claudebot@anthropic.com)"
57.141.14.59 - - [21/Mar/2026:18:17:41 +0600] "GET /product-category/kids/boys-t-shirt/page/3/?path=/home/lennoxfa/public_html/wp-content/plugins/fileorganizer/manager/php/plugins/Sanitizer HTTP/1.1" 404 - "-" "meta-externalagent/1.1 (+https://developers.facebook.com/docs/sharing/webmasters/crawler)"
216.73.216.4 - - [21/Mar/2026:18:17:41 +0600] "GET /items/O723360756?fileloc=%2Fhome%2Flennoxfa%2Fpublic_html%2Fwp-comments-post.php&path=%2Fhome%2Flennoxfa%2Fpublic_html HTTP/1.1" 404 - "-" "Mozilla/5.0 AppleWebKit/537.36 (KHTML, like Gecko; compatible; ClaudeBot/1.0; +claudebot@anthropic.com)"
216.73.216.4 - - [21/Mar/2026:18:17:41 +0600] "GET /items/O723602489?fileloc=%2Fhome%2Flennoxfa%2Fpublic_html%2Fxmlrpc.php&path=%2Fhome%2Flennoxfa%2Fpublic_html HTTP/1.1" 404 - "-" "Mozilla/5.0 AppleWebKit/537.36 (KHTML, like Gecko; compatible; ClaudeBot/1.0; +claudebot@anthropic.com)"
216.73.216.4 - - [21/Mar/2026:18:17:42 +0600] "GET /items/O724873022?fileloc=%2Fhome%2Flennoxfa%2Fpublic_html%2Fwp-comments-post.php&path=%2Fhome%2Flennoxfa%2Fpublic_html HTTP/1.1" 404 - "-" "Mozilla/5.0 AppleWebKit/537.36 (KHTML, like Gecko; compatible; ClaudeBot/1.0; +claudebot@anthropic.com)"
216.73.216.4 - - [21/Mar/2026:18:17:42 +0600] "GET /items/O723008405?fileloc=%2Fhome%2Flennoxfa%2Fpublic_html%2Fxmlrpc.php&path=%2Fhome%2Flennoxfa%2Fpublic_html HTTP/1.1" 404 - "-" "Mozilla/5.0 AppleWebKit/537.36 (KHTML, like Gecko; compatible; ClaudeBot/1.0; +claudebot@anthropic.com)"
216.73.216.4 - - [21/Mar/2026:18:17:42 +0600] "GET /items/O724501770?fileloc=%2Fhome%2Flennoxfa%2Fpublic_html%2Fxmlrpc.php&path=%2Fhome%2Flennoxfa%2Fpublic_html HTTP/1.1" 404 - "-" "Mozilla/5.0 AppleWebKit/537.36 (KHTML, like Gecko; compatible; ClaudeBot/1.0; +claudebot@anthropic.com)"
216.73.216.4 - - [21/Mar/2026:18:17:42 +0600] "GET /items/O722356822?fileloc=%2Fhome%2Flennoxfa%2Fpublic_html%2Fxmlrpc.php&path=%2Fhome%2Flennoxfa%2Fpublic_html HTTP/1.1" 404 - "-" "Mozilla/5.0 AppleWebKit/537.36 (KHTML, like Gecko; compatible; ClaudeBot/1.0; +claudebot@anthropic.com)"
74.7.243.252 - - [21/Mar/2026:18:17:41 +0600] "GET /?fileloc=//usr/lib/.build-id/86/9cb81d7ee4f72c113ae8ef620c4d7268577df7&path=//usr/lib/.build-id/86 HTTP/1.1" 200 12438 "https://mail.lennoxfashionbd.com/?path=//usr/lib/.build-id/86" "Mozilla/5.0 AppleWebKit/537.36 (KHTML, like Gecko; compatible; GPTBot/1.3; +https://openai.com/gptbot)"
216.73.216.4 - - [21/Mar/2026:18:17:42 +0600] "GET /items/O723237244?fileloc=%2Fhome%2Flennoxfa%2Fpublic_html%2Fxmlrpc.php&path=%2Fhome%2Flennoxfa%2Fpublic_html HTTP/1.1" 404 - "-" "Mozilla/5.0 AppleWebKit/537.36 (KHTML, like Gecko; compatible; ClaudeBot/1.0; +claudebot@anthropic.com)"
216.73.216.4 - - [21/Mar/2026:18:17:42 +0600] "GET /items/O724147336?fileloc=%2Fhome%2Flennoxfa%2Fpublic_html%2Fwp-comments-post.php&path=%2Fhome%2Flennoxfa%2Fpublic_html HTTP/1.1" 404 - "-" "Mozilla/5.0 AppleWebKit/537.36 (KHTML, like Gecko; compatible; ClaudeBot/1.0; +claudebot@anthropic.com)"
216.73.216.4 - - [21/Mar/2026:18:17:42 +0600] "GET /items/O724919462?fileloc=%2Fhome%2Flennoxfa%2Fpublic_html%2Fwp-comments-post.php&path=%2Fhome%2Flennoxfa%2Fpublic_html HTTP/1.1" 404 - "-" "Mozilla/5.0 AppleWebKit/537.36 (KHTML, like Gecko; compatible; ClaudeBot/1.0; +claudebot@anthropic.com)"
57.141.14.105 - - [21/Mar/2026:18:17:42 +0600] "GET /product-category/kids/boys-t-shirt/page/3/?path=/home/lennoxfa/public_html/wp-content/plugins/fileorganizer/manager/php/plugins/WinRemoveTailDots HTTP/1.1" 404 - "-" "meta-externalagent/1.1 (+https://developers.facebook.com/docs/sharing/webmasters/crawler)"
216.73.216.4 - - [21/Mar/2026:18:17:42 +0600] "GET /items/O721295704?path=%2Fhome%2Flennoxfa%2Fpublic_html%2F.tmb HTTP/1.1" 404 - "-" "Mozilla/5.0 AppleWebKit/537.36 (KHTML, like Gecko; compatible; ClaudeBot/1.0; +claudebot@anthropic.com)"
216.73.216.4 - - [21/Mar/2026:18:17:42 +0600] "GET /items/O721020236?path=%2Fhome%2Flennoxfa%2Fpublic_html%2F.tmb HTTP/1.1" 404 - "-" "Mozilla/5.0 AppleWebKit/537.36 (KHTML, like Gecko; compatible; ClaudeBot/1.0; +claudebot@anthropic.com)"
216.73.216.4 - - [21/Mar/2026:18:17:42 +0600] "GET /items/O722794121?fileloc=%2Fhome%2Flennoxfa%2Fpublic_html%2Fwp-comments-post.php&path=%2Fhome%2Flennoxfa%2Fpublic_html HTTP/1.1" 404 - "-" "Mozilla/5.0 AppleWebKit/537.36 (KHTML, like Gecko; compatible; ClaudeBot/1.0; +claudebot@anthropic.com)"
216.73.216.4 - - [21/Mar/2026:18:17:42 +0600] "GET /items/O723602489?fileloc=%2Fhome%2Flennoxfa%2Fpublic_html%2Fwp-comments-post.php&path=%2Fhome%2Flennoxfa%2Fpublic_html HTTP/1.1" 404 - "-" "Mozilla/5.0 AppleWebKit/537.36 (KHTML, like Gecko; compatible; ClaudeBot/1.0; +claudebot@anthropic.com)"
216.73.216.4 - - [21/Mar/2026:18:17:43 +0600] "GET /items/O723223560?fileloc=%2Fhome%2Flennoxfa%2Fpublic_html%2Fwp-comments-post.php&path=%2Fhome%2Flennoxfa%2Fpublic_html HTTP/1.1" 404 - "-" "Mozilla/5.0 AppleWebKit/537.36 (KHTML, like Gecko; compatible; ClaudeBot/1.0; +claudebot@anthropic.com)"
216.73.216.4 - - [21/Mar/2026:18:17:43 +0600] "GET /items/O722653235?fileloc=%2Fhome%2Flennoxfa%2Fpublic_html%2Fwp-comments-post.php&path=%2Fhome%2Flennoxfa%2Fpublic_html HTTP/1.1" 404 - "-" "Mozilla/5.0 AppleWebKit/537.36 (KHTML, like Gecko; compatible; ClaudeBot/1.0; +claudebot@anthropic.com)"
216.73.216.4 - - [21/Mar/2026:18:17:43 +0600] "GET /items/O724648039?fileloc=%2Fhome%2Flennoxfa%2Fpublic_html%2Fwp-comments-post.php&path=%2Fhome%2Flennoxfa%2Fpublic_html HTTP/1.1" 404 - "-" "Mozilla/5.0 AppleWebKit/537.36 (KHTML, like Gecko; compatible; ClaudeBot/1.0; +claudebot@anthropic.com)"
57.141.14.94 - - [21/Mar/2026:18:17:43 +0600] "GET /product-category/kids/boys-t-shirt/page/3/?path=/home/lennoxfa/public_html/wp-content/plugins/fileorganizer/manager/php/plugins/Watermark HTTP/1.1" 404 - "-" "meta-externalagent/1.1 (+https://developers.facebook.com/docs/sharing/webmasters/crawler)"
216.73.216.4 - - [21/Mar/2026:18:17:44 +0600] "GET /items/O722723742?fileloc=%2Fhome%2Flennoxfa%2Fpublic_html%2Fwp-includes%2Fatomlib.php&path=%2Fhome%2Flennoxfa%2Fpublic_html%2Fwp-includes HTTP/1.1" 404 - "-" "Mozilla/5.0 AppleWebKit/537.36 (KHTML, like Gecko; compatible; ClaudeBot/1.0; +claudebot@anthropic.com)"
57.141.14.41 - - [21/Mar/2026:18:17:44 +0600] "GET /product-category/kids/boys-t-shirt/page/3/?path=/home/lennoxfa/public_html/wp-content/plugins/fileorganizer/manager/php/plugins/Normalizer HTTP/1.1" 404 - "-" "meta-externalagent/1.1 (+https://developers.facebook.com/docs/sharing/webmasters/crawler)"
216.73.216.4 - - [21/Mar/2026:18:17:44 +0600] "GET /items/O722652279?path=%2Fhome%2Flennoxfa%2Fpublic_html%2F.tmb HTTP/1.1" 404 - "-" "Mozilla/5.0 AppleWebKit/537.36 (KHTML, like Gecko; compatible; ClaudeBot/1.0; +claudebot@anthropic.com)"
216.73.216.4 - - [21/Mar/2026:18:17:44 +0600] "GET /items/O721778178?path=%2Fhome%2Flennoxfa%2Fpublic_html HTTP/1.1" 404 - "-" "Mozilla/5.0 AppleWebKit/537.36 (KHTML, like Gecko; compatible; ClaudeBot/1.0; +claudebot@anthropic.com)"
216.73.216.4 - - [21/Mar/2026:18:17:44 +0600] "GET /items/O724679336?fileloc=%2Fhome%2Flennoxfa%2Fpublic_html%2Fwp-includes%2Ftheme-previews.php&path=%2Fhome%2Flennoxfa%2Fpublic_html%2Fwp-includes HTTP/1.1" 404 - "-" "Mozilla/5.0 AppleWebKit/537.36 (KHTML, like Gecko; compatible; ClaudeBot/1.0; +claudebot@anthropic.com)"
74.7.242.47 - - [21/Mar/2026:18:17:43 +0600] "GET /?path=//proc/1622234/root/proc/self/root/usr/lib/rpm/platform/mips-linux HTTP/1.1" 200 14933 "https://www.lennoxfashionbd.com/?path=//proc/1622234/root/proc/self/root/usr/lib/rpm/platform" "Mozilla/5.0 AppleWebKit/537.36 (KHTML, like Gecko; compatible; GPTBot/1.3; +https://openai.com/gptbot)"
216.73.216.4 - - [21/Mar/2026:18:17:44 +0600] "GET /items/O723486644?path=%2Fhome%2Flennoxfa%2Fpublic_html%2F.tmb HTTP/1.1" 404 - "-" "Mozilla/5.0 AppleWebKit/537.36 (KHTML, like Gecko; compatible; ClaudeBot/1.0; +claudebot@anthropic.com)"
216.73.216.4 - - [21/Mar/2026:18:17:44 +0600] "GET /items/O724287907?path=%2Fhome%2Flennoxfa%2Fpublic_html%2F.tmb HTTP/1.1" 404 - "-" "Mozilla/5.0 AppleWebKit/537.36 (KHTML, like Gecko; compatible; ClaudeBot/1.0; +claudebot@anthropic.com)"
216.73.216.4 - - [21/Mar/2026:18:17:44 +0600] "GET /items/O725109394?path=%2Fhome%2Flennoxfa%2Fpublic_html HTTP/1.1" 404 - "-" "Mozilla/5.0 AppleWebKit/537.36 (KHTML, like Gecko; compatible; ClaudeBot/1.0; +claudebot@anthropic.com)"
216.73.216.4 - - [21/Mar/2026:18:17:44 +0600] "GET /items/O722335565?fileloc=%2Fhome%2Flennoxfa%2Fpublic_html%2Fwp-admin%2Fmoderation.php&path=%2Fhome%2Flennoxfa%2Fpublic_html%2Fwp-admin HTTP/1.1" 404 - "-" "Mozilla/5.0 AppleWebKit/537.36 (KHTML, like Gecko; compatible; ClaudeBot/1.0; +claudebot@anthropic.com)"
216.73.216.4 - - [21/Mar/2026:18:17:44 +0600] "GET /items/O722723742?fileloc=%2Fhome%2Flennoxfa%2Fpublic_html%2Fwp-includes%2Ffunctions.wp-styles.php&path=%2Fhome%2Flennoxfa%2Fpublic_html%2Fwp-includes HTTP/1.1" 404 - "-" "Mozilla/5.0 AppleWebKit/537.36 (KHTML, like Gecko; compatible; ClaudeBot/1.0; +claudebot@anthropic.com)"
216.73.216.4 - - [21/Mar/2026:18:17:44 +0600] "GET /items/O722335565?fileloc=%2Fhome%2Flennoxfa%2Fpublic_html%2Fwp-admin%2Fload-styles.php&path=%2Fhome%2Flennoxfa%2Fpublic_html%2Fwp-admin HTTP/1.1" 404 - "-" "Mozilla/5.0 AppleWebKit/537.36 (KHTML, like Gecko; compatible; ClaudeBot/1.0; +claudebot@anthropic.com)"
216.73.216.4 - - [21/Mar/2026:18:17:44 +0600] "GET /items/O724968474?path=%2Fhome%2Flennoxfa%2Fpublic_html%2F.tmb HTTP/1.1" 404 - "-" "Mozilla/5.0 AppleWebKit/537.36 (KHTML, like Gecko; compatible; ClaudeBot/1.0; +claudebot@anthropic.com)"
216.73.216.4 - - [21/Mar/2026:18:17:44 +0600] "GET /items/O721810137?path=%2Fhome%2Flennoxfa%2Fpublic_html HTTP/1.1" 404 - "-" "Mozilla/5.0 AppleWebKit/537.36 (KHTML, like Gecko; compatible; ClaudeBot/1.0; +claudebot@anthropic.com)"
216.73.216.4 - - [21/Mar/2026:18:17:45 +0600] "GET /items/O722014993?fileloc=%2Fhome%2Flennoxfa%2Fpublic_html%2Fwp-includes%2Fclass-wp-styles.php&path=%2Fhome%2Flennoxfa%2Fpublic_html%2Fwp-includes HTTP/1.1" 404 - "-" "Mozilla/5.0 AppleWebKit/537.36 (KHTML, like Gecko; compatible; ClaudeBot/1.0; +claudebot@anthropic.com)"
216.73.216.4 - - [21/Mar/2026:18:17:45 +0600] "GET /items/O724761925?fileloc=%2Fhome%2Flennoxfa%2Fpublic_html%2Fwp-comments-post.php&path=%2Fhome%2Flennoxfa%2Fpublic_html HTTP/1.1" 404 - "-" "Mozilla/5.0 AppleWebKit/537.36 (KHTML, like Gecko; compatible; ClaudeBot/1.0; +claudebot@anthropic.com)"
216.73.216.4 - - [21/Mar/2026:18:17:45 +0600] "GET /items/O723114580?path=%2Fhome%2Flennoxfa%2Fpublic_html%2F.tmb HTTP/1.1" 404 - "-" "Mozilla/5.0 AppleWebKit/537.36 (KHTML, like Gecko; compatible; ClaudeBot/1.0; +claudebot@anthropic.com)"
57.141.14.84 - - [21/Mar/2026:18:17:45 +0600] "GET /product-category/kids/boys-t-shirt/page/3/?path=/home/lennoxfa/public_html/wp-content/plugins/fileorganizer/manager/php/plugins/AutoRotate HTTP/1.1" 404 - "-" "meta-externalagent/1.1 (+https://developers.facebook.com/docs/sharing/webmasters/crawler)"
216.73.216.4 - - [21/Mar/2026:18:17:45 +0600] "GET /items/O724697287?fileloc=%2Fhome%2Flennoxfa%2Fpublic_html%2Fwp-admin%2Fload-styles.php&path=%2Fhome%2Flennoxfa%2Fpublic_html%2Fwp-admin HTTP/1.1" 404 - "-" "Mozilla/5.0 AppleWebKit/537.36 (KHTML, like Gecko; compatible; ClaudeBot/1.0; +claudebot@anthropic.com)"
216.73.216.4 - - [21/Mar/2026:18:17:45 +0600] "GET /items/O721857700?path=%2Fhome%2Flennoxfa%2Fpublic_html HTTP/1.1" 404 - "-" "Mozilla/5.0 AppleWebKit/537.36 (KHTML, like Gecko; compatible; ClaudeBot/1.0; +claudebot@anthropic.com)"
216.73.216.4 - - [21/Mar/2026:18:17:45 +0600] "GET /items/O722939337?fileloc=%2Fhome%2Flennoxfa%2Fpublic_html%2Fwp-includes%2Fms-network.php&path=%2Fhome%2Flennoxfa%2Fpublic_html%2Fwp-includes HTTP/1.1" 404 - "-" "Mozilla/5.0 AppleWebKit/537.36 (KHTML, like Gecko; compatible; ClaudeBot/1.0; +claudebot@anthropic.com)"
