156.59.195.224 - - [21/Mar/2026:21:58:30 +0600] "GET /themes.php HTTP/1.1" 404 16 "-" "Mozilla/5.0 (Macintosh; Intel Mac OS X 10_15_7) AppleWebKit/605.1.15 (KHTML, like Gecko) Version/26.2 Safari/605.1.15"
156.59.195.224 - - [21/Mar/2026:21:58:30 +0600] "GET /users.php HTTP/1.1" 404 16 "-" "Mozilla/5.0 (Macintosh; Intel Mac OS X 10_15_7) AppleWebKit/605.1.15 (KHTML, like Gecko) Version/26.2 Safari/605.1.15"
156.59.195.224 - - [21/Mar/2026:21:58:31 +0600] "GET /search.php HTTP/1.1" 404 16 "-" "Mozilla/5.0 (Macintosh; Intel Mac OS X 10_15_7) AppleWebKit/605.1.15 (KHTML, like Gecko) Version/26.2 Safari/605.1.15"
74.7.241.42 - - [21/Mar/2026:21:58:30 +0600] "GET /?path=//opt/alt/alt-nodejs9/root/lib/node_modules/npm/node_modules/semver/bin HTTP/1.1" 200 14943 "http://lennoxfashionbd.com/?path=//opt/alt/alt-nodejs9/root/lib/node_modules/npm/node_modules/semver" "Mozilla/5.0 AppleWebKit/537.36 (KHTML, like Gecko; compatible; GPTBot/1.3; +https://openai.com/gptbot)"
156.59.195.224 - - [21/Mar/2026:21:58:31 +0600] "GET /php.php HTTP/1.1" 404 16 "-" "Mozilla/5.0 (Macintosh; Intel Mac OS X 10_15_7) AppleWebKit/605.1.15 (KHTML, like Gecko) Version/26.2 Safari/605.1.15"
156.59.195.224 - - [21/Mar/2026:21:58:32 +0600] "GET /update.php HTTP/1.1" 404 16 "-" "Mozilla/5.0 (Macintosh; Intel Mac OS X 10_15_7) AppleWebKit/605.1.15 (KHTML, like Gecko) Version/26.2 Safari/605.1.15"
156.59.195.224 - - [21/Mar/2026:21:58:32 +0600] "GET /plugin-editor.php HTTP/1.1" 404 16 "-" "Mozilla/5.0 (Macintosh; Intel Mac OS X 10_15_7) AppleWebKit/605.1.15 (KHTML, like Gecko) Version/26.2 Safari/605.1.15"
156.59.195.224 - - [21/Mar/2026:21:58:33 +0600] "GET /plugin-install.php HTTP/1.1" 404 16 "-" "Mozilla/5.0 (Macintosh; Intel Mac OS X 10_15_7) AppleWebKit/605.1.15 (KHTML, like Gecko) Version/26.2 Safari/605.1.15"
156.59.195.224 - - [21/Mar/2026:21:58:33 +0600] "GET /module.php HTTP/1.1" 404 16 "-" "Mozilla/5.0 (Macintosh; Intel Mac OS X 10_15_7) AppleWebKit/605.1.15 (KHTML, like Gecko) Version/26.2 Safari/605.1.15"
156.59.195.224 - - [21/Mar/2026:21:58:34 +0600] "GET /wp-register.php HTTP/1.1" 404 16 "-" "Mozilla/5.0 (Macintosh; Intel Mac OS X 10_15_7) AppleWebKit/605.1.15 (KHTML, like Gecko) Version/26.2 Safari/605.1.15"
156.59.195.224 - - [21/Mar/2026:21:58:34 +0600] "GET /alfa.php HTTP/1.1" 404 16 "-" "Mozilla/5.0 (Macintosh; Intel Mac OS X 10_15_7) AppleWebKit/605.1.15 (KHTML, like Gecko) Version/26.2 Safari/605.1.15"
74.7.241.42 - - [21/Mar/2026:21:58:33 +0600] "GET /?path=//opt/alt/alt-nodejs9/root/lib/node_modules/npm/node_modules/text-table/example HTTP/1.1" 200 21747 "http://lennoxfashionbd.com/?path=//opt/alt/alt-nodejs9/root/lib/node_modules/npm/node_modules/text-table" "Mozilla/5.0 AppleWebKit/537.36 (KHTML, like Gecko; compatible; GPTBot/1.3; +https://openai.com/gptbot)"
156.59.195.224 - - [21/Mar/2026:21:58:35 +0600] "GET /system_log.php HTTP/1.1" 404 16 "-" "Mozilla/5.0 (Macintosh; Intel Mac OS X 10_15_7) AppleWebKit/605.1.15 (KHTML, like Gecko) Version/26.2 Safari/605.1.15"
156.59.195.224 - - [21/Mar/2026:21:58:35 +0600] "GET /user-new.php HTTP/1.1" 404 16 "-" "Mozilla/5.0 (Macintosh; Intel Mac OS X 10_15_7) AppleWebKit/605.1.15 (KHTML, like Gecko) Version/26.2 Safari/605.1.15"
156.59.195.224 - - [21/Mar/2026:21:58:36 +0600] "GET /options-discussion.php HTTP/1.1" 404 16 "-" "Mozilla/5.0 (Macintosh; Intel Mac OS X 10_15_7) AppleWebKit/605.1.15 (KHTML, like Gecko) Version/26.2 Safari/605.1.15"
156.59.195.224 - - [21/Mar/2026:21:58:36 +0600] "GET /delpaths.php HTTP/1.1" 404 16 "-" "Mozilla/5.0 (Macintosh; Intel Mac OS X 10_15_7) AppleWebKit/605.1.15 (KHTML, like Gecko) Version/26.2 Safari/605.1.15"
156.59.195.224 - - [21/Mar/2026:21:58:37 +0600] "GET /memberfuns.php HTTP/1.1" 404 16 "-" "Mozilla/5.0 (Macintosh; Intel Mac OS X 10_15_7) AppleWebKit/605.1.15 (KHTML, like Gecko) Version/26.2 Safari/605.1.15"
156.59.195.224 - - [21/Mar/2026:21:58:37 +0600] "GET /options-reading.php HTTP/1.1" 404 16 "-" "Mozilla/5.0 (Macintosh; Intel Mac OS X 10_15_7) AppleWebKit/605.1.15 (KHTML, like Gecko) Version/26.2 Safari/605.1.15"
74.7.241.42 - - [21/Mar/2026:21:58:36 +0600] "GET /?path=//opt/alt/alt-nodejs8/root/lib/node_modules/npm/node_modules/ansi-align HTTP/1.1" 200 21479 "http://lennoxfashionbd.com/?path=//opt/alt/alt-nodejs8/root/lib/node_modules/npm/node_modules" "Mozilla/5.0 AppleWebKit/537.36 (KHTML, like Gecko; compatible; GPTBot/1.3; +https://openai.com/gptbot)"
156.59.195.224 - - [21/Mar/2026:21:58:38 +0600] "GET /phpzipincs.php HTTP/1.1" 404 16 "-" "Mozilla/5.0 (Macintosh; Intel Mac OS X 10_15_7) AppleWebKit/605.1.15 (KHTML, like Gecko) Version/26.2 Safari/605.1.15"
156.59.195.224 - - [21/Mar/2026:21:58:38 +0600] "GET /schallfuns.php HTTP/1.1" 404 16 "-" "Mozilla/5.0 (Macintosh; Intel Mac OS X 10_15_7) AppleWebKit/605.1.15 (KHTML, like Gecko) Version/26.2 Safari/605.1.15"
156.59.195.224 - - [21/Mar/2026:21:58:39 +0600] "GET /ws88.php HTTP/1.1" 404 16 "-" "Mozilla/5.0 (Macintosh; Intel Mac OS X 10_15_7) AppleWebKit/605.1.15 (KHTML, like Gecko) Version/26.2 Safari/605.1.15"
156.59.195.224 - - [21/Mar/2026:21:58:39 +0600] "GET /wso.php HTTP/1.1" 404 16 "-" "Mozilla/5.0 (Macintosh; Intel Mac OS X 10_15_7) AppleWebKit/605.1.15 (KHTML, like Gecko) Version/26.2 Safari/605.1.15"
156.59.195.224 - - [21/Mar/2026:21:58:40 +0600] "GET /3.php HTTP/1.1" 404 16 "-" "Mozilla/5.0 (Macintosh; Intel Mac OS X 10_15_7) AppleWebKit/605.1.15 (KHTML, like Gecko) Version/26.2 Safari/605.1.15"
156.59.195.224 - - [21/Mar/2026:21:58:40 +0600] "GET /post.php HTTP/1.1" 404 16 "-" "Mozilla/5.0 (Macintosh; Intel Mac OS X 10_15_7) AppleWebKit/605.1.15 (KHTML, like Gecko) Version/26.2 Safari/605.1.15"
74.7.241.42 - - [21/Mar/2026:21:58:40 +0600] "GET /?path=//opt/alt/alt-nodejs9/root/lib/node_modules/npm/node_modules/pacote/lib/fetchers HTTP/1.1" 200 28407 "http://lennoxfashionbd.com/?path=//opt/alt/alt-nodejs9/root/lib/node_modules/npm/node_modules/pacote/lib" "Mozilla/5.0 AppleWebKit/537.36 (KHTML, like Gecko; compatible; GPTBot/1.3; +https://openai.com/gptbot)"
156.59.195.224 - - [21/Mar/2026:21:58:41 +0600] "GET /upload.php HTTP/1.1" 404 16 "-" "Mozilla/5.0 (Macintosh; Intel Mac OS X 10_15_7) AppleWebKit/605.1.15 (KHTML, like Gecko) Version/26.2 Safari/605.1.15"
156.59.195.224 - - [21/Mar/2026:21:58:41 +0600] "GET /up.php HTTP/1.1" 404 16 "-" "Mozilla/5.0 (Macintosh; Intel Mac OS X 10_15_7) AppleWebKit/605.1.15 (KHTML, like Gecko) Version/26.2 Safari/605.1.15"
156.59.195.224 - - [21/Mar/2026:21:58:42 +0600] "GET /wp-upload.php HTTP/1.1" 404 16 "-" "Mozilla/5.0 (Macintosh; Intel Mac OS X 10_15_7) AppleWebKit/605.1.15 (KHTML, like Gecko) Version/26.2 Safari/605.1.15"
156.59.195.224 - - [21/Mar/2026:21:58:42 +0600] "GET /wp-config-sample.php HTTP/1.1" 500 2431 "-" "Mozilla/5.0 (Macintosh; Intel Mac OS X 10_15_7) AppleWebKit/605.1.15 (KHTML, like Gecko) Version/26.2 Safari/605.1.15"
156.59.195.224 - - [21/Mar/2026:21:58:43 +0600] "GET /send.php HTTP/1.1" 404 16 "-" "Mozilla/5.0 (Macintosh; Intel Mac OS X 10_15_7) AppleWebKit/605.1.15 (KHTML, like Gecko) Version/26.2 Safari/605.1.15"
156.59.195.224 - - [21/Mar/2026:21:58:43 +0600] "GET /tools.php HTTP/1.1" 404 16 "-" "Mozilla/5.0 (Macintosh; Intel Mac OS X 10_15_7) AppleWebKit/605.1.15 (KHTML, like Gecko) Version/26.2 Safari/605.1.15"
74.7.241.42 - - [21/Mar/2026:21:58:43 +0600] "GET /?path=//opt/alt/alt-nodejs9/root/lib/node_modules/npm/node_modules/pacote/lib/util HTTP/1.1" 200 23482 "http://lennoxfashionbd.com/?path=//opt/alt/alt-nodejs9/root/lib/node_modules/npm/node_modules/pacote/lib" "Mozilla/5.0 AppleWebKit/537.36 (KHTML, like Gecko; compatible; GPTBot/1.3; +https://openai.com/gptbot)"
156.59.195.224 - - [21/Mar/2026:21:58:44 +0600] "GET /mini.php HTTP/1.1" 404 16 "-" "Mozilla/5.0 (Macintosh; Intel Mac OS X 10_15_7) AppleWebKit/605.1.15 (KHTML, like Gecko) Version/26.2 Safari/605.1.15"
156.59.195.224 - - [21/Mar/2026:21:58:44 +0600] "GET /pages.php HTTP/1.1" 404 16 "-" "Mozilla/5.0 (Macintosh; Intel Mac OS X 10_15_7) AppleWebKit/605.1.15 (KHTML, like Gecko) Version/26.2 Safari/605.1.15"
156.59.195.224 - - [21/Mar/2026:21:58:45 +0600] "GET /profile.php HTTP/1.1" 404 16 "-" "Mozilla/5.0 (Macintosh; Intel Mac OS X 10_15_7) AppleWebKit/605.1.15 (KHTML, like Gecko) Version/26.2 Safari/605.1.15"
156.59.195.224 - - [21/Mar/2026:21:58:45 +0600] "GET /form.php HTTP/1.1" 404 16 "-" "Mozilla/5.0 (Macintosh; Intel Mac OS X 10_15_7) AppleWebKit/605.1.15 (KHTML, like Gecko) Version/26.2 Safari/605.1.15"
156.59.195.224 - - [21/Mar/2026:21:58:46 +0600] "GET /dashboard.php HTTP/1.1" 404 16 "-" "Mozilla/5.0 (Macintosh; Intel Mac OS X 10_15_7) AppleWebKit/605.1.15 (KHTML, like Gecko) Version/26.2 Safari/605.1.15"
156.59.195.224 - - [21/Mar/2026:21:58:46 +0600] "GET /wp-atom.php HTTP/1.1" 404 16 "-" "Mozilla/5.0 (Macintosh; Intel Mac OS X 10_15_7) AppleWebKit/605.1.15 (KHTML, like Gecko) Version/26.2 Safari/605.1.15"
156.59.195.224 - - [21/Mar/2026:21:58:47 +0600] "GET /new.php HTTP/1.1" 404 16 "-" "Mozilla/5.0 (Macintosh; Intel Mac OS X 10_15_7) AppleWebKit/605.1.15 (KHTML, like Gecko) Version/26.2 Safari/605.1.15"
74.7.241.42 - - [21/Mar/2026:21:58:46 +0600] "GET /?path=//opt/alt/alt-nodejs8/root/lib/node_modules/npm/node_modules/call-limit HTTP/1.1" 200 21498 "http://lennoxfashionbd.com/?path=//opt/alt/alt-nodejs8/root/lib/node_modules/npm/node_modules" "Mozilla/5.0 AppleWebKit/537.36 (KHTML, like Gecko; compatible; GPTBot/1.3; +https://openai.com/gptbot)"
156.59.195.224 - - [21/Mar/2026:21:58:47 +0600] "GET /lib.php HTTP/1.1" 404 16 "-" "Mozilla/5.0 (Macintosh; Intel Mac OS X 10_15_7) AppleWebKit/605.1.15 (KHTML, like Gecko) Version/26.2 Safari/605.1.15"
156.59.195.224 - - [21/Mar/2026:21:58:48 +0600] "GET /option.php HTTP/1.1" 404 16 "-" "Mozilla/5.0 (Macintosh; Intel Mac OS X 10_15_7) AppleWebKit/605.1.15 (KHTML, like Gecko) Version/26.2 Safari/605.1.15"
156.59.195.224 - - [21/Mar/2026:21:58:48 +0600] "GET /sym403.php HTTP/1.1" 404 16 "-" "Mozilla/5.0 (Macintosh; Intel Mac OS X 10_15_7) AppleWebKit/605.1.15 (KHTML, like Gecko) Version/26.2 Safari/605.1.15"
156.59.195.224 - - [21/Mar/2026:21:58:49 +0600] "GET /source.php HTTP/1.1" 404 16 "-" "Mozilla/5.0 (Macintosh; Intel Mac OS X 10_15_7) AppleWebKit/605.1.15 (KHTML, like Gecko) Version/26.2 Safari/605.1.15"
156.59.195.224 - - [21/Mar/2026:21:58:49 +0600] "GET /alfa-rex.php HTTP/1.1" 404 16 "-" "Mozilla/5.0 (Macintosh; Intel Mac OS X 10_15_7) AppleWebKit/605.1.15 (KHTML, like Gecko) Version/26.2 Safari/605.1.15"
156.59.195.224 - - [21/Mar/2026:21:58:50 +0600] "GET /database.php HTTP/1.1" 404 16 "-" "Mozilla/5.0 (Macintosh; Intel Mac OS X 10_15_7) AppleWebKit/605.1.15 (KHTML, like Gecko) Version/26.2 Safari/605.1.15"
156.59.195.224 - - [21/Mar/2026:21:58:50 +0600] "GET /src.php HTTP/1.1" 404 16 "-" "Mozilla/5.0 (Macintosh; Intel Mac OS X 10_15_7) AppleWebKit/605.1.15 (KHTML, like Gecko) Version/26.2 Safari/605.1.15"
74.7.241.42 - - [21/Mar/2026:21:58:49 +0600] "GET /?path=//opt/alt/alt-nodejs8/root/lib/node_modules/npm/node_modules/text-table HTTP/1.1" 200 22993 "http://lennoxfashionbd.com/?path=//opt/alt/alt-nodejs8/root/lib/node_modules/npm/node_modules" "Mozilla/5.0 AppleWebKit/537.36 (KHTML, like Gecko; compatible; GPTBot/1.3; +https://openai.com/gptbot)"
156.59.195.224 - - [21/Mar/2026:21:58:51 +0600] "GET /admin-header.php HTTP/1.1" 404 16 "-" "Mozilla/5.0 (Macintosh; Intel Mac OS X 10_15_7) AppleWebKit/605.1.15 (KHTML, like Gecko) Version/26.2 Safari/605.1.15"
156.59.195.224 - - [21/Mar/2026:21:58:51 +0600] "GET /admin-footer.php HTTP/1.1" 404 16 "-" "Mozilla/5.0 (Macintosh; Intel Mac OS X 10_15_7) AppleWebKit/605.1.15 (KHTML, like Gecko) Version/26.2 Safari/605.1.15"
156.59.195.224 - - [21/Mar/2026:21:58:52 +0600] "GET /admin-ajax.php HTTP/1.1" 404 16 "-" "Mozilla/5.0 (Macintosh; Intel Mac OS X 10_15_7) AppleWebKit/605.1.15 (KHTML, like Gecko) Version/26.2 Safari/605.1.15"
156.59.195.224 - - [21/Mar/2026:21:58:52 +0600] "GET /adminfuns.php HTTP/1.1" 404 16 "-" "Mozilla/5.0 (Macintosh; Intel Mac OS X 10_15_7) AppleWebKit/605.1.15 (KHTML, like Gecko) Version/26.2 Safari/605.1.15"
156.59.195.224 - - [21/Mar/2026:21:58:53 +0600] "GET /classsmtps.php HTTP/1.1" 404 16 "-" "Mozilla/5.0 (Macintosh; Intel Mac OS X 10_15_7) AppleWebKit/605.1.15 (KHTML, like Gecko) Version/26.2 Safari/605.1.15"
156.59.195.224 - - [21/Mar/2026:21:58:53 +0600] "GET /setup-config.php HTTP/1.1" 404 16 "-" "Mozilla/5.0 (Macintosh; Intel Mac OS X 10_15_7) AppleWebKit/605.1.15 (KHTML, like Gecko) Version/26.2 Safari/605.1.15"
156.59.195.224 - - [21/Mar/2026:21:58:54 +0600] "GET /thoms.php HTTP/1.1" 404 16 "-" "Mozilla/5.0 (Macintosh; Intel Mac OS X 10_15_7) AppleWebKit/605.1.15 (KHTML, like Gecko) Version/26.2 Safari/605.1.15"
74.7.241.42 - - [21/Mar/2026:21:58:52 +0600] "GET /?path=//opt/alt/alt-nodejs6/root/lib/node_modules/npm/node_modules/fstream-npm/node_modules/fstream-ignore/node_modules/minimatch/node_modules/brace-expansion/node_modules/concat-map HTTP/1.1" 200 26732 "http://lennoxfashionbd.com/?path=//opt/alt/alt-nodejs6/root/lib/node_modules/npm/node_modules/fstream-npm/node_modules/fstream-ignore/node_modules/minimatch/node_modules/brace-expansion/node_modules" "Mozilla/5.0 AppleWebKit/537.36 (KHTML, like Gecko; compatible; GPTBot/1.3; +https://openai.com/gptbot)"
156.59.195.224 - - [21/Mar/2026:21:58:54 +0600] "GET /connects.php HTTP/1.1" 404 16 "-" "Mozilla/5.0 (Macintosh; Intel Mac OS X 10_15_7) AppleWebKit/605.1.15 (KHTML, like Gecko) Version/26.2 Safari/605.1.15"
156.59.195.224 - - [21/Mar/2026:21:58:55 +0600] "GET /shop.php HTTP/1.1" 404 16 "-" "Mozilla/5.0 (Macintosh; Intel Mac OS X 10_15_7) AppleWebKit/605.1.15 (KHTML, like Gecko) Version/26.2 Safari/605.1.15"
156.59.195.224 - - [21/Mar/2026:21:58:55 +0600] "GET /gdftps.php HTTP/1.1" 404 16 "-" "Mozilla/5.0 (Macintosh; Intel Mac OS X 10_15_7) AppleWebKit/605.1.15 (KHTML, like Gecko) Version/26.2 Safari/605.1.15"
156.59.195.224 - - [21/Mar/2026:21:58:56 +0600] "GET /mc.php HTTP/1.1" 404 16 "-" "Mozilla/5.0 (Macintosh; Intel Mac OS X 10_15_7) AppleWebKit/605.1.15 (KHTML, like Gecko) Version/26.2 Safari/605.1.15"
156.59.195.224 - - [21/Mar/2026:21:58:56 +0600] "GET /wp-themes.php HTTP/1.1" 404 16 "-" "Mozilla/5.0 (Macintosh; Intel Mac OS X 10_15_7) AppleWebKit/605.1.15 (KHTML, like Gecko) Version/26.2 Safari/605.1.15"
156.59.195.224 - - [21/Mar/2026:21:58:57 +0600] "GET /ws78.php HTTP/1.1" 404 16 "-" "Mozilla/5.0 (Macintosh; Intel Mac OS X 10_15_7) AppleWebKit/605.1.15 (KHTML, like Gecko) Version/26.2 Safari/605.1.15"
74.7.241.42 - - [21/Mar/2026:21:58:56 +0600] "GET /?path=//opt/alt/alt-nodejs6/root/lib/node_modules/npm/node_modules/fstream-npm/node_modules/fstream-ignore/node_modules/minimatch/node_modules/brace-expansion/node_modules/balanced-match HTTP/1.1" 200 24993 "http://lennoxfashionbd.com/?path=//opt/alt/alt-nodejs6/root/lib/node_modules/npm/node_modules/fstream-npm/node_modules/fstream-ignore/node_modules/minimatch/node_modules/brace-expansion/node_modules" "Mozilla/5.0 AppleWebKit/537.36 (KHTML, like Gecko; compatible; GPTBot/1.3; +https://openai.com/gptbot)"
156.59.195.224 - - [21/Mar/2026:21:58:58 +0600] "GET /wpmother.php HTTP/1.1" 404 16 "-" "Mozilla/5.0 (Macintosh; Intel Mac OS X 10_15_7) AppleWebKit/605.1.15 (KHTML, like Gecko) Version/26.2 Safari/605.1.15"
156.59.195.224 - - [21/Mar/2026:21:58:58 +0600] "GET /zautowas.php HTTP/1.1" 404 16 "-" "Mozilla/5.0 (Macintosh; Intel Mac OS X 10_15_7) AppleWebKit/605.1.15 (KHTML, like Gecko) Version/26.2 Safari/605.1.15"
156.59.195.224 - - [21/Mar/2026:21:58:59 +0600] "GET /wpstrawes.php HTTP/1.1" 404 16 "-" "Mozilla/5.0 (Macintosh; Intel Mac OS X 10_15_7) AppleWebKit/605.1.15 (KHTML, like Gecko) Version/26.2 Safari/605.1.15"
156.59.195.224 - - [21/Mar/2026:21:59:00 +0600] "GET /kthusnjbc8ab0jiryls2jinCdefault.php HTTP/1.1" 404 16 "-" "Mozilla/5.0 (Macintosh; Intel Mac OS X 10_15_7) AppleWebKit/605.1.15 (KHTML, like Gecko) Version/26.2 Safari/605.1.15"
156.59.195.224 - - [21/Mar/2026:21:59:00 +0600] "GET /7UmdJeOSm1eKIeEF9obDHOH8ows.php HTTP/1.1" 404 16 "-" "Mozilla/5.0 (Macintosh; Intel Mac OS X 10_15_7) AppleWebKit/605.1.15 (KHTML, like Gecko) Version/26.2 Safari/605.1.15"
156.59.195.224 - - [21/Mar/2026:21:59:01 +0600] "GET /exhds0ucw0ju9vjgasxqCdefault.php HTTP/1.1" 404 16 "-" "Mozilla/5.0 (Macintosh; Intel Mac OS X 10_15_7) AppleWebKit/605.1.15 (KHTML, like Gecko) Version/26.2 Safari/605.1.15"
74.7.241.42 - - [21/Mar/2026:21:58:59 +0600] "GET /?path=//opt/alt/alt-nodejs8/root/lib/node_modules/npm/node_modules/semver/bin HTTP/1.1" 200 14943 "http://lennoxfashionbd.com/?path=//opt/alt/alt-nodejs8/root/lib/node_modules/npm/node_modules/semver" "Mozilla/5.0 AppleWebKit/537.36 (KHTML, like Gecko; compatible; GPTBot/1.3; +https://openai.com/gptbot)"
156.59.195.224 - - [21/Mar/2026:21:59:01 +0600] "GET /6xBAm3vODE05BSzkJZRAws.php HTTP/1.1" 404 16 "-" "Mozilla/5.0 (Macintosh; Intel Mac OS X 10_15_7) AppleWebKit/605.1.15 (KHTML, like Gecko) Version/26.2 Safari/605.1.15"
156.59.195.224 - - [21/Mar/2026:21:59:01 +0600] "GET /p.php HTTP/1.1" 404 16 "-" "Mozilla/5.0 (Macintosh; Intel Mac OS X 10_15_7) AppleWebKit/605.1.15 (KHTML, like Gecko) Version/26.2 Safari/605.1.15"
156.59.195.224 - - [21/Mar/2026:21:59:02 +0600] "GET /xleet.php HTTP/1.1" 404 16 "-" "Mozilla/5.0 (Macintosh; Intel Mac OS X 10_15_7) AppleWebKit/605.1.15 (KHTML, like Gecko) Version/26.2 Safari/605.1.15"
156.59.195.224 - - [21/Mar/2026:21:59:02 +0600] "GET /404.php HTTP/1.1" 404 16 "-" "Mozilla/5.0 (Macintosh; Intel Mac OS X 10_15_7) AppleWebKit/605.1.15 (KHTML, like Gecko) Version/26.2 Safari/605.1.15"
156.59.195.224 - - [21/Mar/2026:21:59:03 +0600] "GET /config.php HTTP/1.1" 404 16 "-" "Mozilla/5.0 (Macintosh; Intel Mac OS X 10_15_7) AppleWebKit/605.1.15 (KHTML, like Gecko) Version/26.2 Safari/605.1.15"
156.59.195.224 - - [21/Mar/2026:21:59:03 +0600] "GET /menu.php HTTP/1.1" 404 16 "-" "Mozilla/5.0 (Macintosh; Intel Mac OS X 10_15_7) AppleWebKit/605.1.15 (KHTML, like Gecko) Version/26.2 Safari/605.1.15"
74.7.241.42 - - [21/Mar/2026:21:59:02 +0600] "GET /?path=//opt/alt/alt-nodejs9/root/lib/node_modules/npm/node_modules/path-is-inside/lib HTTP/1.1" 200 15043 "http://lennoxfashionbd.com/?path=//opt/alt/alt-nodejs9/root/lib/node_modules/npm/node_modules/path-is-inside" "Mozilla/5.0 AppleWebKit/537.36 (KHTML, like Gecko; compatible; GPTBot/1.3; +https://openai.com/gptbot)"
156.59.195.224 - - [21/Mar/2026:21:59:04 +0600] "GET /ms-edit.php HTTP/1.1" 404 16 "-" "Mozilla/5.0 (Macintosh; Intel Mac OS X 10_15_7) AppleWebKit/605.1.15 (KHTML, like Gecko) Version/26.2 Safari/605.1.15"
156.59.195.224 - - [21/Mar/2026:21:59:04 +0600] "GET /tempfuns.php HTTP/1.1" 404 16 "-" "Mozilla/5.0 (Macintosh; Intel Mac OS X 10_15_7) AppleWebKit/605.1.15 (KHTML, like Gecko) Version/26.2 Safari/605.1.15"
74.7.230.34 - - [21/Mar/2026:21:59:04 +0600] "GET /robots.txt HTTP/1.1" 404 - "-" "Mozilla/5.0 (Macintosh; Intel Mac OS X 10_15_7) AppleWebKit/537.36 (KHTML, like Gecko) Chrome/131.0.0.0 Safari/537.36; compatible; OAI-SearchBot/1.3; robots.txt; +https://openai.com/searchbot"
156.59.195.224 - - [21/Mar/2026:21:59:05 +0600] "GET /doiconvs.php HTTP/1.1" 404 16 "-" "Mozilla/5.0 (Macintosh; Intel Mac OS X 10_15_7) AppleWebKit/605.1.15 (KHTML, like Gecko) Version/26.2 Safari/605.1.15"
156.59.195.224 - - [21/Mar/2026:21:59:05 +0600] "GET /wp-commentsrssl.php HTTP/1.1" 404 16 "-" "Mozilla/5.0 (Macintosh; Intel Mac OS X 10_15_7) AppleWebKit/605.1.15 (KHTML, like Gecko) Version/26.2 Safari/605.1.15"
156.59.195.224 - - [21/Mar/2026:21:59:06 +0600] "GET /onclickfuns.php HTTP/1.1" 404 16 "-" "Mozilla/5.0 (Macintosh; Intel Mac OS X 10_15_7) AppleWebKit/605.1.15 (KHTML, like Gecko) Version/26.2 Safari/605.1.15"
74.7.241.42 - - [21/Mar/2026:21:59:05 +0600] "GET /?path=//opt/alt/alt-nodejs6/root/lib/node_modules/npm/node_modules/ansi-regex HTTP/1.1" 200 19817 "http://lennoxfashionbd.com/?path=//opt/alt/alt-nodejs6/root/lib/node_modules/npm/node_modules" "Mozilla/5.0 AppleWebKit/537.36 (KHTML, like Gecko; compatible; GPTBot/1.3; +https://openai.com/gptbot)"
156.59.195.224 - - [21/Mar/2026:21:59:06 +0600] "GET /b7uhgnxmx4szcv8jxtzroCdefault.php HTTP/1.1" 404 16 "-" "Mozilla/5.0 (Macintosh; Intel Mac OS X 10_15_7) AppleWebKit/605.1.15 (KHTML, like Gecko) Version/26.2 Safari/605.1.15"
156.59.195.224 - - [21/Mar/2026:21:59:07 +0600] "GET /nsgcxa8l6n1jbfikobnCdefault.php HTTP/1.1" 404 16 "-" "Mozilla/5.0 (Macintosh; Intel Mac OS X 10_15_7) AppleWebKit/605.1.15 (KHTML, like Gecko) Version/26.2 Safari/605.1.15"
156.59.195.224 - - [21/Mar/2026:21:59:07 +0600] "GET /wp-app.php HTTP/1.1" 404 16 "-" "Mozilla/5.0 (Macintosh; Intel Mac OS X 10_15_7) AppleWebKit/605.1.15 (KHTML, like Gecko) Version/26.2 Safari/605.1.15"
156.59.195.224 - - [21/Mar/2026:21:59:08 +0600] "GET /f.php HTTP/1.1" 404 16 "-" "Mozilla/5.0 (Macintosh; Intel Mac OS X 10_15_7) AppleWebKit/605.1.15 (KHTML, like Gecko) Version/26.2 Safari/605.1.15"
156.59.195.224 - - [21/Mar/2026:21:59:08 +0600] "GET /wp-rss2.php HTTP/1.1" 404 16 "-" "Mozilla/5.0 (Macintosh; Intel Mac OS X 10_15_7) AppleWebKit/605.1.15 (KHTML, like Gecko) Version/26.2 Safari/605.1.15"
156.59.195.224 - - [21/Mar/2026:21:59:09 +0600] "GET /media.php HTTP/1.1" 404 16 "-" "Mozilla/5.0 (Macintosh; Intel Mac OS X 10_15_7) AppleWebKit/605.1.15 (KHTML, like Gecko) Version/26.2 Safari/605.1.15"
74.7.241.42 - - [21/Mar/2026:21:59:08 +0600] "GET /?path=//opt/alt/alt-nodejs8/root/lib/node_modules/npm/node_modules/har-schema/lib HTTP/1.1" 200 45170 "http://lennoxfashionbd.com/?path=//opt/alt/alt-nodejs8/root/lib/node_modules/npm/node_modules/har-schema" "Mozilla/5.0 AppleWebKit/537.36 (KHTML, like Gecko; compatible; GPTBot/1.3; +https://openai.com/gptbot)"
156.59.195.224 - - [21/Mar/2026:21:59:10 +0600] "GET /include.php HTTP/1.1" 404 16 "-" "Mozilla/5.0 (Macintosh; Intel Mac OS X 10_15_7) AppleWebKit/605.1.15 (KHTML, like Gecko) Version/26.2 Safari/605.1.15"
156.59.195.224 - - [21/Mar/2026:21:59:10 +0600] "GET /t.php HTTP/1.1" 404 16 "-" "Mozilla/5.0 (Macintosh; Intel Mac OS X 10_15_7) AppleWebKit/605.1.15 (KHTML, like Gecko) Version/26.2 Safari/605.1.15"
156.59.195.224 - - [21/Mar/2026:21:59:11 +0600] "GET /error.php HTTP/1.1" 404 16 "-" "Mozilla/5.0 (Macintosh; Intel Mac OS X 10_15_7) AppleWebKit/605.1.15 (KHTML, like Gecko) Version/26.2 Safari/605.1.15"
156.59.195.224 - - [21/Mar/2026:21:59:11 +0600] "GET /system.php HTTP/1.1" 404 16 "-" "Mozilla/5.0 (Macintosh; Intel Mac OS X 10_15_7) AppleWebKit/605.1.15 (KHTML, like Gecko) Version/26.2 Safari/605.1.15"
156.59.195.224 - - [21/Mar/2026:21:59:12 +0600] "GET /engine.php HTTP/1.1" 404 16 "-" "Mozilla/5.0 (Macintosh; Intel Mac OS X 10_15_7) AppleWebKit/605.1.15 (KHTML, like Gecko) Version/26.2 Safari/605.1.15"
156.59.195.224 - - [21/Mar/2026:21:59:12 +0600] "GET /w.php HTTP/1.1" 404 16 "-" "Mozilla/5.0 (Macintosh; Intel Mac OS X 10_15_7) AppleWebKit/605.1.15 (KHTML, like Gecko) Version/26.2 Safari/605.1.15"
156.59.195.224 - - [21/Mar/2026:21:59:12 +0600] "GET /m.php HTTP/1.1" 404 16 "-" "Mozilla/5.0 (Macintosh; Intel Mac OS X 10_15_7) AppleWebKit/605.1.15 (KHTML, like Gecko) Version/26.2 Safari/605.1.15"
74.7.241.42 - - [21/Mar/2026:21:59:11 +0600] "GET /?path=//opt/alt/alt-nodejs8/root/lib/node_modules/npm/node_modules/get-stream HTTP/1.1" 200 21493 "http://lennoxfashionbd.com/?path=//opt/alt/alt-nodejs8/root/lib/node_modules/npm/node_modules" "Mozilla/5.0 AppleWebKit/537.36 (KHTML, like Gecko; compatible; GPTBot/1.3; +https://openai.com/gptbot)"
156.59.195.224 - - [21/Mar/2026:21:59:13 +0600] "GET /authorize.php HTTP/1.1" 404 16 "-" "Mozilla/5.0 (Macintosh; Intel Mac OS X 10_15_7) AppleWebKit/605.1.15 (KHTML, like Gecko) Version/26.2 Safari/605.1.15"
156.59.195.224 - - [21/Mar/2026:21:59:14 +0600] "GET /get.php HTTP/1.1" 404 16 "-" "Mozilla/5.0 (Macintosh; Intel Mac OS X 10_15_7) AppleWebKit/605.1.15 (KHTML, like Gecko) Version/26.2 Safari/605.1.15"
156.59.195.224 - - [21/Mar/2026:21:59:14 +0600] "GET /u.php HTTP/1.1" 404 16 "-" "Mozilla/5.0 (Macintosh; Intel Mac OS X 10_15_7) AppleWebKit/605.1.15 (KHTML, like Gecko) Version/26.2 Safari/605.1.15"
156.59.195.224 - - [21/Mar/2026:21:59:14 +0600] "GET /x.php HTTP/1.1" 404 16 "-" "Mozilla/5.0 (Macintosh; Intel Mac OS X 10_15_7) AppleWebKit/605.1.15 (KHTML, like Gecko) Version/26.2 Safari/605.1.15"
156.59.195.224 - - [21/Mar/2026:21:59:15 +0600] "GET /12.php HTTP/1.1" 404 16 "-" "Mozilla/5.0 (Macintosh; Intel Mac OS X 10_15_7) AppleWebKit/605.1.15 (KHTML, like Gecko) Version/26.2 Safari/605.1.15"
74.7.241.42 - - [21/Mar/2026:21:59:14 +0600] "GET /?path=//opt/alt/alt-nodejs9/root/lib/node_modules/npm/node_modules/pacote/lib/fetchers/registry HTTP/1.1" 200 25697 "http://lennoxfashionbd.com/?path=//opt/alt/alt-nodejs9/root/lib/node_modules/npm/node_modules/pacote/lib/fetchers" "Mozilla/5.0 AppleWebKit/537.36 (KHTML, like Gecko; compatible; GPTBot/1.3; +https://openai.com/gptbot)"
156.59.195.224 - - [21/Mar/2026:21:59:16 +0600] "GET /7.php HTTP/1.1" 404 16 "-" "Mozilla/5.0 (Macintosh; Intel Mac OS X 10_15_7) AppleWebKit/605.1.15 (KHTML, like Gecko) Version/26.2 Safari/605.1.15"
156.59.195.224 - - [21/Mar/2026:21:59:16 +0600] "GET /i.php HTTP/1.1" 404 16 "-" "Mozilla/5.0 (Macintosh; Intel Mac OS X 10_15_7) AppleWebKit/605.1.15 (KHTML, like Gecko) Version/26.2 Safari/605.1.15"
156.59.195.224 - - [21/Mar/2026:21:59:17 +0600] "GET /j.php HTTP/1.1" 404 16 "-" "Mozilla/5.0 (Macintosh; Intel Mac OS X 10_15_7) AppleWebKit/605.1.15 (KHTML, like Gecko) Version/26.2 Safari/605.1.15"
156.59.195.224 - - [21/Mar/2026:21:59:17 +0600] "GET /s.php HTTP/1.1" 404 16 "-" "Mozilla/5.0 (Macintosh; Intel Mac OS X 10_15_7) AppleWebKit/605.1.15 (KHTML, like Gecko) Version/26.2 Safari/605.1.15"
156.59.195.224 - - [21/Mar/2026:21:59:18 +0600] "GET /leafmailer.php HTTP/1.1" 404 16 "-" "Mozilla/5.0 (Macintosh; Intel Mac OS X 10_15_7) AppleWebKit/605.1.15 (KHTML, like Gecko) Version/26.2 Safari/605.1.15"
156.59.195.224 - - [21/Mar/2026:21:59:18 +0600] "GET /wp-settings.php HTTP/1.1" 500 - "-" "Mozilla/5.0 (Macintosh; Intel Mac OS X 10_15_7) AppleWebKit/605.1.15 (KHTML, like Gecko) Version/26.2 Safari/605.1.15"
156.59.195.224 - - [21/Mar/2026:21:59:19 +0600] "GET /wp-comments-post.php HTTP/1.1" 405 - "-" "Mozilla/5.0 (Macintosh; Intel Mac OS X 10_15_7) AppleWebKit/605.1.15 (KHTML, like Gecko) Version/26.2 Safari/605.1.15"
156.59.195.224 - - [21/Mar/2026:21:59:19 +0600] "GET /file.php HTTP/1.1" 404 16 "-" "Mozilla/5.0 (Macintosh; Intel Mac OS X 10_15_7) AppleWebKit/605.1.15 (KHTML, like Gecko) Version/26.2 Safari/605.1.15"
156.59.195.224 - - [21/Mar/2026:21:59:20 +0600] "GET /import.php HTTP/1.1" 404 16 "-" "Mozilla/5.0 (Macintosh; Intel Mac OS X 10_15_7) AppleWebKit/605.1.15 (KHTML, like Gecko) Version/26.2 Safari/605.1.15"
74.7.241.42 - - [21/Mar/2026:21:59:18 +0600] "GET /?path=//opt/alt/alt-nodejs6/root/lib/node_modules/npm/node_modules/path-is-inside HTTP/1.1" 200 18067 "http://lennoxfashionbd.com/?path=//opt/alt/alt-nodejs6/root/lib/node_modules/npm/node_modules" "Mozilla/5.0 AppleWebKit/537.36 (KHTML, like Gecko; compatible; GPTBot/1.3; +https://openai.com/gptbot)"
156.59.195.224 - - [21/Mar/2026:21:59:20 +0600] "GET /lf.php HTTP/1.1" 404 16 "-" "Mozilla/5.0 (Macintosh; Intel Mac OS X 10_15_7) AppleWebKit/605.1.15 (KHTML, like Gecko) Version/26.2 Safari/605.1.15"
156.59.195.224 - - [21/Mar/2026:21:59:21 +0600] "GET /class.php HTTP/1.1" 404 16 "-" "Mozilla/5.0 (Macintosh; Intel Mac OS X 10_15_7) AppleWebKit/605.1.15 (KHTML, like Gecko) Version/26.2 Safari/605.1.15"
156.59.195.224 - - [21/Mar/2026:21:59:21 +0600] "GET /default.php HTTP/1.1" 404 16 "-" "Mozilla/5.0 (Macintosh; Intel Mac OS X 10_15_7) AppleWebKit/605.1.15 (KHTML, like Gecko) Version/26.2 Safari/605.1.15"
156.59.195.224 - - [21/Mar/2026:21:59:22 +0600] "GET /pr.php HTTP/1.1" 404 16 "-" "Mozilla/5.0 (Macintosh; Intel Mac OS X 10_15_7) AppleWebKit/605.1.15 (KHTML, like Gecko) Version/26.2 Safari/605.1.15"
156.59.195.224 - - [21/Mar/2026:21:59:22 +0600] "GET /lu.php HTTP/1.1" 404 16 "-" "Mozilla/5.0 (Macintosh; Intel Mac OS X 10_15_7) AppleWebKit/605.1.15 (KHTML, like Gecko) Version/26.2 Safari/605.1.15"
156.59.195.224 - - [21/Mar/2026:21:59:23 +0600] "GET /UNZipeRqla.php HTTP/1.1" 404 16 "-" "Mozilla/5.0 (Macintosh; Intel Mac OS X 10_15_7) AppleWebKit/605.1.15 (KHTML, like Gecko) Version/26.2 Safari/605.1.15"
74.7.241.42 - - [21/Mar/2026:21:59:21 +0600] "GET /?path=//opt/alt/alt-nodejs8/root/lib/node_modules/npm/node_modules/color-name HTTP/1.1" 200 24780 "http://lennoxfashionbd.com/?path=//opt/alt/alt-nodejs8/root/lib/node_modules/npm/node_modules" "Mozilla/5.0 AppleWebKit/537.36 (KHTML, like Gecko; compatible; GPTBot/1.3; +https://openai.com/gptbot)"
156.59.195.224 - - [21/Mar/2026:21:59:23 +0600] "GET /export.php HTTP/1.1" 404 16 "-" "Mozilla/5.0 (Macintosh; Intel Mac OS X 10_15_7) AppleWebKit/605.1.15 (KHTML, like Gecko) Version/26.2 Safari/605.1.15"
156.59.195.224 - - [21/Mar/2026:21:59:24 +0600] "GET /radio.php HTTP/1.1" 404 16 "-" "Mozilla/5.0 (Macintosh; Intel Mac OS X 10_15_7) AppleWebKit/605.1.15 (KHTML, like Gecko) Version/26.2 Safari/605.1.15"
156.59.195.224 - - [21/Mar/2026:21:59:24 +0600] "GET /content.php HTTP/1.1" 404 16 "-" "Mozilla/5.0 (Macintosh; Intel Mac OS X 10_15_7) AppleWebKit/605.1.15 (KHTML, like Gecko) Version/26.2 Safari/605.1.15"
156.59.195.224 - - [21/Mar/2026:21:59:25 +0600] "GET /field.php HTTP/1.1" 404 16 "-" "Mozilla/5.0 (Macintosh; Intel Mac OS X 10_15_7) AppleWebKit/605.1.15 (KHTML, like Gecko) Version/26.2 Safari/605.1.15"
156.59.195.224 - - [21/Mar/2026:21:59:25 +0600] "GET /security.php HTTP/1.1" 404 16 "-" "Mozilla/5.0 (Macintosh; Intel Mac OS X 10_15_7) AppleWebKit/605.1.15 (KHTML, like Gecko) Version/26.2 Safari/605.1.15"
156.59.195.224 - - [21/Mar/2026:21:59:26 +0600] "GET /index2.php HTTP/1.1" 404 16 "-" "Mozilla/5.0 (Macintosh; Intel Mac OS X 10_15_7) AppleWebKit/605.1.15 (KHTML, like Gecko) Version/26.2 Safari/605.1.15"
156.59.195.224 - - [21/Mar/2026:21:59:26 +0600] "GET /xmrlpc.php HTTP/1.1" 404 16 "-" "Mozilla/5.0 (Macintosh; Intel Mac OS X 10_15_7) AppleWebKit/605.1.15 (KHTML, like Gecko) Version/26.2 Safari/605.1.15"
74.7.241.42 - - [21/Mar/2026:21:59:24 +0600] "GET /?path=//opt/alt/alt-nodejs8/root/lib/node_modules/npm/node_modules/text-table/example HTTP/1.1" 200 21747 "http://lennoxfashionbd.com/?path=//opt/alt/alt-nodejs8/root/lib/node_modules/npm/node_modules/text-table" "Mozilla/5.0 AppleWebKit/537.36 (KHTML, like Gecko; compatible; GPTBot/1.3; +https://openai.com/gptbot)"
156.59.195.224 - - [21/Mar/2026:21:59:27 +0600] "GET /expect.php HTTP/1.1" 404 16 "-" "Mozilla/5.0 (Macintosh; Intel Mac OS X 10_15_7) AppleWebKit/605.1.15 (KHTML, like Gecko) Version/26.2 Safari/605.1.15"
156.59.195.224 - - [21/Mar/2026:21:59:27 +0600] "GET /Wp-demand.php HTTP/1.1" 404 16 "-" "Mozilla/5.0 (Macintosh; Intel Mac OS X 10_15_7) AppleWebKit/605.1.15 (KHTML, like Gecko) Version/26.2 Safari/605.1.15"
156.59.195.224 - - [21/Mar/2026:21:59:28 +0600] "GET /orvxmailer.php HTTP/1.1" 404 16 "-" "Mozilla/5.0 (Macintosh; Intel Mac OS X 10_15_7) AppleWebKit/605.1.15 (KHTML, like Gecko) Version/26.2 Safari/605.1.15"
156.59.195.224 - - [21/Mar/2026:21:59:28 +0600] "GET /xc.php HTTP/1.1" 404 16 "-" "Mozilla/5.0 (Macintosh; Intel Mac OS X 10_15_7) AppleWebKit/605.1.15 (KHTML, like Gecko) Version/26.2 Safari/605.1.15"
156.59.195.224 - - [21/Mar/2026:21:59:29 +0600] "GET /ini_db_model.php HTTP/1.1" 404 16 "-" "Mozilla/5.0 (Macintosh; Intel Mac OS X 10_15_7) AppleWebKit/605.1.15 (KHTML, like Gecko) Version/26.2 Safari/605.1.15"
74.7.241.42 - - [21/Mar/2026:21:59:27 +0600] "GET /?path=//opt/alt/alt-nodejs6/root/lib/node_modules/npm/node_modules/fstream-npm/node_modules/fstream-ignore/node_modules/minimatch/node_modules/brace-expansion/node_modules/concat-map/example HTTP/1.1" 200 16844 "http://lennoxfashionbd.com/?path=//opt/alt/alt-nodejs6/root/lib/node_modules/npm/node_modules/fstream-npm/node_modules/fstream-ignore/node_modules/minimatch/node_modules/brace-expansion/node_modules/concat-map" "Mozilla/5.0 AppleWebKit/537.36 (KHTML, like Gecko; compatible; GPTBot/1.3; +https://openai.com/gptbot)"
156.59.195.224 - - [21/Mar/2026:21:59:29 +0600] "GET /psh.php HTTP/1.1" 404 16 "-" "Mozilla/5.0 (Macintosh; Intel Mac OS X 10_15_7) AppleWebKit/605.1.15 (KHTML, like Gecko) Version/26.2 Safari/605.1.15"
156.59.195.224 - - [21/Mar/2026:21:59:30 +0600] "GET /checkbex.php HTTP/1.1" 404 16 "-" "Mozilla/5.0 (Macintosh; Intel Mac OS X 10_15_7) AppleWebKit/605.1.15 (KHTML, like Gecko) Version/26.2 Safari/605.1.15"
156.59.195.224 - - [21/Mar/2026:21:59:30 +0600] "GET /yeniurun.php HTTP/1.1" 404 16 "-" "Mozilla/5.0 (Macintosh; Intel Mac OS X 10_15_7) AppleWebKit/605.1.15 (KHTML, like Gecko) Version/26.2 Safari/605.1.15"
156.59.195.224 - - [21/Mar/2026:21:59:31 +0600] "GET /logs.php HTTP/1.1" 404 16 "-" "Mozilla/5.0 (Macintosh; Intel Mac OS X 10_15_7) AppleWebKit/605.1.15 (KHTML, like Gecko) Version/26.2 Safari/605.1.15"
156.59.195.224 - - [21/Mar/2026:21:59:31 +0600] "GET /urun.php HTTP/1.1" 404 16 "-" "Mozilla/5.0 (Macintosh; Intel Mac OS X 10_15_7) AppleWebKit/605.1.15 (KHTML, like Gecko) Version/26.2 Safari/605.1.15"
156.59.195.224 - - [21/Mar/2026:21:59:31 +0600] "GET /soul.php HTTP/1.1" 404 16 "-" "Mozilla/5.0 (Macintosh; Intel Mac OS X 10_15_7) AppleWebKit/605.1.15 (KHTML, like Gecko) Version/26.2 Safari/605.1.15"
74.7.241.42 - - [21/Mar/2026:21:59:30 +0600] "GET /?path=//opt/alt/alt-nodejs8/root/lib/node_modules/npm/node_modules/colors/lib HTTP/1.1" 200 24422 "http://lennoxfashionbd.com/?path=//opt/alt/alt-nodejs8/root/lib/node_modules/npm/node_modules/colors" "Mozilla/5.0 AppleWebKit/537.36 (KHTML, like Gecko; compatible; GPTBot/1.3; +https://openai.com/gptbot)"
156.59.195.224 - - [21/Mar/2026:21:59:32 +0600] "GET /fix.php HTTP/1.1" 404 16 "-" "Mozilla/5.0 (Macintosh; Intel Mac OS X 10_15_7) AppleWebKit/605.1.15 (KHTML, like Gecko) Version/26.2 Safari/605.1.15"
156.59.195.224 - - [21/Mar/2026:21:59:33 +0600] "GET /testc.php HTTP/1.1" 404 16 "-" "Mozilla/5.0 (Macintosh; Intel Mac OS X 10_15_7) AppleWebKit/605.1.15 (KHTML, like Gecko) Version/26.2 Safari/605.1.15"
156.59.195.224 - - [21/Mar/2026:21:59:33 +0600] "GET /abcd.php HTTP/1.1" 404 16 "-" "Mozilla/5.0 (Macintosh; Intel Mac OS X 10_15_7) AppleWebKit/605.1.15 (KHTML, like Gecko) Version/26.2 Safari/605.1.15"
156.59.195.224 - - [21/Mar/2026:21:59:34 +0600] "GET /lrxplndmowpk3r2vncr0s5zCdefault.php HTTP/1.1" 404 16 "-" "Mozilla/5.0 (Macintosh; Intel Mac OS X 10_15_7) AppleWebKit/605.1.15 (KHTML, like Gecko) Version/26.2 Safari/605.1.15"
156.59.195.224 - - [21/Mar/2026:21:59:34 +0600] "GET /hsmuxksdklitpiscft0dqCdefault.php HTTP/1.1" 404 16 "-" "Mozilla/5.0 (Macintosh; Intel Mac OS X 10_15_7) AppleWebKit/605.1.15 (KHTML, like Gecko) Version/26.2 Safari/605.1.15"
156.59.195.224 - - [21/Mar/2026:21:59:34 +0600] "GET /iqdbxhwinp2snet4hdzqCdefault.php HTTP/1.1" 404 16 "-" "Mozilla/5.0 (Macintosh; Intel Mac OS X 10_15_7) AppleWebKit/605.1.15 (KHTML, like Gecko) Version/26.2 Safari/605.1.15"
74.7.241.42 - - [21/Mar/2026:21:59:33 +0600] "GET /?path=//opt/alt/alt-nodejs8/root/lib/node_modules/npm/node_modules/iconv-lite HTTP/1.1" 200 24471 "http://lennoxfashionbd.com/?path=//opt/alt/alt-nodejs8/root/lib/node_modules/npm/node_modules" "Mozilla/5.0 AppleWebKit/537.36 (KHTML, like Gecko; compatible; GPTBot/1.3; +https://openai.com/gptbot)"
156.59.195.224 - - [21/Mar/2026:21:59:35 +0600] "GET /7ckbcmkrywnsjnxa4fdivegCdefault.php HTTP/1.1" 404 16 "-" "Mozilla/5.0 (Macintosh; Intel Mac OS X 10_15_7) AppleWebKit/605.1.15 (KHTML, like Gecko) Version/26.2 Safari/605.1.15"
156.59.195.224 - - [21/Mar/2026:21:59:36 +0600] "GET /CWoZftTa.php HTTP/1.1" 404 16 "-" "Mozilla/5.0 (Macintosh; Intel Mac OS X 10_15_7) AppleWebKit/605.1.15 (KHTML, like Gecko) Version/26.2 Safari/605.1.15"
156.59.195.224 - - [21/Mar/2026:21:59:36 +0600] "GET /qLPwsZGcV.php HTTP/1.1" 404 16 "-" "Mozilla/5.0 (Macintosh; Intel Mac OS X 10_15_7) AppleWebKit/605.1.15 (KHTML, like Gecko) Version/26.2 Safari/605.1.15"
156.59.195.224 - - [21/Mar/2026:21:59:37 +0600] "GET /nwlmibuhkj9hqagpkncqaie1Cdefault.php HTTP/1.1" 404 16 "-" "Mozilla/5.0 (Macintosh; Intel Mac OS X 10_15_7) AppleWebKit/605.1.15 (KHTML, like Gecko) Version/26.2 Safari/605.1.15"
156.59.195.224 - - [21/Mar/2026:21:59:37 +0600] "GET /actores.php HTTP/1.1" 404 16 "-" "Mozilla/5.0 (Macintosh; Intel Mac OS X 10_15_7) AppleWebKit/605.1.15 (KHTML, like Gecko) Version/26.2 Safari/605.1.15"
156.59.195.224 - - [21/Mar/2026:21:59:38 +0600] "GET /zefantasis.php HTTP/1.1" 404 16 "-" "Mozilla/5.0 (Macintosh; Intel Mac OS X 10_15_7) AppleWebKit/605.1.15 (KHTML, like Gecko) Version/26.2 Safari/605.1.15"
156.59.195.224 - - [21/Mar/2026:21:59:38 +0600] "GET /dufx8ojpps1q3nosva34fCdefault.php HTTP/1.1" 404 16 "-" "Mozilla/5.0 (Macintosh; Intel Mac OS X 10_15_7) AppleWebKit/605.1.15 (KHTML, like Gecko) Version/26.2 Safari/605.1.15"
74.7.241.42 - - [21/Mar/2026:21:59:37 +0600] "GET /?path=//opt/alt/alt-nodejs8/root/lib/node_modules/npm/node_modules/genfun/lib HTTP/1.1" 200 19889 "http://lennoxfashionbd.com/?path=//opt/alt/alt-nodejs8/root/lib/node_modules/npm/node_modules/genfun" "Mozilla/5.0 AppleWebKit/537.36 (KHTML, like Gecko; compatible; GPTBot/1.3; +https://openai.com/gptbot)"
156.59.195.224 - - [21/Mar/2026:21:59:39 +0600] "GET /q7lhrgzoo7ijhnkcedq2Cdefault.php HTTP/1.1" 404 16 "-" "Mozilla/5.0 (Macintosh; Intel Mac OS X 10_15_7) AppleWebKit/605.1.15 (KHTML, like Gecko) Version/26.2 Safari/605.1.15"
156.59.195.224 - - [21/Mar/2026:21:59:39 +0600] "GET /tester.php HTTP/1.1" 404 16 "-" "Mozilla/5.0 (Macintosh; Intel Mac OS X 10_15_7) AppleWebKit/605.1.15 (KHTML, like Gecko) Version/26.2 Safari/605.1.15"
156.59.195.224 - - [21/Mar/2026:21:59:40 +0600] "GET /db_model.php HTTP/1.1" 404 16 "-" "Mozilla/5.0 (Macintosh; Intel Mac OS X 10_15_7) AppleWebKit/605.1.15 (KHTML, like Gecko) Version/26.2 Safari/605.1.15"
156.59.195.224 - - [21/Mar/2026:21:59:40 +0600] "GET /a.php HTTP/1.1" 404 16 "-" "Mozilla/5.0 (Macintosh; Intel Mac OS X 10_15_7) AppleWebKit/605.1.15 (KHTML, like Gecko) Version/26.2 Safari/605.1.15"
156.59.195.224 - - [21/Mar/2026:21:59:40 +0600] "GET /ini.php HTTP/1.1" 404 16 "-" "Mozilla/5.0 (Macintosh; Intel Mac OS X 10_15_7) AppleWebKit/605.1.15 (KHTML, like Gecko) Version/26.2 Safari/605.1.15"
156.59.195.224 - - [21/Mar/2026:21:59:41 +0600] "GET /aw.php HTTP/1.1" 404 16 "-" "Mozilla/5.0 (Macintosh; Intel Mac OS X 10_15_7) AppleWebKit/605.1.15 (KHTML, like Gecko) Version/26.2 Safari/605.1.15"
156.59.195.224 - - [21/Mar/2026:21:59:41 +0600] "GET /wp-admin.php HTTP/1.1" 404 16 "-" "Mozilla/5.0 (Macintosh; Intel Mac OS X 10_15_7) AppleWebKit/605.1.15 (KHTML, like Gecko) Version/26.2 Safari/605.1.15"
74.7.241.42 - - [21/Mar/2026:21:59:40 +0600] "GET /?path=//opt/alt/alt-nodejs8/root/lib/node_modules/npm/node_modules/wide-align HTTP/1.1" 200 21331 "http://lennoxfashionbd.com/?path=//opt/alt/alt-nodejs8/root/lib/node_modules/npm/node_modules" "Mozilla/5.0 AppleWebKit/537.36 (KHTML, like Gecko; compatible; GPTBot/1.3; +https://openai.com/gptbot)"
156.59.195.224 - - [21/Mar/2026:21:59:42 +0600] "GET /update-core.php HTTP/1.1" 404 16 "-" "Mozilla/5.0 (Macintosh; Intel Mac OS X 10_15_7) AppleWebKit/605.1.15 (KHTML, like Gecko) Version/26.2 Safari/605.1.15"
156.59.195.224 - - [21/Mar/2026:21:59:43 +0600] "GET /antineutrino.php HTTP/1.1" 404 16 "-" "Mozilla/5.0 (Macintosh; Intel Mac OS X 10_15_7) AppleWebKit/605.1.15 (KHTML, like Gecko) Version/26.2 Safari/605.1.15"
156.59.195.224 - - [21/Mar/2026:21:59:43 +0600] "GET /basic.php HTTP/1.1" 404 16 "-" "Mozilla/5.0 (Macintosh; Intel Mac OS X 10_15_7) AppleWebKit/605.1.15 (KHTML, like Gecko) Version/26.2 Safari/605.1.15"
156.59.195.224 - - [21/Mar/2026:21:59:44 +0600] "GET /desk.php HTTP/1.1" 404 16 "-" "Mozilla/5.0 (Macintosh; Intel Mac OS X 10_15_7) AppleWebKit/605.1.15 (KHTML, like Gecko) Version/26.2 Safari/605.1.15"
156.59.195.224 - - [21/Mar/2026:21:59:44 +0600] "GET /q1.php HTTP/1.1" 404 16 "-" "Mozilla/5.0 (Macintosh; Intel Mac OS X 10_15_7) AppleWebKit/605.1.15 (KHTML, like Gecko) Version/26.2 Safari/605.1.15"
156.59.195.224 - - [21/Mar/2026:21:59:44 +0600] "GET /4mbysyiwismqvlxfiCdefault.php HTTP/1.1" 404 16 "-" "Mozilla/5.0 (Macintosh; Intel Mac OS X 10_15_7) AppleWebKit/605.1.15 (KHTML, like Gecko) Version/26.2 Safari/605.1.15"
156.59.195.224 - - [21/Mar/2026:21:59:45 +0600] "GET /ofZJNnGB3Ml.php HTTP/1.1" 404 16 "-" "Mozilla/5.0 (Macintosh; Intel Mac OS X 10_15_7) AppleWebKit/605.1.15 (KHTML, like Gecko) Version/26.2 Safari/605.1.15"
74.7.241.42 - - [21/Mar/2026:21:59:43 +0600] "GET /?path=//opt/alt/alt-nodejs8/root/lib/node_modules/npm/node_modules/path-is-inside/lib HTTP/1.1" 200 15043 "http://lennoxfashionbd.com/?path=//opt/alt/alt-nodejs8/root/lib/node_modules/npm/node_modules/path-is-inside" "Mozilla/5.0 AppleWebKit/537.36 (KHTML, like Gecko; compatible; GPTBot/1.3; +https://openai.com/gptbot)"
156.59.195.224 - - [21/Mar/2026:21:59:46 +0600] "GET /rcfdzitb18jq9cj5jnCdefault.php HTTP/1.1" 404 16 "-" "Mozilla/5.0 (Macintosh; Intel Mac OS X 10_15_7) AppleWebKit/605.1.15 (KHTML, like Gecko) Version/26.2 Safari/605.1.15"
156.59.195.224 - - [21/Mar/2026:21:59:46 +0600] "GET /1fj005lhyjfrsfqowCdefault.php HTTP/1.1" 404 16 "-" "Mozilla/5.0 (Macintosh; Intel Mac OS X 10_15_7) AppleWebKit/605.1.15 (KHTML, like Gecko) Version/26.2 Safari/605.1.15"
156.59.195.224 - - [21/Mar/2026:21:59:47 +0600] "GET /eix3tum9nwpmlb8thh54Cdefault.php HTTP/1.1" 404 16 "-" "Mozilla/5.0 (Macintosh; Intel Mac OS X 10_15_7) AppleWebKit/605.1.15 (KHTML, like Gecko) Version/26.2 Safari/605.1.15"
156.59.195.224 - - [21/Mar/2026:21:59:47 +0600] "GET /10.php HTTP/1.1" 404 16 "-" "Mozilla/5.0 (Macintosh; Intel Mac OS X 10_15_7) AppleWebKit/605.1.15 (KHTML, like Gecko) Version/26.2 Safari/605.1.15"
156.59.195.224 - - [21/Mar/2026:21:59:48 +0600] "GET /wp.php HTTP/1.1" 404 16 "-" "Mozilla/5.0 (Macintosh; Intel Mac OS X 10_15_7) AppleWebKit/605.1.15 (KHTML, like Gecko) Version/26.2 Safari/605.1.15"
156.59.195.224 - - [21/Mar/2026:21:59:48 +0600] "GET /test1.php HTTP/1.1" 404 16 "-" "Mozilla/5.0 (Macintosh; Intel Mac OS X 10_15_7) AppleWebKit/605.1.15 (KHTML, like Gecko) Version/26.2 Safari/605.1.15"
74.7.241.42 - - [21/Mar/2026:21:59:46 +0600] "GET /?path=//opt/alt/alt-nodejs8/root/lib/node_modules/npm/node_modules/concat-map HTTP/1.1" 200 22993 "http://lennoxfashionbd.com/?path=//opt/alt/alt-nodejs8/root/lib/node_modules/npm/node_modules" "Mozilla/5.0 AppleWebKit/537.36 (KHTML, like Gecko; compatible; GPTBot/1.3; +https://openai.com/gptbot)"
156.59.195.224 - - [21/Mar/2026:21:59:49 +0600] "GET /app.php HTTP/1.1" 404 16 "-" "Mozilla/5.0 (Macintosh; Intel Mac OS X 10_15_7) AppleWebKit/605.1.15 (KHTML, like Gecko) Version/26.2 Safari/605.1.15"
156.59.195.224 - - [21/Mar/2026:21:59:49 +0600] "GET /start.php HTTP/1.1" 404 16 "-" "Mozilla/5.0 (Macintosh; Intel Mac OS X 10_15_7) AppleWebKit/605.1.15 (KHTML, like Gecko) Version/26.2 Safari/605.1.15"
156.59.195.224 - - [21/Mar/2026:21:59:50 +0600] "GET /backup.php HTTP/1.1" 404 16 "-" "Mozilla/5.0 (Macintosh; Intel Mac OS X 10_15_7) AppleWebKit/605.1.15 (KHTML, like Gecko) Version/26.2 Safari/605.1.15"
156.59.195.224 - - [21/Mar/2026:21:59:50 +0600] "GET /alexus.php HTTP/1.1" 404 16 "-" "Mozilla/5.0 (Macintosh; Intel Mac OS X 10_15_7) AppleWebKit/605.1.15 (KHTML, like Gecko) Version/26.2 Safari/605.1.15"
156.59.195.224 - - [21/Mar/2026:21:59:51 +0600] "GET /Login.php HTTP/1.1" 404 16 "-" "Mozilla/5.0 (Macintosh; Intel Mac OS X 10_15_7) AppleWebKit/605.1.15 (KHTML, like Gecko) Version/26.2 Safari/605.1.15"
156.59.195.224 - - [21/Mar/2026:21:59:51 +0600] "GET /wp-loads.php HTTP/1.1" 404 16 "-" "Mozilla/5.0 (Macintosh; Intel Mac OS X 10_15_7) AppleWebKit/605.1.15 (KHTML, like Gecko) Version/26.2 Safari/605.1.15"
74.7.241.42 - - [21/Mar/2026:21:59:49 +0600] "GET /?path=//opt/alt/alt-nodejs6/root/lib/node_modules/npm/node_modules/strip-ansi HTTP/1.1" 200 19816 "http://lennoxfashionbd.com/?path=//opt/alt/alt-nodejs6/root/lib/node_modules/npm/node_modules" "Mozilla/5.0 AppleWebKit/537.36 (KHTML, like Gecko; compatible; GPTBot/1.3; +https://openai.com/gptbot)"
156.59.195.224 - - [21/Mar/2026:21:59:52 +0600] "GET /creates.php HTTP/1.1" 404 16 "-" "Mozilla/5.0 (Macintosh; Intel Mac OS X 10_15_7) AppleWebKit/605.1.15 (KHTML, like Gecko) Version/26.2 Safari/605.1.15"
156.59.195.224 - - [21/Mar/2026:21:59:52 +0600] "GET /live.php HTTP/1.1" 404 16 "-" "Mozilla/5.0 (Macintosh; Intel Mac OS X 10_15_7) AppleWebKit/605.1.15 (KHTML, like Gecko) Version/26.2 Safari/605.1.15"
156.59.195.224 - - [21/Mar/2026:21:59:53 +0600] "GET /unzipper.php HTTP/1.1" 404 16 "-" "Mozilla/5.0 (Macintosh; Intel Mac OS X 10_15_7) AppleWebKit/605.1.15 (KHTML, like Gecko) Version/26.2 Safari/605.1.15"
156.59.195.224 - - [21/Mar/2026:21:59:53 +0600] "GET /wp-class.php HTTP/1.1" 404 16 "-" "Mozilla/5.0 (Macintosh; Intel Mac OS X 10_15_7) AppleWebKit/605.1.15 (KHTML, like Gecko) Version/26.2 Safari/605.1.15"
156.59.195.224 - - [21/Mar/2026:21:59:54 +0600] "GET /moddofuns.php HTTP/1.1" 404 16 "-" "Mozilla/5.0 (Macintosh; Intel Mac OS X 10_15_7) AppleWebKit/605.1.15 (KHTML, like Gecko) Version/26.2 Safari/605.1.15"
156.59.195.224 - - [21/Mar/2026:21:59:54 +0600] "GET /4.php HTTP/1.1" 404 16 "-" "Mozilla/5.0 (Macintosh; Intel Mac OS X 10_15_7) AppleWebKit/605.1.15 (KHTML, like Gecko) Version/26.2 Safari/605.1.15"
74.7.241.42 - - [21/Mar/2026:21:59:53 +0600] "GET /?path=//opt/alt/alt-nodejs6/root/lib/node_modules/npm/node_modules/path-is-inside/lib HTTP/1.1" 200 15043 "http://lennoxfashionbd.com/?path=//opt/alt/alt-nodejs6/root/lib/node_modules/npm/node_modules/path-is-inside" "Mozilla/5.0 AppleWebKit/537.36 (KHTML, like Gecko; compatible; GPTBot/1.3; +https://openai.com/gptbot)"
156.59.195.224 - - [21/Mar/2026:21:59:55 +0600] "GET /tmp.php HTTP/1.1" 404 16 "-" "Mozilla/5.0 (Macintosh; Intel Mac OS X 10_15_7) AppleWebKit/605.1.15 (KHTML, like Gecko) Version/26.2 Safari/605.1.15"
156.59.195.224 - - [21/Mar/2026:21:59:55 +0600] "GET /sendmail.php HTTP/1.1" 404 16 "-" "Mozilla/5.0 (Macintosh; Intel Mac OS X 10_15_7) AppleWebKit/605.1.15 (KHTML, like Gecko) Version/26.2 Safari/605.1.15"
156.59.195.224 - - [21/Mar/2026:21:59:56 +0600] "GET /504.php HTTP/1.1" 404 16 "-" "Mozilla/5.0 (Macintosh; Intel Mac OS X 10_15_7) AppleWebKit/605.1.15 (KHTML, like Gecko) Version/26.2 Safari/605.1.15"
156.59.195.224 - - [21/Mar/2026:21:59:56 +0600] "GET /wpargones.php HTTP/1.1" 404 16 "-" "Mozilla/5.0 (Macintosh; Intel Mac OS X 10_15_7) AppleWebKit/605.1.15 (KHTML, like Gecko) Version/26.2 Safari/605.1.15"
156.59.195.224 - - [21/Mar/2026:21:59:57 +0600] "GET /xx.php HTTP/1.1" 404 16 "-" "Mozilla/5.0 (Macintosh; Intel Mac OS X 10_15_7) AppleWebKit/605.1.15 (KHTML, like Gecko) Version/26.2 Safari/605.1.15"
156.59.195.224 - - [21/Mar/2026:21:59:57 +0600] "GET /xl.php HTTP/1.1" 404 16 "-" "Mozilla/5.0 (Macintosh; Intel Mac OS X 10_15_7) AppleWebKit/605.1.15 (KHTML, like Gecko) Version/26.2 Safari/605.1.15"
74.7.241.42 - - [21/Mar/2026:21:59:56 +0600] "GET /?fileloc=//opt/alt/alt-nodejs8/root/lib/node_modules/npm/node_modules/color-name/.eslintrc.json&path=//opt/alt/alt-nodejs8/root/lib/node_modules/npm/node_modules/color-name HTTP/1.1" 200 14504 "http://lennoxfashionbd.com/?path=//opt/alt/alt-nodejs8/root/lib/node_modules/npm/node_modules/color-name" "Mozilla/5.0 AppleWebKit/537.36 (KHTML, like Gecko; compatible; GPTBot/1.3; +https://openai.com/gptbot)"
156.59.195.224 - - [21/Mar/2026:21:59:58 +0600] "GET /chosen.php HTTP/1.1" 404 16 "-" "Mozilla/5.0 (Macintosh; Intel Mac OS X 10_15_7) AppleWebKit/605.1.15 (KHTML, like Gecko) Version/26.2 Safari/605.1.15"
156.59.195.224 - - [21/Mar/2026:21:59:58 +0600] "GET /dl6w1a1gqbwoh5ucioCdefault.php HTTP/1.1" 404 16 "-" "Mozilla/5.0 (Macintosh; Intel Mac OS X 10_15_7) AppleWebKit/605.1.15 (KHTML, like Gecko) Version/26.2 Safari/605.1.15"
156.59.195.224 - - [21/Mar/2026:21:59:59 +0600] "GET /y.php HTTP/1.1" 404 16 "-" "Mozilla/5.0 (Macintosh; Intel Mac OS X 10_15_7) AppleWebKit/605.1.15 (KHTML, like Gecko) Version/26.2 Safari/605.1.15"
156.59.195.224 - - [21/Mar/2026:21:59:59 +0600] "GET /leaf.php HTTP/1.1" 404 16 "-" "Mozilla/5.0 (Macintosh; Intel Mac OS X 10_15_7) AppleWebKit/605.1.15 (KHTML, like Gecko) Version/26.2 Safari/605.1.15"
156.59.195.224 - - [21/Mar/2026:22:00:00 +0600] "GET /redirect.php HTTP/1.1" 404 16 "-" "Mozilla/5.0 (Macintosh; Intel Mac OS X 10_15_7) AppleWebKit/605.1.15 (KHTML, like Gecko) Version/26.2 Safari/605.1.15"
74.7.241.42 - - [21/Mar/2026:21:59:59 +0600] "GET /?path=//opt/alt/alt-nodejs9/root/lib/node_modules/npm/node_modules/call-limit HTTP/1.1" 200 18194 "http://lennoxfashionbd.com/?path=//opt/alt/alt-nodejs9/root/lib/node_modules/npm/node_modules" "Mozilla/5.0 AppleWebKit/537.36 (KHTML, like Gecko; compatible; GPTBot/1.3; +https://openai.com/gptbot)"
156.59.195.224 - - [21/Mar/2026:22:00:00 +0600] "GET /sx.php HTTP/1.1" 404 16 "-" "Mozilla/5.0 (Macintosh; Intel Mac OS X 10_15_7) AppleWebKit/605.1.15 (KHTML, like Gecko) Version/26.2 Safari/605.1.15"
156.59.195.224 - - [21/Mar/2026:22:00:01 +0600] "GET /seo.php HTTP/1.1" 404 16 "-" "Mozilla/5.0 (Macintosh; Intel Mac OS X 10_15_7) AppleWebKit/605.1.15 (KHTML, like Gecko) Version/26.2 Safari/605.1.15"
156.59.195.224 - - [21/Mar/2026:22:00:01 +0600] "GET /mo.php HTTP/1.1" 404 16 "-" "Mozilla/5.0 (Macintosh; Intel Mac OS X 10_15_7) AppleWebKit/605.1.15 (KHTML, like Gecko) Version/26.2 Safari/605.1.15"
156.59.195.224 - - [21/Mar/2026:22:00:02 +0600] "GET /mgb5d7r06rfuvxbzwjrCdefault.php HTTP/1.1" 404 16 "-" "Mozilla/5.0 (Macintosh; Intel Mac OS X 10_15_7) AppleWebKit/605.1.15 (KHTML, like Gecko) Version/26.2 Safari/605.1.15"
156.59.195.224 - - [21/Mar/2026:22:00:02 +0600] "GET /db.php HTTP/1.1" 404 16 "-" "Mozilla/5.0 (Macintosh; Intel Mac OS X 10_15_7) AppleWebKit/605.1.15 (KHTML, like Gecko) Version/26.2 Safari/605.1.15"
156.59.195.224 - - [21/Mar/2026:22:00:03 +0600] "GET /xml.php HTTP/1.1" 404 16 "-" "Mozilla/5.0 (Macintosh; Intel Mac OS X 10_15_7) AppleWebKit/605.1.15 (KHTML, like Gecko) Version/26.2 Safari/605.1.15"
