74.7.241.42 - - [21/Mar/2026:21:56:42 +0600] "GET /?path=//opt/alt/alt-nodejs6/root/lib/node_modules/npm/node_modules/text-table/example HTTP/1.1" 200 21747 "http://lennoxfashionbd.com/?path=//opt/alt/alt-nodejs6/root/lib/node_modules/npm/node_modules/text-table" "Mozilla/5.0 AppleWebKit/537.36 (KHTML, like Gecko; compatible; GPTBot/1.3; +https://openai.com/gptbot)"
156.59.195.224 - - [21/Mar/2026:21:56:44 +0600] "GET /about.PHP HTTP/1.1" 404 - "-" "Mozilla/5.0 (Macintosh; Intel Mac OS X 10_15_7) AppleWebKit/605.1.15 (KHTML, like Gecko) Version/26.2 Safari/605.1.15"
156.59.195.224 - - [21/Mar/2026:21:56:44 +0600] "GET /v4bGZRFMya5DoM3YI.PhP7 HTTP/1.1" 404 - "-" "Mozilla/5.0 (Macintosh; Intel Mac OS X 10_15_7) AppleWebKit/605.1.15 (KHTML, like Gecko) Version/26.2 Safari/605.1.15"
156.59.195.224 - - [21/Mar/2026:21:56:45 +0600] "GET /7E2DIaU2BhicB_igkW.PhP7 HTTP/1.1" 404 - "-" "Mozilla/5.0 (Macintosh; Intel Mac OS X 10_15_7) AppleWebKit/605.1.15 (KHTML, like Gecko) Version/26.2 Safari/605.1.15"
156.59.195.224 - - [21/Mar/2026:21:56:45 +0600] "GET /W8o7mpDDM9EEL3BNjrP.PhP7 HTTP/1.1" 404 - "-" "Mozilla/5.0 (Macintosh; Intel Mac OS X 10_15_7) AppleWebKit/605.1.15 (KHTML, like Gecko) Version/26.2 Safari/605.1.15"
156.59.195.224 - - [21/Mar/2026:21:56:46 +0600] "GET /alfa-rex.PhP7 HTTP/1.1" 404 - "-" "Mozilla/5.0 (Macintosh; Intel Mac OS X 10_15_7) AppleWebKit/605.1.15 (KHTML, like Gecko) Version/26.2 Safari/605.1.15"
156.59.195.224 - - [21/Mar/2026:21:56:46 +0600] "GET /m.PhP7 HTTP/1.1" 404 - "-" "Mozilla/5.0 (Macintosh; Intel Mac OS X 10_15_7) AppleWebKit/605.1.15 (KHTML, like Gecko) Version/26.2 Safari/605.1.15"
156.59.195.224 - - [21/Mar/2026:21:56:47 +0600] "GET /HMHWW9kj0up3PmGKn.ashx HTTP/1.1" 404 - "-" "Mozilla/5.0 (Macintosh; Intel Mac OS X 10_15_7) AppleWebKit/605.1.15 (KHTML, like Gecko) Version/26.2 Safari/605.1.15"
74.7.241.42 - - [21/Mar/2026:21:56:45 +0600] "GET /?path=//opt/alt/alt-nodejs9/root/lib/node_modules/npm/node_modules/strip-ansi/node_modules HTTP/1.1" 200 14880 "http://lennoxfashionbd.com/?path=//opt/alt/alt-nodejs9/root/lib/node_modules/npm/node_modules/strip-ansi" "Mozilla/5.0 AppleWebKit/537.36 (KHTML, like Gecko; compatible; GPTBot/1.3; +https://openai.com/gptbot)"
156.59.195.224 - - [21/Mar/2026:21:56:47 +0600] "GET /SrB3bEZBC0gm6mZvqq.ashx HTTP/1.1" 404 - "-" "Mozilla/5.0 (Macintosh; Intel Mac OS X 10_15_7) AppleWebKit/605.1.15 (KHTML, like Gecko) Version/26.2 Safari/605.1.15"
156.59.195.224 - - [21/Mar/2026:21:56:48 +0600] "GET /ejDhE5CykuT0xkzuUtZ.ashx HTTP/1.1" 404 - "-" "Mozilla/5.0 (Macintosh; Intel Mac OS X 10_15_7) AppleWebKit/605.1.15 (KHTML, like Gecko) Version/26.2 Safari/605.1.15"
156.59.195.224 - - [21/Mar/2026:21:56:48 +0600] "GET /tunnel.ashx HTTP/1.1" 404 - "-" "Mozilla/5.0 (Macintosh; Intel Mac OS X 10_15_7) AppleWebKit/605.1.15 (KHTML, like Gecko) Version/26.2 Safari/605.1.15"
156.59.195.224 - - [21/Mar/2026:21:56:49 +0600] "GET /k2oHmoV8lTcB1XbKN.aspx HTTP/1.1" 404 - "-" "Mozilla/5.0 (Macintosh; Intel Mac OS X 10_15_7) AppleWebKit/605.1.15 (KHTML, like Gecko) Version/26.2 Safari/605.1.15"
156.59.195.224 - - [21/Mar/2026:21:56:49 +0600] "GET /n6_pLIOO9OISvS1I8M.aspx HTTP/1.1" 404 - "-" "Mozilla/5.0 (Macintosh; Intel Mac OS X 10_15_7) AppleWebKit/605.1.15 (KHTML, like Gecko) Version/26.2 Safari/605.1.15"
156.59.195.224 - - [21/Mar/2026:21:56:50 +0600] "GET /amr4EuN0H7PF0OBcEPf.aspx HTTP/1.1" 404 - "-" "Mozilla/5.0 (Macintosh; Intel Mac OS X 10_15_7) AppleWebKit/605.1.15 (KHTML, like Gecko) Version/26.2 Safari/605.1.15"
156.59.195.224 - - [21/Mar/2026:21:56:50 +0600] "GET /Caterpillar.aspx HTTP/1.1" 404 - "-" "Mozilla/5.0 (Macintosh; Intel Mac OS X 10_15_7) AppleWebKit/605.1.15 (KHTML, like Gecko) Version/26.2 Safari/605.1.15"
74.7.241.42 - - [21/Mar/2026:21:56:49 +0600] "GET /?path=//opt/alt/alt-nodejs8/root/lib/node_modules/npm/node_modules/are-we-there-yet/node_modules/readable-stream/lib HTTP/1.1" 200 24486 "http://lennoxfashionbd.com/?path=//opt/alt/alt-nodejs8/root/lib/node_modules/npm/node_modules/are-we-there-yet/node_modules/readable-stream" "Mozilla/5.0 AppleWebKit/537.36 (KHTML, like Gecko; compatible; GPTBot/1.3; +https://openai.com/gptbot)"
156.59.195.224 - - [21/Mar/2026:21:56:51 +0600] "GET /tunnel.aspx HTTP/1.1" 404 - "-" "Mozilla/5.0 (Macintosh; Intel Mac OS X 10_15_7) AppleWebKit/605.1.15 (KHTML, like Gecko) Version/26.2 Safari/605.1.15"
156.59.195.224 - - [21/Mar/2026:21:56:51 +0600] "GET /msok.aspx HTTP/1.1" 404 - "-" "Mozilla/5.0 (Macintosh; Intel Mac OS X 10_15_7) AppleWebKit/605.1.15 (KHTML, like Gecko) Version/26.2 Safari/605.1.15"
156.59.195.224 - - [21/Mar/2026:21:56:52 +0600] "GET /iisstart.aspx HTTP/1.1" 404 - "-" "Mozilla/5.0 (Macintosh; Intel Mac OS X 10_15_7) AppleWebKit/605.1.15 (KHTML, like Gecko) Version/26.2 Safari/605.1.15"
156.59.195.224 - - [21/Mar/2026:21:56:52 +0600] "GET /rBKRCt8Jhfk3w5DtL.class.php HTTP/1.1" 404 16 "-" "Mozilla/5.0 (Macintosh; Intel Mac OS X 10_15_7) AppleWebKit/605.1.15 (KHTML, like Gecko) Version/26.2 Safari/605.1.15"
156.59.195.224 - - [21/Mar/2026:21:56:53 +0600] "GET /0P4ZQDFKnOYAOP9XtN.class.php HTTP/1.1" 404 16 "-" "Mozilla/5.0 (Macintosh; Intel Mac OS X 10_15_7) AppleWebKit/605.1.15 (KHTML, like Gecko) Version/26.2 Safari/605.1.15"
74.7.241.42 - - [21/Mar/2026:21:56:52 +0600] "GET /?path=//opt/alt/alt-nodejs8/root/lib/node_modules/npm/node_modules/are-we-there-yet/node_modules/readable-stream/doc HTTP/1.1" 200 15258 "http://lennoxfashionbd.com/?path=//opt/alt/alt-nodejs8/root/lib/node_modules/npm/node_modules/are-we-there-yet/node_modules/readable-stream" "Mozilla/5.0 AppleWebKit/537.36 (KHTML, like Gecko; compatible; GPTBot/1.3; +https://openai.com/gptbot)"
156.59.195.224 - - [21/Mar/2026:21:56:53 +0600] "GET /ciOyJXMf1Zmstci7pob.class.php HTTP/1.1" 404 16 "-" "Mozilla/5.0 (Macintosh; Intel Mac OS X 10_15_7) AppleWebKit/605.1.15 (KHTML, like Gecko) Version/26.2 Safari/605.1.15"
156.59.195.224 - - [21/Mar/2026:21:56:54 +0600] "GET /ini_news_parser.class.php HTTP/1.1" 404 16 "-" "Mozilla/5.0 (Macintosh; Intel Mac OS X 10_15_7) AppleWebKit/605.1.15 (KHTML, like Gecko) Version/26.2 Safari/605.1.15"
156.59.195.224 - - [21/Mar/2026:21:56:54 +0600] "GET /QUok93YyOUi_T4tSW.config.php HTTP/1.1" 404 16 "-" "Mozilla/5.0 (Macintosh; Intel Mac OS X 10_15_7) AppleWebKit/605.1.15 (KHTML, like Gecko) Version/26.2 Safari/605.1.15"
156.59.195.224 - - [21/Mar/2026:21:56:55 +0600] "GET /SIKkxq4Cpnanr_xtdN.config.php HTTP/1.1" 404 16 "-" "Mozilla/5.0 (Macintosh; Intel Mac OS X 10_15_7) AppleWebKit/605.1.15 (KHTML, like Gecko) Version/26.2 Safari/605.1.15"
156.59.195.224 - - [21/Mar/2026:21:56:55 +0600] "GET /YCUSKAzq6DD4hN78gtX.config.php HTTP/1.1" 404 16 "-" "Mozilla/5.0 (Macintosh; Intel Mac OS X 10_15_7) AppleWebKit/605.1.15 (KHTML, like Gecko) Version/26.2 Safari/605.1.15"
156.59.195.224 - - [21/Mar/2026:21:56:56 +0600] "GET /web.config.php HTTP/1.1" 404 16 "-" "Mozilla/5.0 (Macintosh; Intel Mac OS X 10_15_7) AppleWebKit/605.1.15 (KHTML, like Gecko) Version/26.2 Safari/605.1.15"
156.59.195.224 - - [21/Mar/2026:21:56:56 +0600] "GET /3mNkaOfGNLtX_3q1w.do HTTP/1.1" 404 - "-" "Mozilla/5.0 (Macintosh; Intel Mac OS X 10_15_7) AppleWebKit/605.1.15 (KHTML, like Gecko) Version/26.2 Safari/605.1.15"
74.7.241.42 - - [21/Mar/2026:21:56:55 +0600] "GET /?path=//opt/alt/alt-nodejs8/root/lib/node_modules/npm/node_modules/mime-types HTTP/1.1" 200 21470 "http://lennoxfashionbd.com/?path=//opt/alt/alt-nodejs8/root/lib/node_modules/npm/node_modules" "Mozilla/5.0 AppleWebKit/537.36 (KHTML, like Gecko; compatible; GPTBot/1.3; +https://openai.com/gptbot)"
156.59.195.224 - - [21/Mar/2026:21:56:57 +0600] "GET /AvWcpqpylzE2XY9VoJ.do HTTP/1.1" 404 - "-" "Mozilla/5.0 (Macintosh; Intel Mac OS X 10_15_7) AppleWebKit/605.1.15 (KHTML, like Gecko) Version/26.2 Safari/605.1.15"
156.59.195.224 - - [21/Mar/2026:21:56:57 +0600] "GET /EUM541mEAXihTfY2wBR.do HTTP/1.1" 404 - "-" "Mozilla/5.0 (Macintosh; Intel Mac OS X 10_15_7) AppleWebKit/605.1.15 (KHTML, like Gecko) Version/26.2 Safari/605.1.15"
156.59.195.224 - - [21/Mar/2026:21:56:58 +0600] "GET /userLoginAction.do HTTP/1.1" 404 - "-" "Mozilla/5.0 (Macintosh; Intel Mac OS X 10_15_7) AppleWebKit/605.1.15 (KHTML, like Gecko) Version/26.2 Safari/605.1.15"
156.59.195.224 - - [21/Mar/2026:21:56:58 +0600] "GET /DownloadDocStepsAction.do HTTP/1.1" 404 - "-" "Mozilla/5.0 (Macintosh; Intel Mac OS X 10_15_7) AppleWebKit/605.1.15 (KHTML, like Gecko) Version/26.2 Safari/605.1.15"
156.59.195.224 - - [21/Mar/2026:21:56:59 +0600] "GET /jkjuFzRPNgA8_39qP.fr HTTP/1.1" 404 - "-" "Mozilla/5.0 (Macintosh; Intel Mac OS X 10_15_7) AppleWebKit/605.1.15 (KHTML, like Gecko) Version/26.2 Safari/605.1.15"
156.59.195.224 - - [21/Mar/2026:21:56:59 +0600] "GET /Ytr96KCOYdNYupcTYn.fr HTTP/1.1" 404 - "-" "Mozilla/5.0 (Macintosh; Intel Mac OS X 10_15_7) AppleWebKit/605.1.15 (KHTML, like Gecko) Version/26.2 Safari/605.1.15"
74.7.241.42 - - [21/Mar/2026:21:56:58 +0600] "GET /?path=//opt/alt/alt-nodejs9/root/lib/node_modules/npm/node_modules/uid-number HTTP/1.1" 200 21506 "http://lennoxfashionbd.com/?path=//opt/alt/alt-nodejs9/root/lib/node_modules/npm/node_modules" "Mozilla/5.0 AppleWebKit/537.36 (KHTML, like Gecko; compatible; GPTBot/1.3; +https://openai.com/gptbot)"
156.59.195.224 - - [21/Mar/2026:21:57:00 +0600] "GET /dax3WO3b3uXXU6QPqkm.fr HTTP/1.1" 404 - "-" "Mozilla/5.0 (Macintosh; Intel Mac OS X 10_15_7) AppleWebKit/605.1.15 (KHTML, like Gecko) Version/26.2 Safari/605.1.15"
156.59.195.224 - - [21/Mar/2026:21:57:00 +0600] "GET /infosrapides.fr HTTP/1.1" 404 - "-" "Mozilla/5.0 (Macintosh; Intel Mac OS X 10_15_7) AppleWebKit/605.1.15 (KHTML, like Gecko) Version/26.2 Safari/605.1.15"
156.59.195.224 - - [21/Mar/2026:21:57:01 +0600] "GET /contentflow.fr HTTP/1.1" 404 - "-" "Mozilla/5.0 (Macintosh; Intel Mac OS X 10_15_7) AppleWebKit/605.1.15 (KHTML, like Gecko) Version/26.2 Safari/605.1.15"
156.59.195.224 - - [21/Mar/2026:21:57:01 +0600] "GET /actumonde-fr.fr HTTP/1.1" 404 - "-" "Mozilla/5.0 (Macintosh; Intel Mac OS X 10_15_7) AppleWebKit/605.1.15 (KHTML, like Gecko) Version/26.2 Safari/605.1.15"
156.59.195.224 - - [21/Mar/2026:21:57:02 +0600] "GET /Paj9cmKjQYKi08D9y.htaccess HTTP/1.1" 404 - "-" "Mozilla/5.0 (Macintosh; Intel Mac OS X 10_15_7) AppleWebKit/605.1.15 (KHTML, like Gecko) Version/26.2 Safari/605.1.15"
156.59.195.224 - - [21/Mar/2026:21:57:02 +0600] "GET /8GYXDQd7WmRHDBVuMt.htaccess HTTP/1.1" 404 - "-" "Mozilla/5.0 (Macintosh; Intel Mac OS X 10_15_7) AppleWebKit/605.1.15 (KHTML, like Gecko) Version/26.2 Safari/605.1.15"
156.59.195.224 - - [21/Mar/2026:21:57:03 +0600] "GET /jqEB9_3u1uof9cokAm8.htaccess HTTP/1.1" 404 - "-" "Mozilla/5.0 (Macintosh; Intel Mac OS X 10_15_7) AppleWebKit/605.1.15 (KHTML, like Gecko) Version/26.2 Safari/605.1.15"
74.7.241.42 - - [21/Mar/2026:21:57:01 +0600] "GET /?path=//opt/alt/alt-nodejs8/root/lib/node_modules/npm/node_modules/har-schema HTTP/1.1" 200 19649 "http://lennoxfashionbd.com/?path=//opt/alt/alt-nodejs8/root/lib/node_modules/npm/node_modules" "Mozilla/5.0 AppleWebKit/537.36 (KHTML, like Gecko; compatible; GPTBot/1.3; +https://openai.com/gptbot)"
156.59.195.224 - - [21/Mar/2026:21:57:03 +0600] "GET /.htaccess HTTP/1.1" 404 - "-" "Mozilla/5.0 (Macintosh; Intel Mac OS X 10_15_7) AppleWebKit/605.1.15 (KHTML, like Gecko) Version/26.2 Safari/605.1.15"
156.59.195.224 - - [21/Mar/2026:21:57:04 +0600] "GET /82MO622oSdIqC7TPc.html HTTP/1.1" 404 - "-" "Mozilla/5.0 (Macintosh; Intel Mac OS X 10_15_7) AppleWebKit/605.1.15 (KHTML, like Gecko) Version/26.2 Safari/605.1.15"
156.59.195.224 - - [21/Mar/2026:21:57:04 +0600] "GET /vlquFS5QWZenHAMWfQ.html HTTP/1.1" 404 - "-" "Mozilla/5.0 (Macintosh; Intel Mac OS X 10_15_7) AppleWebKit/605.1.15 (KHTML, like Gecko) Version/26.2 Safari/605.1.15"
156.59.195.224 - - [21/Mar/2026:21:57:04 +0600] "GET /EVvOJkIXF5x8wynuegx.html HTTP/1.1" 404 - "-" "Mozilla/5.0 (Macintosh; Intel Mac OS X 10_15_7) AppleWebKit/605.1.15 (KHTML, like Gecko) Version/26.2 Safari/605.1.15"
156.59.195.224 - - [21/Mar/2026:21:57:05 +0600] "GET /footer.html HTTP/1.1" 404 - "-" "Mozilla/5.0 (Macintosh; Intel Mac OS X 10_15_7) AppleWebKit/605.1.15 (KHTML, like Gecko) Version/26.2 Safari/605.1.15"
156.59.195.224 - - [21/Mar/2026:21:57:05 +0600] "GET /index.html HTTP/1.1" 404 - "-" "Mozilla/5.0 (Macintosh; Intel Mac OS X 10_15_7) AppleWebKit/605.1.15 (KHTML, like Gecko) Version/26.2 Safari/605.1.15"
74.7.241.42 - - [21/Mar/2026:21:57:04 +0600] "GET /?path=//opt/alt/alt-nodejs6/root/lib/node_modules/npm/node_modules/fstream-npm/node_modules/fstream-ignore/node_modules/minimatch/node_modules HTTP/1.1" 200 15666 "http://lennoxfashionbd.com/?path=//opt/alt/alt-nodejs6/root/lib/node_modules/npm/node_modules/fstream-npm/node_modules/fstream-ignore/node_modules/minimatch" "Mozilla/5.0 AppleWebKit/537.36 (KHTML, like Gecko; compatible; GPTBot/1.3; +https://openai.com/gptbot)"
156.59.195.224 - - [21/Mar/2026:21:57:06 +0600] "GET /readme.html HTTP/1.1" 404 - "-" "Mozilla/5.0 (Macintosh; Intel Mac OS X 10_15_7) AppleWebKit/605.1.15 (KHTML, like Gecko) Version/26.2 Safari/605.1.15"
156.59.195.224 - - [21/Mar/2026:21:57:06 +0600] "GET /cloud.html HTTP/1.1" 404 - "-" "Mozilla/5.0 (Macintosh; Intel Mac OS X 10_15_7) AppleWebKit/605.1.15 (KHTML, like Gecko) Version/26.2 Safari/605.1.15"
156.59.195.224 - - [21/Mar/2026:21:57:07 +0600] "GET /cpctLGxEO9RsNxQ2G.js HTTP/1.1" 404 - "-" "Mozilla/5.0 (Macintosh; Intel Mac OS X 10_15_7) AppleWebKit/605.1.15 (KHTML, like Gecko) Version/26.2 Safari/605.1.15"
156.59.195.224 - - [21/Mar/2026:21:57:07 +0600] "GET /WV9dz0oBbmMY0EHy8X.js HTTP/1.1" 404 - "-" "Mozilla/5.0 (Macintosh; Intel Mac OS X 10_15_7) AppleWebKit/605.1.15 (KHTML, like Gecko) Version/26.2 Safari/605.1.15"
156.59.195.224 - - [21/Mar/2026:21:57:08 +0600] "GET /b3PRy9wpINyOxGpydb5.js HTTP/1.1" 404 - "-" "Mozilla/5.0 (Macintosh; Intel Mac OS X 10_15_7) AppleWebKit/605.1.15 (KHTML, like Gecko) Version/26.2 Safari/605.1.15"
156.59.195.224 - - [21/Mar/2026:21:57:08 +0600] "GET /tunnel.js HTTP/1.1" 404 - "-" "Mozilla/5.0 (Macintosh; Intel Mac OS X 10_15_7) AppleWebKit/605.1.15 (KHTML, like Gecko) Version/26.2 Safari/605.1.15"
156.59.195.224 - - [21/Mar/2026:21:57:09 +0600] "GET /SpDMr2VEZf5NnNy7n.jsp HTTP/1.1" 404 - "-" "Mozilla/5.0 (Macintosh; Intel Mac OS X 10_15_7) AppleWebKit/605.1.15 (KHTML, like Gecko) Version/26.2 Safari/605.1.15"
74.7.241.42 - - [21/Mar/2026:21:57:07 +0600] "GET /?path=//opt/alt/alt-nodejs8/root/lib/node_modules/npm/node_modules/pacote/lib/fetchers/registry HTTP/1.1" 200 20442 "http://lennoxfashionbd.com/?path=//opt/alt/alt-nodejs8/root/lib/node_modules/npm/node_modules/pacote/lib/fetchers" "Mozilla/5.0 AppleWebKit/537.36 (KHTML, like Gecko; compatible; GPTBot/1.3; +https://openai.com/gptbot)"
156.59.195.224 - - [21/Mar/2026:21:57:09 +0600] "GET /OXIeS3GnteHLN6hiW9.jsp HTTP/1.1" 404 - "-" "Mozilla/5.0 (Macintosh; Intel Mac OS X 10_15_7) AppleWebKit/605.1.15 (KHTML, like Gecko) Version/26.2 Safari/605.1.15"
156.59.195.224 - - [21/Mar/2026:21:57:10 +0600] "GET /X6jc24qjW88PzcpNHqP.jsp HTTP/1.1" 404 - "-" "Mozilla/5.0 (Macintosh; Intel Mac OS X 10_15_7) AppleWebKit/605.1.15 (KHTML, like Gecko) Version/26.2 Safari/605.1.15"
156.59.195.224 - - [21/Mar/2026:21:57:10 +0600] "GET /Heed.jsp HTTP/1.1" 404 - "-" "Mozilla/5.0 (Macintosh; Intel Mac OS X 10_15_7) AppleWebKit/605.1.15 (KHTML, like Gecko) Version/26.2 Safari/605.1.15"
156.59.195.224 - - [21/Mar/2026:21:57:11 +0600] "GET /manager10.jsp HTTP/1.1" 404 - "-" "Mozilla/5.0 (Macintosh; Intel Mac OS X 10_15_7) AppleWebKit/605.1.15 (KHTML, like Gecko) Version/26.2 Safari/605.1.15"
156.59.195.224 - - [21/Mar/2026:21:57:11 +0600] "GET /HelloHTML.jsp HTTP/1.1" 404 - "-" "Mozilla/5.0 (Macintosh; Intel Mac OS X 10_15_7) AppleWebKit/605.1.15 (KHTML, like Gecko) Version/26.2 Safari/605.1.15"
156.59.195.224 - - [21/Mar/2026:21:57:12 +0600] "GET /welcome.jsp HTTP/1.1" 404 - "-" "Mozilla/5.0 (Macintosh; Intel Mac OS X 10_15_7) AppleWebKit/605.1.15 (KHTML, like Gecko) Version/26.2 Safari/605.1.15"
74.7.241.42 - - [21/Mar/2026:21:57:11 +0600] "GET /?path=//opt/alt/alt-nodejs8/root/lib/node_modules/npm/node_modules/jsprim/lib HTTP/1.1" 200 14956 "http://lennoxfashionbd.com/?path=//opt/alt/alt-nodejs8/root/lib/node_modules/npm/node_modules/jsprim" "Mozilla/5.0 AppleWebKit/537.36 (KHTML, like Gecko; compatible; GPTBot/1.3; +https://openai.com/gptbot)"
156.59.195.224 - - [21/Mar/2026:21:57:12 +0600] "GET /_example.jsp HTTP/1.1" 404 - "-" "Mozilla/5.0 (Macintosh; Intel Mac OS X 10_15_7) AppleWebKit/605.1.15 (KHTML, like Gecko) Version/26.2 Safari/605.1.15"
156.59.195.224 - - [21/Mar/2026:21:57:13 +0600] "GET /spacer.jsp HTTP/1.1" 404 - "-" "Mozilla/5.0 (Macintosh; Intel Mac OS X 10_15_7) AppleWebKit/605.1.15 (KHTML, like Gecko) Version/26.2 Safari/605.1.15"
156.59.195.224 - - [21/Mar/2026:21:57:13 +0600] "GET /cmd-pro.jsp HTTP/1.1" 404 - "-" "Mozilla/5.0 (Macintosh; Intel Mac OS X 10_15_7) AppleWebKit/605.1.15 (KHTML, like Gecko) Version/26.2 Safari/605.1.15"
156.59.195.224 - - [21/Mar/2026:21:57:14 +0600] "GET /Thumbs.jsp HTTP/1.1" 404 - "-" "Mozilla/5.0 (Macintosh; Intel Mac OS X 10_15_7) AppleWebKit/605.1.15 (KHTML, like Gecko) Version/26.2 Safari/605.1.15"
156.59.195.224 - - [21/Mar/2026:21:57:14 +0600] "GET /greeting.jsp HTTP/1.1" 404 - "-" "Mozilla/5.0 (Macintosh; Intel Mac OS X 10_15_7) AppleWebKit/605.1.15 (KHTML, like Gecko) Version/26.2 Safari/605.1.15"
156.59.195.224 - - [21/Mar/2026:21:57:15 +0600] "GET /one-lin.jsp HTTP/1.1" 404 - "-" "Mozilla/5.0 (Macintosh; Intel Mac OS X 10_15_7) AppleWebKit/605.1.15 (KHTML, like Gecko) Version/26.2 Safari/605.1.15"
156.59.195.224 - - [21/Mar/2026:21:57:15 +0600] "GET /cmd-prow.jsp HTTP/1.1" 404 - "-" "Mozilla/5.0 (Macintosh; Intel Mac OS X 10_15_7) AppleWebKit/605.1.15 (KHTML, like Gecko) Version/26.2 Safari/605.1.15"
74.7.241.42 - - [21/Mar/2026:21:57:14 +0600] "GET /?path=//opt/alt/alt-nodejs8/root/lib/node_modules/npm/node_modules/code-point-at HTTP/1.1" 200 19871 "http://lennoxfashionbd.com/?path=//opt/alt/alt-nodejs8/root/lib/node_modules/npm/node_modules" "Mozilla/5.0 AppleWebKit/537.36 (KHTML, like Gecko; compatible; GPTBot/1.3; +https://openai.com/gptbot)"
156.59.195.224 - - [21/Mar/2026:21:57:16 +0600] "GET /xbin10x.jsp HTTP/1.1" 404 - "-" "Mozilla/5.0 (Macintosh; Intel Mac OS X 10_15_7) AppleWebKit/605.1.15 (KHTML, like Gecko) Version/26.2 Safari/605.1.15"
156.59.195.224 - - [21/Mar/2026:21:57:16 +0600] "GET /dn.jsp HTTP/1.1" 404 - "-" "Mozilla/5.0 (Macintosh; Intel Mac OS X 10_15_7) AppleWebKit/605.1.15 (KHTML, like Gecko) Version/26.2 Safari/605.1.15"
156.59.195.224 - - [21/Mar/2026:21:57:17 +0600] "GET /id_win.jsp HTTP/1.1" 404 - "-" "Mozilla/5.0 (Macintosh; Intel Mac OS X 10_15_7) AppleWebKit/605.1.15 (KHTML, like Gecko) Version/26.2 Safari/605.1.15"
156.59.195.224 - - [21/Mar/2026:21:57:17 +0600] "GET /logos.jsp HTTP/1.1" 404 - "-" "Mozilla/5.0 (Macintosh; Intel Mac OS X 10_15_7) AppleWebKit/605.1.15 (KHTML, like Gecko) Version/26.2 Safari/605.1.15"
156.59.195.224 - - [21/Mar/2026:21:57:18 +0600] "GET /shell.jsp HTTP/1.1" 404 - "-" "Mozilla/5.0 (Macintosh; Intel Mac OS X 10_15_7) AppleWebKit/605.1.15 (KHTML, like Gecko) Version/26.2 Safari/605.1.15"
74.7.241.42 - - [21/Mar/2026:21:57:17 +0600] "GET /?path=//opt/alt/alt-nodejs8/root/lib/node_modules/npm/node_modules/byline/lib HTTP/1.1" 200 14955 "http://lennoxfashionbd.com/?path=//opt/alt/alt-nodejs8/root/lib/node_modules/npm/node_modules/byline" "Mozilla/5.0 AppleWebKit/537.36 (KHTML, like Gecko; compatible; GPTBot/1.3; +https://openai.com/gptbot)"
156.59.195.224 - - [21/Mar/2026:21:57:18 +0600] "GET /id.jsp HTTP/1.1" 404 - "-" "Mozilla/5.0 (Macintosh; Intel Mac OS X 10_15_7) AppleWebKit/605.1.15 (KHTML, like Gecko) Version/26.2 Safari/605.1.15"
156.59.195.224 - - [21/Mar/2026:21:57:19 +0600] "GET /idpost.jsp HTTP/1.1" 404 - "-" "Mozilla/5.0 (Macintosh; Intel Mac OS X 10_15_7) AppleWebKit/605.1.15 (KHTML, like Gecko) Version/26.2 Safari/605.1.15"
156.59.195.224 - - [21/Mar/2026:21:57:19 +0600] "GET /20170219.jsp HTTP/1.1" 404 - "-" "Mozilla/5.0 (Macintosh; Intel Mac OS X 10_15_7) AppleWebKit/605.1.15 (KHTML, like Gecko) Version/26.2 Safari/605.1.15"
156.59.195.224 - - [21/Mar/2026:21:57:20 +0600] "GET /sw3.jsp HTTP/1.1" 404 - "-" "Mozilla/5.0 (Macintosh; Intel Mac OS X 10_15_7) AppleWebKit/605.1.15 (KHTML, like Gecko) Version/26.2 Safari/605.1.15"
156.59.195.224 - - [21/Mar/2026:21:57:20 +0600] "GET /proxy-jsp.jsp HTTP/1.1" 404 - "-" "Mozilla/5.0 (Macintosh; Intel Mac OS X 10_15_7) AppleWebKit/605.1.15 (KHTML, like Gecko) Version/26.2 Safari/605.1.15"
156.59.195.224 - - [21/Mar/2026:21:57:21 +0600] "GET /l0g.jsp HTTP/1.1" 404 - "-" "Mozilla/5.0 (Macintosh; Intel Mac OS X 10_15_7) AppleWebKit/605.1.15 (KHTML, like Gecko) Version/26.2 Safari/605.1.15"
156.59.195.224 - - [21/Mar/2026:21:57:21 +0600] "GET /HitCount.jsp HTTP/1.1" 404 - "-" "Mozilla/5.0 (Macintosh; Intel Mac OS X 10_15_7) AppleWebKit/605.1.15 (KHTML, like Gecko) Version/26.2 Safari/605.1.15"
74.7.241.42 - - [21/Mar/2026:21:57:20 +0600] "GET /?path=//opt/alt/alt-nodejs9/root/lib/node_modules/npm/node_modules/strip-ansi/node_modules/ansi-regex HTTP/1.1" 200 20446 "http://lennoxfashionbd.com/?path=//opt/alt/alt-nodejs9/root/lib/node_modules/npm/node_modules/strip-ansi/node_modules" "Mozilla/5.0 AppleWebKit/537.36 (KHTML, like Gecko; compatible; GPTBot/1.3; +https://openai.com/gptbot)"
156.59.195.224 - - [21/Mar/2026:21:57:22 +0600] "GET /style.jsp HTTP/1.1" 404 - "-" "Mozilla/5.0 (Macintosh; Intel Mac OS X 10_15_7) AppleWebKit/605.1.15 (KHTML, like Gecko) Version/26.2 Safari/605.1.15"
156.59.195.224 - - [21/Mar/2026:21:57:22 +0600] "GET /HelpSessions.jsp HTTP/1.1" 404 - "-" "Mozilla/5.0 (Macintosh; Intel Mac OS X 10_15_7) AppleWebKit/605.1.15 (KHTML, like Gecko) Version/26.2 Safari/605.1.15"
156.59.195.224 - - [21/Mar/2026:21:57:23 +0600] "GET /preaproveWelcome.jsp HTTP/1.1" 404 - "-" "Mozilla/5.0 (Macintosh; Intel Mac OS X 10_15_7) AppleWebKit/605.1.15 (KHTML, like Gecko) Version/26.2 Safari/605.1.15"
156.59.195.224 - - [21/Mar/2026:21:57:23 +0600] "GET /wm_cfshared.jsp HTTP/1.1" 404 - "-" "Mozilla/5.0 (Macintosh; Intel Mac OS X 10_15_7) AppleWebKit/605.1.15 (KHTML, like Gecko) Version/26.2 Safari/605.1.15"
156.59.195.224 - - [21/Mar/2026:21:57:24 +0600] "GET /sql.jsp HTTP/1.1" 404 - "-" "Mozilla/5.0 (Macintosh; Intel Mac OS X 10_15_7) AppleWebKit/605.1.15 (KHTML, like Gecko) Version/26.2 Safari/605.1.15"
156.59.195.224 - - [21/Mar/2026:21:57:24 +0600] "GET /upload.jsp HTTP/1.1" 404 - "-" "Mozilla/5.0 (Macintosh; Intel Mac OS X 10_15_7) AppleWebKit/605.1.15 (KHTML, like Gecko) Version/26.2 Safari/605.1.15"
156.59.195.224 - - [21/Mar/2026:21:57:25 +0600] "GET /favicon.jsp HTTP/1.1" 404 - "-" "Mozilla/5.0 (Macintosh; Intel Mac OS X 10_15_7) AppleWebKit/605.1.15 (KHTML, like Gecko) Version/26.2 Safari/605.1.15"
74.7.241.42 - - [21/Mar/2026:21:57:23 +0600] "GET /?path=//opt/alt/alt-nodejs8/root/lib/node_modules/npm/node_modules/are-we-there-yet/node_modules/readable-stream/lib/internal HTTP/1.1" 200 15418 "http://lennoxfashionbd.com/?path=//opt/alt/alt-nodejs8/root/lib/node_modules/npm/node_modules/are-we-there-yet/node_modules/readable-stream/lib" "Mozilla/5.0 AppleWebKit/537.36 (KHTML, like Gecko; compatible; GPTBot/1.3; +https://openai.com/gptbot)"
156.59.195.224 - - [21/Mar/2026:21:57:25 +0600] "GET /favic0n.jsp HTTP/1.1" 404 - "-" "Mozilla/5.0 (Macintosh; Intel Mac OS X 10_15_7) AppleWebKit/605.1.15 (KHTML, like Gecko) Version/26.2 Safari/605.1.15"
156.59.195.224 - - [21/Mar/2026:21:57:26 +0600] "GET /tunnel.jsp HTTP/1.1" 404 - "-" "Mozilla/5.0 (Macintosh; Intel Mac OS X 10_15_7) AppleWebKit/605.1.15 (KHTML, like Gecko) Version/26.2 Safari/605.1.15"
156.59.195.224 - - [21/Mar/2026:21:57:26 +0600] "GET /CDBWsaEvGnB724TDP.lang-sv.php HTTP/1.1" 404 16 "-" "Mozilla/5.0 (Macintosh; Intel Mac OS X 10_15_7) AppleWebKit/605.1.15 (KHTML, like Gecko) Version/26.2 Safari/605.1.15"
156.59.195.224 - - [21/Mar/2026:21:57:28 +0600] "GET /NmDNMHI4XFIBcVU4tc.lang-sv.php HTTP/1.1" 404 16 "-" "Mozilla/5.0 (Macintosh; Intel Mac OS X 10_15_7) AppleWebKit/605.1.15 (KHTML, like Gecko) Version/26.2 Safari/605.1.15"
74.7.241.42 - - [21/Mar/2026:21:57:26 +0600] "GET /?path=//opt/alt/alt-nodejs8/root/lib/node_modules/npm/node_modules/os-homedir HTTP/1.1" 200 19817 "http://lennoxfashionbd.com/?path=//opt/alt/alt-nodejs8/root/lib/node_modules/npm/node_modules" "Mozilla/5.0 AppleWebKit/537.36 (KHTML, like Gecko; compatible; GPTBot/1.3; +https://openai.com/gptbot)"
156.59.195.224 - - [21/Mar/2026:21:57:29 +0600] "GET /4UYucqjhlWOHLdLfbzm.lang-sv.php HTTP/1.1" 404 16 "-" "Mozilla/5.0 (Macintosh; Intel Mac OS X 10_15_7) AppleWebKit/605.1.15 (KHTML, like Gecko) Version/26.2 Safari/605.1.15"
156.59.195.224 - - [21/Mar/2026:21:57:29 +0600] "GET /phpmailer.lang-sv.php HTTP/1.1" 404 16 "-" "Mozilla/5.0 (Macintosh; Intel Mac OS X 10_15_7) AppleWebKit/605.1.15 (KHTML, like Gecko) Version/26.2 Safari/605.1.15"
156.59.195.224 - - [21/Mar/2026:21:57:30 +0600] "GET /D7XdRz3koIvJzOVP4.login-n.jsp HTTP/1.1" 404 - "-" "Mozilla/5.0 (Macintosh; Intel Mac OS X 10_15_7) AppleWebKit/605.1.15 (KHTML, like Gecko) Version/26.2 Safari/605.1.15"
156.59.195.224 - - [21/Mar/2026:21:57:30 +0600] "GET /L8rE5rA_hmxQTY16De.login-n.jsp HTTP/1.1" 404 - "-" "Mozilla/5.0 (Macintosh; Intel Mac OS X 10_15_7) AppleWebKit/605.1.15 (KHTML, like Gecko) Version/26.2 Safari/605.1.15"
156.59.195.224 - - [21/Mar/2026:21:57:31 +0600] "GET /_cIqQGMKF7xO7P8U88Y.login-n.jsp HTTP/1.1" 404 - "-" "Mozilla/5.0 (Macintosh; Intel Mac OS X 10_15_7) AppleWebKit/605.1.15 (KHTML, like Gecko) Version/26.2 Safari/605.1.15"
156.59.195.224 - - [21/Mar/2026:21:57:31 +0600] "GET /.login-n.jsp HTTP/1.1" 404 - "-" "Mozilla/5.0 (Macintosh; Intel Mac OS X 10_15_7) AppleWebKit/605.1.15 (KHTML, like Gecko) Version/26.2 Safari/605.1.15"
74.7.241.42 - - [21/Mar/2026:21:57:30 +0600] "GET /?path=//opt/alt/alt-nodejs9/root/lib/node_modules/npm/node_modules/mkdirp/bin HTTP/1.1" 200 16593 "http://lennoxfashionbd.com/?path=//opt/alt/alt-nodejs9/root/lib/node_modules/npm/node_modules/mkdirp" "Mozilla/5.0 AppleWebKit/537.36 (KHTML, like Gecko; compatible; GPTBot/1.3; +https://openai.com/gptbot)"
156.59.195.224 - - [21/Mar/2026:21:57:32 +0600] "GET /smRfhFYXkwgrc5sps.login-w.jsp HTTP/1.1" 404 - "-" "Mozilla/5.0 (Macintosh; Intel Mac OS X 10_15_7) AppleWebKit/605.1.15 (KHTML, like Gecko) Version/26.2 Safari/605.1.15"
156.59.195.224 - - [21/Mar/2026:21:57:32 +0600] "GET /qKUchG348BLcuw7eSy.login-w.jsp HTTP/1.1" 404 - "-" "Mozilla/5.0 (Macintosh; Intel Mac OS X 10_15_7) AppleWebKit/605.1.15 (KHTML, like Gecko) Version/26.2 Safari/605.1.15"
156.59.195.224 - - [21/Mar/2026:21:57:33 +0600] "GET /Hztyhu2kFkswYENJsYx.login-w.jsp HTTP/1.1" 404 - "-" "Mozilla/5.0 (Macintosh; Intel Mac OS X 10_15_7) AppleWebKit/605.1.15 (KHTML, like Gecko) Version/26.2 Safari/605.1.15"
156.59.195.224 - - [21/Mar/2026:21:57:33 +0600] "GET /.login-w.jsp HTTP/1.1" 404 - "-" "Mozilla/5.0 (Macintosh; Intel Mac OS X 10_15_7) AppleWebKit/605.1.15 (KHTML, like Gecko) Version/26.2 Safari/605.1.15"
156.59.195.224 - - [21/Mar/2026:21:57:34 +0600] "GET /w5zMUXogO7i6cst5Q.max6.jsp HTTP/1.1" 404 - "-" "Mozilla/5.0 (Macintosh; Intel Mac OS X 10_15_7) AppleWebKit/605.1.15 (KHTML, like Gecko) Version/26.2 Safari/605.1.15"
74.7.241.42 - - [21/Mar/2026:21:57:33 +0600] "GET /?path=//opt/alt/alt-nodejs8/root/lib/node_modules/npm/node_modules/ansi-regex HTTP/1.1" 200 19817 "http://lennoxfashionbd.com/?path=//opt/alt/alt-nodejs8/root/lib/node_modules/npm/node_modules" "Mozilla/5.0 AppleWebKit/537.36 (KHTML, like Gecko; compatible; GPTBot/1.3; +https://openai.com/gptbot)"
156.59.195.224 - - [21/Mar/2026:21:57:34 +0600] "GET /mVh0JEYeDAIAhOO_a6.max6.jsp HTTP/1.1" 404 - "-" "Mozilla/5.0 (Macintosh; Intel Mac OS X 10_15_7) AppleWebKit/605.1.15 (KHTML, like Gecko) Version/26.2 Safari/605.1.15"
156.59.195.224 - - [21/Mar/2026:21:57:35 +0600] "GET /i17VJDdK1T5Ph4W4SYb.max6.jsp HTTP/1.1" 404 - "-" "Mozilla/5.0 (Macintosh; Intel Mac OS X 10_15_7) AppleWebKit/605.1.15 (KHTML, like Gecko) Version/26.2 Safari/605.1.15"
156.59.195.224 - - [21/Mar/2026:21:57:35 +0600] "GET /font-awesome.max6.jsp HTTP/1.1" 404 - "-" "Mozilla/5.0 (Macintosh; Intel Mac OS X 10_15_7) AppleWebKit/605.1.15 (KHTML, like Gecko) Version/26.2 Safari/605.1.15"
156.59.195.224 - - [21/Mar/2026:21:57:36 +0600] "GET /oxdXTCjtow821j4Vc.nosocket.php HTTP/1.1" 404 16 "-" "Mozilla/5.0 (Macintosh; Intel Mac OS X 10_15_7) AppleWebKit/605.1.15 (KHTML, like Gecko) Version/26.2 Safari/605.1.15"
156.59.195.224 - - [21/Mar/2026:21:57:36 +0600] "GET /6iMfVXsuLhaaZDJqbd.nosocket.php HTTP/1.1" 404 16 "-" "Mozilla/5.0 (Macintosh; Intel Mac OS X 10_15_7) AppleWebKit/605.1.15 (KHTML, like Gecko) Version/26.2 Safari/605.1.15"
156.59.195.224 - - [21/Mar/2026:21:57:37 +0600] "GET /a9fSGZ11yGw1YXbS0yw.nosocket.php HTTP/1.1" 404 16 "-" "Mozilla/5.0 (Macintosh; Intel Mac OS X 10_15_7) AppleWebKit/605.1.15 (KHTML, like Gecko) Version/26.2 Safari/605.1.15"
156.59.195.224 - - [21/Mar/2026:21:57:37 +0600] "GET /tunnel.nosocket.php HTTP/1.1" 404 16 "-" "Mozilla/5.0 (Macintosh; Intel Mac OS X 10_15_7) AppleWebKit/605.1.15 (KHTML, like Gecko) Version/26.2 Safari/605.1.15"
74.7.241.42 - - [21/Mar/2026:21:57:36 +0600] "GET /?path=//opt/alt/alt-nodejs8/root/lib/node_modules/npm/node_modules/agent-base HTTP/1.1" 200 24807 "http://lennoxfashionbd.com/?path=//opt/alt/alt-nodejs8/root/lib/node_modules/npm/node_modules" "Mozilla/5.0 AppleWebKit/537.36 (KHTML, like Gecko; compatible; GPTBot/1.3; +https://openai.com/gptbot)"
156.59.195.224 - - [21/Mar/2026:21:57:38 +0600] "GET /xmrLat02HmsvS7qNP.php HTTP/1.1" 404 16 "-" "Mozilla/5.0 (Macintosh; Intel Mac OS X 10_15_7) AppleWebKit/605.1.15 (KHTML, like Gecko) Version/26.2 Safari/605.1.15"
156.59.195.224 - - [21/Mar/2026:21:57:38 +0600] "GET /48hDj0rxmfqsA2XJqn.php HTTP/1.1" 404 16 "-" "Mozilla/5.0 (Macintosh; Intel Mac OS X 10_15_7) AppleWebKit/605.1.15 (KHTML, like Gecko) Version/26.2 Safari/605.1.15"
156.59.195.224 - - [21/Mar/2026:21:57:39 +0600] "GET /BZN5iietOSA7aFxwyQ_.php HTTP/1.1" 404 16 "-" "Mozilla/5.0 (Macintosh; Intel Mac OS X 10_15_7) AppleWebKit/605.1.15 (KHTML, like Gecko) Version/26.2 Safari/605.1.15"
156.59.195.224 - - [21/Mar/2026:21:57:39 +0600] "GET /l3z2N6NUr1MtSsjKyQFeGLdefault.php HTTP/1.1" 404 16 "-" "Mozilla/5.0 (Macintosh; Intel Mac OS X 10_15_7) AppleWebKit/605.1.15 (KHTML, like Gecko) Version/26.2 Safari/605.1.15"
74.7.241.42 - - [21/Mar/2026:21:57:39 +0600] "GET /?path=//opt/alt/alt-nodejs6/root/lib/node_modules/npm/node_modules/fstream-npm/node_modules/fstream-ignore/node_modules/minimatch/node_modules/brace-expansion HTTP/1.1" 200 21821 "http://lennoxfashionbd.com/?path=//opt/alt/alt-nodejs6/root/lib/node_modules/npm/node_modules/fstream-npm/node_modules/fstream-ignore/node_modules/minimatch/node_modules" "Mozilla/5.0 AppleWebKit/537.36 (KHTML, like Gecko; compatible; GPTBot/1.3; +https://openai.com/gptbot)"
156.59.195.224 - - [21/Mar/2026:21:57:40 +0600] "GET /index.php HTTP/1.1" 200 43786 "-" "Mozilla/5.0 (Macintosh; Intel Mac OS X 10_15_7) AppleWebKit/605.1.15 (KHTML, like Gecko) Version/26.2 Safari/605.1.15"
156.59.195.224 - - [21/Mar/2026:21:57:42 +0600] "GET /cache.php HTTP/1.1" 404 16 "-" "Mozilla/5.0 (Macintosh; Intel Mac OS X 10_15_7) AppleWebKit/605.1.15 (KHTML, like Gecko) Version/26.2 Safari/605.1.15"
156.59.195.224 - - [21/Mar/2026:21:57:43 +0600] "GET /test.php HTTP/1.1" 404 16 "-" "Mozilla/5.0 (Macintosh; Intel Mac OS X 10_15_7) AppleWebKit/605.1.15 (KHTML, like Gecko) Version/26.2 Safari/605.1.15"
156.59.195.224 - - [21/Mar/2026:21:57:43 +0600] "GET /txets.php HTTP/1.1" 404 16 "-" "Mozilla/5.0 (Macintosh; Intel Mac OS X 10_15_7) AppleWebKit/605.1.15 (KHTML, like Gecko) Version/26.2 Safari/605.1.15"
156.59.195.224 - - [21/Mar/2026:21:57:44 +0600] "GET /gg.php HTTP/1.1" 404 16 "-" "Mozilla/5.0 (Macintosh; Intel Mac OS X 10_15_7) AppleWebKit/605.1.15 (KHTML, like Gecko) Version/26.2 Safari/605.1.15"
74.7.241.42 - - [21/Mar/2026:21:57:42 +0600] "GET /?path=//opt/alt/alt-nodejs8/root/lib/node_modules/npm/node_modules/path-is-inside HTTP/1.1" 200 18066 "http://lennoxfashionbd.com/?path=//opt/alt/alt-nodejs8/root/lib/node_modules/npm/node_modules" "Mozilla/5.0 AppleWebKit/537.36 (KHTML, like Gecko; compatible; GPTBot/1.3; +https://openai.com/gptbot)"
156.59.195.224 - - [21/Mar/2026:21:57:44 +0600] "GET /irpl4xz4fmlzm4tlvvu4h1mCdefault.php HTTP/1.1" 404 16 "-" "Mozilla/5.0 (Macintosh; Intel Mac OS X 10_15_7) AppleWebKit/605.1.15 (KHTML, like Gecko) Version/26.2 Safari/605.1.15"
156.59.195.224 - - [21/Mar/2026:21:57:45 +0600] "GET /y2kEe12M17piLNj0pEnidefault.php HTTP/1.1" 404 16 "-" "Mozilla/5.0 (Macintosh; Intel Mac OS X 10_15_7) AppleWebKit/605.1.15 (KHTML, like Gecko) Version/26.2 Safari/605.1.15"
156.59.195.224 - - [21/Mar/2026:21:57:45 +0600] "GET /wp-login.php HTTP/1.1" 200 43786 "-" "Mozilla/5.0 (Macintosh; Intel Mac OS X 10_15_7) AppleWebKit/605.1.15 (KHTML, like Gecko) Version/26.2 Safari/605.1.15"
156.59.195.224 - - [21/Mar/2026:21:57:47 +0600] "GET /accesson.php HTTP/1.1" 404 16 "-" "Mozilla/5.0 (Macintosh; Intel Mac OS X 10_15_7) AppleWebKit/605.1.15 (KHTML, like Gecko) Version/26.2 Safari/605.1.15"
74.7.241.42 - - [21/Mar/2026:21:57:46 +0600] "GET /?path=//opt/alt/alt-nodejs6/root/lib/node_modules/npm/node_modules/uid-number HTTP/1.1" 200 21506 "http://lennoxfashionbd.com/?path=//opt/alt/alt-nodejs6/root/lib/node_modules/npm/node_modules" "Mozilla/5.0 AppleWebKit/537.36 (KHTML, like Gecko; compatible; GPTBot/1.3; +https://openai.com/gptbot)"
156.59.195.224 - - [21/Mar/2026:21:57:47 +0600] "GET /admin.php HTTP/1.1" 404 16 "-" "Mozilla/5.0 (Macintosh; Intel Mac OS X 10_15_7) AppleWebKit/605.1.15 (KHTML, like Gecko) Version/26.2 Safari/605.1.15"
156.59.195.224 - - [21/Mar/2026:21:57:48 +0600] "GET /options.php HTTP/1.1" 404 16 "-" "Mozilla/5.0 (Macintosh; Intel Mac OS X 10_15_7) AppleWebKit/605.1.15 (KHTML, like Gecko) Version/26.2 Safari/605.1.15"
156.59.195.224 - - [21/Mar/2026:21:57:48 +0600] "GET /goods.php HTTP/1.1" 404 16 "-" "Mozilla/5.0 (Macintosh; Intel Mac OS X 10_15_7) AppleWebKit/605.1.15 (KHTML, like Gecko) Version/26.2 Safari/605.1.15"
156.59.195.224 - - [21/Mar/2026:21:57:49 +0600] "GET /sj.php HTTP/1.1" 404 16 "-" "Mozilla/5.0 (Macintosh; Intel Mac OS X 10_15_7) AppleWebKit/605.1.15 (KHTML, like Gecko) Version/26.2 Safari/605.1.15"
156.59.195.224 - - [21/Mar/2026:21:57:49 +0600] "GET /wp-block.php HTTP/1.1" 404 16 "-" "Mozilla/5.0 (Macintosh; Intel Mac OS X 10_15_7) AppleWebKit/605.1.15 (KHTML, like Gecko) Version/26.2 Safari/605.1.15"
156.59.195.224 - - [21/Mar/2026:21:57:50 +0600] "GET /plugins.php HTTP/1.1" 404 16 "-" "Mozilla/5.0 (Macintosh; Intel Mac OS X 10_15_7) AppleWebKit/605.1.15 (KHTML, like Gecko) Version/26.2 Safari/605.1.15"
74.7.241.42 - - [21/Mar/2026:21:57:49 +0600] "GET /?path=//opt/alt/alt-nodejs8/root/lib/node_modules/npm/node_modules/mkdirp/bin HTTP/1.1" 200 16593 "http://lennoxfashionbd.com/?path=//opt/alt/alt-nodejs8/root/lib/node_modules/npm/node_modules/mkdirp" "Mozilla/5.0 AppleWebKit/537.36 (KHTML, like Gecko; compatible; GPTBot/1.3; +https://openai.com/gptbot)"
156.59.195.224 - - [21/Mar/2026:21:57:50 +0600] "GET /edit.php HTTP/1.1" 404 16 "-" "Mozilla/5.0 (Macintosh; Intel Mac OS X 10_15_7) AppleWebKit/605.1.15 (KHTML, like Gecko) Version/26.2 Safari/605.1.15"
156.59.195.224 - - [21/Mar/2026:21:57:51 +0600] "GET /about.php HTTP/1.1" 404 16 "-" "Mozilla/5.0 (Macintosh; Intel Mac OS X 10_15_7) AppleWebKit/605.1.15 (KHTML, like Gecko) Version/26.2 Safari/605.1.15"
156.59.195.224 - - [21/Mar/2026:21:57:51 +0600] "GET /php8.php HTTP/1.1" 404 16 "-" "Mozilla/5.0 (Macintosh; Intel Mac OS X 10_15_7) AppleWebKit/605.1.15 (KHTML, like Gecko) Version/26.2 Safari/605.1.15"
156.59.195.224 - - [21/Mar/2026:21:57:52 +0600] "GET /plugin-core.php HTTP/1.1" 404 16 "-" "Mozilla/5.0 (Macintosh; Intel Mac OS X 10_15_7) AppleWebKit/605.1.15 (KHTML, like Gecko) Version/26.2 Safari/605.1.15"
156.59.195.224 - - [21/Mar/2026:21:57:52 +0600] "GET /item.php HTTP/1.1" 404 16 "-" "Mozilla/5.0 (Macintosh; Intel Mac OS X 10_15_7) AppleWebKit/605.1.15 (KHTML, like Gecko) Version/26.2 Safari/605.1.15"
156.59.195.224 - - [21/Mar/2026:21:57:53 +0600] "GET /defaults.php HTTP/1.1" 404 16 "-" "Mozilla/5.0 (Macintosh; Intel Mac OS X 10_15_7) AppleWebKit/605.1.15 (KHTML, like Gecko) Version/26.2 Safari/605.1.15"
74.7.241.42 - - [21/Mar/2026:21:57:52 +0600] "GET /?path=//opt/alt/alt-nodejs8/root/lib/node_modules/npm/node_modules/verror/lib HTTP/1.1" 200 14956 "http://lennoxfashionbd.com/?path=//opt/alt/alt-nodejs8/root/lib/node_modules/npm/node_modules/verror" "Mozilla/5.0 AppleWebKit/537.36 (KHTML, like Gecko; compatible; GPTBot/1.3; +https://openai.com/gptbot)"
156.59.195.224 - - [21/Mar/2026:21:57:53 +0600] "GET /wp-mail.php HTTP/1.1" 200 43786 "-" "Mozilla/5.0 (Macintosh; Intel Mac OS X 10_15_7) AppleWebKit/605.1.15 (KHTML, like Gecko) Version/26.2 Safari/605.1.15"
156.59.195.224 - - [21/Mar/2026:21:57:55 +0600] "GET /wp-signup.php HTTP/1.1" 200 43786 "-" "Mozilla/5.0 (Macintosh; Intel Mac OS X 10_15_7) AppleWebKit/605.1.15 (KHTML, like Gecko) Version/26.2 Safari/605.1.15"
74.7.241.42 - - [21/Mar/2026:21:57:55 +0600] "GET /?path=//opt/alt/alt-nodejs9/root/lib/node_modules/npm/node_modules/text-table HTTP/1.1" 200 22993 "http://lennoxfashionbd.com/?path=//opt/alt/alt-nodejs9/root/lib/node_modules/npm/node_modules" "Mozilla/5.0 AppleWebKit/537.36 (KHTML, like Gecko; compatible; GPTBot/1.3; +https://openai.com/gptbot)"
156.59.195.224 - - [21/Mar/2026:21:57:56 +0600] "GET /wp-links-opml.php HTTP/1.1" 200 43786 "-" "Mozilla/5.0 (Macintosh; Intel Mac OS X 10_15_7) AppleWebKit/605.1.15 (KHTML, like Gecko) Version/26.2 Safari/605.1.15"
156.59.195.224 - - [21/Mar/2026:21:57:59 +0600] "GET /link.php HTTP/1.1" 404 16 "-" "Mozilla/5.0 (Macintosh; Intel Mac OS X 10_15_7) AppleWebKit/605.1.15 (KHTML, like Gecko) Version/26.2 Safari/605.1.15"
74.7.241.42 - - [21/Mar/2026:21:57:58 +0600] "GET /?path=//opt/alt/alt-nodejs8/root/lib/node_modules/npm/node_modules/are-we-there-yet/node_modules/readable-stream/lib/internal/streams HTTP/1.1" 200 21484 "http://lennoxfashionbd.com/?path=//opt/alt/alt-nodejs8/root/lib/node_modules/npm/node_modules/are-we-there-yet/node_modules/readable-stream/lib/internal" "Mozilla/5.0 AppleWebKit/537.36 (KHTML, like Gecko; compatible; GPTBot/1.3; +https://openai.com/gptbot)"
156.59.195.224 - - [21/Mar/2026:21:58:04 +0600] "GET /product.php HTTP/1.1" 404 16 "-" "Mozilla/5.0 (Macintosh; Intel Mac OS X 10_15_7) AppleWebKit/605.1.15 (KHTML, like Gecko) Version/26.2 Safari/605.1.15"
156.59.195.224 - - [21/Mar/2026:21:58:04 +0600] "GET /click.php HTTP/1.1" 404 16 "-" "Mozilla/5.0 (Macintosh; Intel Mac OS X 10_15_7) AppleWebKit/605.1.15 (KHTML, like Gecko) Version/26.2 Safari/605.1.15"
156.59.195.224 - - [21/Mar/2026:21:58:05 +0600] "GET /wp-log1n.php HTTP/1.1" 404 16 "-" "Mozilla/5.0 (Macintosh; Intel Mac OS X 10_15_7) AppleWebKit/605.1.15 (KHTML, like Gecko) Version/26.2 Safari/605.1.15"
74.7.241.42 - - [21/Mar/2026:21:58:04 +0600] "GET /?path=//opt/alt/alt-nodejs9/root/lib/node_modules/npm/node_modules/pacote/lib HTTP/1.1" 200 21307 "http://lennoxfashionbd.com/?path=//opt/alt/alt-nodejs9/root/lib/node_modules/npm/node_modules/pacote" "Mozilla/5.0 AppleWebKit/537.36 (KHTML, like Gecko; compatible; GPTBot/1.3; +https://openai.com/gptbot)"
156.59.195.224 - - [21/Mar/2026:21:58:05 +0600] "GET /wp-load.php HTTP/1.1" 200 43786 "-" "Mozilla/5.0 (Macintosh; Intel Mac OS X 10_15_7) AppleWebKit/605.1.15 (KHTML, like Gecko) Version/26.2 Safari/605.1.15"
156.59.195.224 - - [21/Mar/2026:21:58:07 +0600] "GET /wp-blog-header.php HTTP/1.1" 200 43786 "-" "Mozilla/5.0 (Macintosh; Intel Mac OS X 10_15_7) AppleWebKit/605.1.15 (KHTML, like Gecko) Version/26.2 Safari/605.1.15"
74.7.241.42 - - [21/Mar/2026:21:58:07 +0600] "GET /?path=//opt/alt/alt-nodejs8/root/lib/node_modules/npm/node_modules/end-of-stream HTTP/1.1" 200 19870 "http://lennoxfashionbd.com/?path=//opt/alt/alt-nodejs8/root/lib/node_modules/npm/node_modules" "Mozilla/5.0 AppleWebKit/537.36 (KHTML, like Gecko; compatible; GPTBot/1.3; +https://openai.com/gptbot)"
156.59.195.224 - - [21/Mar/2026:21:58:09 +0600] "GET /wp-activate.php HTTP/1.1" 302 - "-" "Mozilla/5.0 (Macintosh; Intel Mac OS X 10_15_7) AppleWebKit/605.1.15 (KHTML, like Gecko) Version/26.2 Safari/605.1.15"
156.59.195.224 - - [21/Mar/2026:21:58:10 +0600] "GET /unzip.php HTTP/1.1" 404 16 "-" "Mozilla/5.0 (Macintosh; Intel Mac OS X 10_15_7) AppleWebKit/605.1.15 (KHTML, like Gecko) Version/26.2 Safari/605.1.15"
156.59.195.224 - - [21/Mar/2026:21:58:10 +0600] "GET /install.php HTTP/1.1" 404 16 "-" "Mozilla/5.0 (Macintosh; Intel Mac OS X 10_15_7) AppleWebKit/605.1.15 (KHTML, like Gecko) Version/26.2 Safari/605.1.15"
156.59.195.224 - - [21/Mar/2026:21:58:11 +0600] "GET /networks.php HTTP/1.1" 404 16 "-" "Mozilla/5.0 (Macintosh; Intel Mac OS X 10_15_7) AppleWebKit/605.1.15 (KHTML, like Gecko) Version/26.2 Safari/605.1.15"
156.59.195.224 - - [21/Mar/2026:21:58:11 +0600] "GET /xmlrpc.php HTTP/1.1" 404 16 "-" "Mozilla/5.0 (Macintosh; Intel Mac OS X 10_15_7) AppleWebKit/605.1.15 (KHTML, like Gecko) Version/26.2 Safari/605.1.15"
74.7.241.42 - - [21/Mar/2026:21:58:11 +0600] "GET /?path=//opt/alt/alt-nodejs8/root/lib/node_modules/npm/node_modules/strip-ansi HTTP/1.1" 200 19817 "http://lennoxfashionbd.com/?path=//opt/alt/alt-nodejs8/root/lib/node_modules/npm/node_modules" "Mozilla/5.0 AppleWebKit/537.36 (KHTML, like Gecko; compatible; GPTBot/1.3; +https://openai.com/gptbot)"
156.59.195.224 - - [21/Mar/2026:21:58:12 +0600] "GET /wp-config.php HTTP/1.1" 200 43786 "-" "Mozilla/5.0 (Macintosh; Intel Mac OS X 10_15_7) AppleWebKit/605.1.15 (KHTML, like Gecko) Version/26.2 Safari/605.1.15"
156.59.195.224 - - [21/Mar/2026:21:58:14 +0600] "GET /wp-cron.php HTTP/1.1" 200 - "-" "Mozilla/5.0 (Macintosh; Intel Mac OS X 10_15_7) AppleWebKit/605.1.15 (KHTML, like Gecko) Version/26.2 Safari/605.1.15"
156.59.195.224 - - [21/Mar/2026:21:58:14 +0600] "GET /login.php HTTP/1.1" 404 16 "-" "Mozilla/5.0 (Macintosh; Intel Mac OS X 10_15_7) AppleWebKit/605.1.15 (KHTML, like Gecko) Version/26.2 Safari/605.1.15"
156.59.195.224 - - [21/Mar/2026:21:58:15 +0600] "GET /network.php HTTP/1.1" 404 16 "-" "Mozilla/5.0 (Macintosh; Intel Mac OS X 10_15_7) AppleWebKit/605.1.15 (KHTML, like Gecko) Version/26.2 Safari/605.1.15"
74.7.241.42 - - [21/Mar/2026:21:58:14 +0600] "GET /?path=//opt/alt/alt-nodejs8/root/lib/node_modules/npm/node_modules/split-on-first HTTP/1.1" 200 21557 "http://lennoxfashionbd.com/?path=//opt/alt/alt-nodejs8/root/lib/node_modules/npm/node_modules" "Mozilla/5.0 AppleWebKit/537.36 (KHTML, like Gecko; compatible; GPTBot/1.3; +https://openai.com/gptbot)"
156.59.195.224 - - [21/Mar/2026:21:58:15 +0600] "GET /buy.php HTTP/1.1" 404 16 "-" "Mozilla/5.0 (Macintosh; Intel Mac OS X 10_15_7) AppleWebKit/605.1.15 (KHTML, like Gecko) Version/26.2 Safari/605.1.15"
156.59.195.224 - - [21/Mar/2026:21:58:16 +0600] "GET /settings.php HTTP/1.1" 404 16 "-" "Mozilla/5.0 (Macintosh; Intel Mac OS X 10_15_7) AppleWebKit/605.1.15 (KHTML, like Gecko) Version/26.2 Safari/605.1.15"
156.59.195.224 - - [21/Mar/2026:21:58:16 +0600] "GET /hbvdoz7cy9k6xge9zhuvkvitCdefault.php HTTP/1.1" 404 16 "-" "Mozilla/5.0 (Macintosh; Intel Mac OS X 10_15_7) AppleWebKit/605.1.15 (KHTML, like Gecko) Version/26.2 Safari/605.1.15"
156.59.195.224 - - [21/Mar/2026:21:58:17 +0600] "GET /lufix.php HTTP/1.1" 404 16 "-" "Mozilla/5.0 (Macintosh; Intel Mac OS X 10_15_7) AppleWebKit/605.1.15 (KHTML, like Gecko) Version/26.2 Safari/605.1.15"
156.59.195.224 - - [21/Mar/2026:21:58:17 +0600] "GET /wp-configs.php HTTP/1.1" 404 16 "-" "Mozilla/5.0 (Macintosh; Intel Mac OS X 10_15_7) AppleWebKit/605.1.15 (KHTML, like Gecko) Version/26.2 Safari/605.1.15"
156.59.195.224 - - [21/Mar/2026:21:58:18 +0600] "GET /index1.php HTTP/1.1" 404 16 "-" "Mozilla/5.0 (Macintosh; Intel Mac OS X 10_15_7) AppleWebKit/605.1.15 (KHTML, like Gecko) Version/26.2 Safari/605.1.15"
74.7.241.42 - - [21/Mar/2026:21:58:17 +0600] "GET /?path=//opt/alt/alt-nodejs6/root/lib/node_modules/npm/node_modules/fstream-npm/node_modules/fstream-ignore/node_modules/minimatch/node_modules/brace-expansion/node_modules HTTP/1.1" 200 17925 "http://lennoxfashionbd.com/?path=//opt/alt/alt-nodejs6/root/lib/node_modules/npm/node_modules/fstream-npm/node_modules/fstream-ignore/node_modules/minimatch/node_modules/brace-expansion" "Mozilla/5.0 AppleWebKit/537.36 (KHTML, like Gecko; compatible; GPTBot/1.3; +https://openai.com/gptbot)"
156.59.195.224 - - [21/Mar/2026:21:58:18 +0600] "GET /mah.php HTTP/1.1" 404 16 "-" "Mozilla/5.0 (Macintosh; Intel Mac OS X 10_15_7) AppleWebKit/605.1.15 (KHTML, like Gecko) Version/26.2 Safari/605.1.15"
156.59.195.224 - - [21/Mar/2026:21:58:19 +0600] "GET /mailer.php HTTP/1.1" 404 16 "-" "Mozilla/5.0 (Macintosh; Intel Mac OS X 10_15_7) AppleWebKit/605.1.15 (KHTML, like Gecko) Version/26.2 Safari/605.1.15"
156.59.195.224 - - [21/Mar/2026:21:58:19 +0600] "GET /wp-trackback.php HTTP/1.1" 200 43786 "-" "Mozilla/5.0 (Macintosh; Intel Mac OS X 10_15_7) AppleWebKit/605.1.15 (KHTML, like Gecko) Version/26.2 Safari/605.1.15"
156.59.195.224 - - [21/Mar/2026:21:58:21 +0600] "GET /edit-comments.php HTTP/1.1" 404 16 "-" "Mozilla/5.0 (Macintosh; Intel Mac OS X 10_15_7) AppleWebKit/605.1.15 (KHTML, like Gecko) Version/26.2 Safari/605.1.15"
74.7.241.42 - - [21/Mar/2026:21:58:20 +0600] "GET /?path=//opt/alt/alt-nodejs8/root/lib/node_modules/npm/node_modules/oauth-sign HTTP/1.1" 200 19817 "http://lennoxfashionbd.com/?path=//opt/alt/alt-nodejs8/root/lib/node_modules/npm/node_modules" "Mozilla/5.0 AppleWebKit/537.36 (KHTML, like Gecko; compatible; GPTBot/1.3; +https://openai.com/gptbot)"
156.59.195.224 - - [21/Mar/2026:21:58:21 +0600] "GET /siteheads.php HTTP/1.1" 404 16 "-" "Mozilla/5.0 (Macintosh; Intel Mac OS X 10_15_7) AppleWebKit/605.1.15 (KHTML, like Gecko) Version/26.2 Safari/605.1.15"
156.59.195.224 - - [21/Mar/2026:21:58:22 +0600] "GET /media-new.php HTTP/1.1" 404 16 "-" "Mozilla/5.0 (Macintosh; Intel Mac OS X 10_15_7) AppleWebKit/605.1.15 (KHTML, like Gecko) Version/26.2 Safari/605.1.15"
156.59.195.224 - - [21/Mar/2026:21:58:22 +0600] "GET /logout.php HTTP/1.1" 404 16 "-" "Mozilla/5.0 (Macintosh; Intel Mac OS X 10_15_7) AppleWebKit/605.1.15 (KHTML, like Gecko) Version/26.2 Safari/605.1.15"
156.59.195.224 - - [21/Mar/2026:21:58:23 +0600] "GET /cong.php HTTP/1.1" 404 16 "-" "Mozilla/5.0 (Macintosh; Intel Mac OS X 10_15_7) AppleWebKit/605.1.15 (KHTML, like Gecko) Version/26.2 Safari/605.1.15"
156.59.195.224 - - [21/Mar/2026:21:58:23 +0600] "GET /inputs.php HTTP/1.1" 404 16 "-" "Mozilla/5.0 (Macintosh; Intel Mac OS X 10_15_7) AppleWebKit/605.1.15 (KHTML, like Gecko) Version/26.2 Safari/605.1.15"
156.59.195.224 - - [21/Mar/2026:21:58:24 +0600] "GET /wsoditz1.php HTTP/1.1" 404 16 "-" "Mozilla/5.0 (Macintosh; Intel Mac OS X 10_15_7) AppleWebKit/605.1.15 (KHTML, like Gecko) Version/26.2 Safari/605.1.15"
156.59.195.224 - - [21/Mar/2026:21:58:24 +0600] "GET /wsoditz.php HTTP/1.1" 404 16 "-" "Mozilla/5.0 (Macintosh; Intel Mac OS X 10_15_7) AppleWebKit/605.1.15 (KHTML, like Gecko) Version/26.2 Safari/605.1.15"
74.7.241.42 - - [21/Mar/2026:21:58:23 +0600] "GET /?path=//opt/alt/alt-nodejs8/root/lib/node_modules/npm/node_modules/uid-number HTTP/1.1" 200 21506 "http://lennoxfashionbd.com/?path=//opt/alt/alt-nodejs8/root/lib/node_modules/npm/node_modules" "Mozilla/5.0 AppleWebKit/537.36 (KHTML, like Gecko; compatible; GPTBot/1.3; +https://openai.com/gptbot)"
156.59.195.224 - - [21/Mar/2026:21:58:25 +0600] "GET /sym403bp.php HTTP/1.1" 404 16 "-" "Mozilla/5.0 (Macintosh; Intel Mac OS X 10_15_7) AppleWebKit/605.1.15 (KHTML, like Gecko) Version/26.2 Safari/605.1.15"
156.59.195.224 - - [21/Mar/2026:21:58:25 +0600] "GET /alfditz.php HTTP/1.1" 404 16 "-" "Mozilla/5.0 (Macintosh; Intel Mac OS X 10_15_7) AppleWebKit/605.1.15 (KHTML, like Gecko) Version/26.2 Safari/605.1.15"
156.59.195.224 - - [21/Mar/2026:21:58:26 +0600] "GET /alfanewditz.php HTTP/1.1" 404 16 "-" "Mozilla/5.0 (Macintosh; Intel Mac OS X 10_15_7) AppleWebKit/605.1.15 (KHTML, like Gecko) Version/26.2 Safari/605.1.15"
156.59.195.224 - - [21/Mar/2026:21:58:26 +0600] "GET /wpautoedit.php HTTP/1.1" 404 16 "-" "Mozilla/5.0 (Macintosh; Intel Mac OS X 10_15_7) AppleWebKit/605.1.15 (KHTML, like Gecko) Version/26.2 Safari/605.1.15"
156.59.195.224 - - [21/Mar/2026:21:58:27 +0600] "GET /function.php HTTP/1.1" 404 16 "-" "Mozilla/5.0 (Macintosh; Intel Mac OS X 10_15_7) AppleWebKit/605.1.15 (KHTML, like Gecko) Version/26.2 Safari/605.1.15"
156.59.195.224 - - [21/Mar/2026:21:58:27 +0600] "GET /plugin.php HTTP/1.1" 404 16 "-" "Mozilla/5.0 (Macintosh; Intel Mac OS X 10_15_7) AppleWebKit/605.1.15 (KHTML, like Gecko) Version/26.2 Safari/605.1.15"
74.7.241.42 - - [21/Mar/2026:21:58:26 +0600] "GET /?path=//opt/alt/alt-nodejs9/root/lib/node_modules/npm/node_modules/path-is-inside HTTP/1.1" 200 18067 "http://lennoxfashionbd.com/?path=//opt/alt/alt-nodejs9/root/lib/node_modules/npm/node_modules" "Mozilla/5.0 AppleWebKit/537.36 (KHTML, like Gecko; compatible; GPTBot/1.3; +https://openai.com/gptbot)"
156.59.195.224 - - [21/Mar/2026:21:58:28 +0600] "GET /userfuns.php HTTP/1.1" 404 16 "-" "Mozilla/5.0 (Macintosh; Intel Mac OS X 10_15_7) AppleWebKit/605.1.15 (KHTML, like Gecko) Version/26.2 Safari/605.1.15"
156.59.195.224 - - [21/Mar/2026:21:58:28 +0600] "GET /special.php HTTP/1.1" 404 16 "-" "Mozilla/5.0 (Macintosh; Intel Mac OS X 10_15_7) AppleWebKit/605.1.15 (KHTML, like Gecko) Version/26.2 Safari/605.1.15"
156.59.195.224 - - [21/Mar/2026:21:58:29 +0600] "GET /postnews.php HTTP/1.1" 404 16 "-" "Mozilla/5.0 (Macintosh; Intel Mac OS X 10_15_7) AppleWebKit/605.1.15 (KHTML, like Gecko) Version/26.2 Safari/605.1.15"
156.59.195.224 - - [21/Mar/2026:21:58:29 +0600] "GET /ws.php HTTP/1.1" 404 16 "-" "Mozilla/5.0 (Macintosh; Intel Mac OS X 10_15_7) AppleWebKit/605.1.15 (KHTML, like Gecko) Version/26.2 Safari/605.1.15"
